{"id":27803,"date":"2023-06-27T12:26:42","date_gmt":"2023-06-27T11:26:42","guid":{"rendered":"https:\/\/fru.ifesworld.org\/?post_type=prayerline&#038;p=27803"},"modified":"2023-09-26T15:00:00","modified_gmt":"2023-09-26T14:00:00","slug":"un-appel-a-prier-pour-mahdia","status":"publish","type":"prayerline","link":"https:\/\/fru.ifesworld.org\/fr\/prayerline\/un-appel-a-prier-pour-mahdia\/","title":{"rendered":"Un appel \u00e0 prier pour Mahdia"},"content":{"rendered":"<div class=\"wp-block block-core-paragraph\">\n<p><em>La Prayerline de cette semaine est une version modifi\u00e9e d&rsquo;une publication initialement partag\u00e9e dans le bulletin de pri\u00e8re du CARIFES du 8 juin. Pour recevoir le bulletin de pri\u00e8re du CARIFES, abonnez-vous <\/em><a href=\"https:\/\/gmail.us20.list-manage.com\/subscribe?u=fdaeff232ee978b5037e9ef07&amp;id=c0ac31970c\"><em>ici<\/em><\/a><em>.<\/em><\/p>\n<\/div>\n\n<div class=\"wp-block block-core-paragraph\">\n<p>Le 21 mai dernier, la r\u00e9gion des Cara\u00efbes a \u00e9t\u00e9 secou\u00e9e par la nouvelle d\u00e9vastatrice d&rsquo;un incendie qui s&rsquo;est d\u00e9clar\u00e9 dans le dortoir des filles de l&rsquo;\u00e9cole secondaire Mahdia, en Guyana. L&rsquo;incendie a co\u00fbt\u00e9 la vie \u00e0 au moins 19 enfants et en a bless\u00e9 plusieurs autres.<\/p>\n<\/div>\n\n<div class=\"wp-block block-core-paragraph\">\n<p>Cette terrible trag\u00e9die a profond\u00e9ment attrist\u00e9 <a href=\"https:\/\/www.facebook.com\/profile.php?id=100066623006369\">l&rsquo;IS\/IVCF Guyana<\/a>, le peuple guyaniens et la famille de l&rsquo;IFES de la r\u00e9gion. Depuis l&rsquo;incendie, le mouvement national travaille avec le personnel et des contacts de la r\u00e9gion de Mahdia, dont un pasteur de la r\u00e9gion qui a mis \u00e0 disposition un local et donn\u00e9 des conseils de base relatifs aux besoins imm\u00e9diats. L&rsquo;\u00e9quipe r\u00e9gionale du CARIFES a \u00e9t\u00e9 tr\u00e8s active, notamment pour offrir tout le soutien possible au mouvement national.<\/p>\n<\/div>\n\n<div class=\"wp-block block-core-paragraph\">\n<p>L&rsquo;IS\/IVCF Guyana a envoy\u00e9 une \u00e9quipe \u00e0 Mahdia pour cinq jours, pendant lesquels ils ont soutenu les habitants de plusieurs mani\u00e8res en se mettant \u00e0 leur service. Les membres de l&rsquo;\u00e9quipe de l&rsquo;IS\/IVCF esp\u00e9raient y \u00e9tablir de nouveaux contacts et avoir un impact durable. Ils ont publi\u00e9 un rapport de cette exp\u00e9rience dans leur bulletin de pri\u00e8re <a href=\"https:\/\/mailchi.mp\/7437c758746f\/prayer-praise-christmas-2022-edition-8186630\">ici<\/a>.<\/p>\n<\/div>\n\n<div class=\"wp-block block-core-paragraph\">\n<p>Priez pour l&rsquo;IS\/IVCF Guyana et la ville de Mahdia\u00a0:<\/p>\n<\/div>\n\n<div class=\"wp-block block-core-list\">\n<ol type=\"1\" start=\"1\"><div class=\"wp-block block-core-list-item\">\n<li>Priez pour les proches endeuill\u00e9s des 20 enfants qui ont p\u00e9ri dans l&rsquo;incendie. Priez pour tous ceux qui sont en deuil, afin qu&rsquo;ils puissent \u00eatre consol\u00e9s et retrouver la paix, mais aussi rencontrer Dieu dans le processus.<\/li>\n<\/div>\n\n<div class=\"wp-block block-core-list-item\">\n<li>Priez pour les membres de l&rsquo;IS\/IVCF Guyana dans leur affliction, alors qu&rsquo;ils continuent \u00e0 apporter une aide pratique apr\u00e8s l&rsquo;incendie, et priez pour l&rsquo;\u00e9quipe r\u00e9gionale du CARIFES qui se tient aux c\u00f4t\u00e9s du mouvement national dans ces circonstances.<\/li>\n<\/div>\n\n<div class=\"wp-block block-core-list-item\">\n<li>Remerciez Dieu d&rsquo;avoir ouvert des portes lors de la visite de l&rsquo;IS\/IVCF \u00e0 Mahdia. Priez que Dieu continue \u00e0 d\u00e9velopper les relations qui ont \u00e9t\u00e9 renforc\u00e9es ou qui sont n\u00e9es lors de la r\u00e9cente visite de l&rsquo;\u00e9quipe.<\/li>\n<\/div><\/ol>\n<\/div>","protected":false},"featured_media":0,"template":"","area":[948,969],"theme":[],"class_list":["post-27803","prayerline","type-prayerline","status-publish","hentry","area-caraibe","area-guyana-caraibe"],"acf":[],"yoast_head":"<!-- This site is optimized with the Yoast SEO plugin v22.6 - https:\/\/yoast.com\/wordpress\/plugins\/seo\/ -->\n<title>Un appel \u00e0 prier pour Mahdia &#183; IFES Prayerline<\/title>\n<meta name=\"description\" content=\"La Prayerline de cette semaine est une version modifi\u00e9e d&#039;une publication initialement partag\u00e9e dans le bulletin de pri\u00e8re du CARIFES du 8 juin. Pour\" \/>\n<meta name=\"robots\" content=\"noindex, follow, max-snippet:-1, max-image-preview:large, max-video-preview:-1\" \/>\n<meta property=\"og:locale\" content=\"fr_FR\" \/>\n<meta property=\"og:type\" content=\"article\" \/>\n<meta property=\"og:title\" content=\"Un appel \u00e0 prier pour Mahdia &#183; IFES Prayerline\" \/>\n<meta property=\"og:description\" content=\"La Prayerline de cette semaine est une version modifi\u00e9e d&#039;une publication initialement partag\u00e9e dans le bulletin de pri\u00e8re du CARIFES du 8 juin. Pour\" \/>\n<meta property=\"og:url\" content=\"https:\/\/ifesworld.org\/fr\/prayerline\/un-appel-a-prier-pour-mahdia\/\" \/>\n<meta property=\"og:site_name\" content=\"IFES\" \/>\n<meta property=\"article:modified_time\" content=\"2023-09-26T14:00:00+00:00\" \/>\n<meta property=\"og:image\" content=\"https:\/\/ifesworld.org\/wp-content\/uploads\/2023\/06\/Screenshot-2023-06-27-at-10.16.19.jpg\" \/>\n\t<meta property=\"og:image:width\" content=\"839\" \/>\n\t<meta property=\"og:image:height\" content=\"1337\" \/>\n\t<meta property=\"og:image:type\" content=\"image\/jpeg\" \/>\n<meta name=\"twitter:card\" content=\"summary_large_image\" \/>\n<meta name=\"twitter:label1\" content=\"Dur\u00e9e de lecture estim\u00e9e\" \/>\n\t<meta name=\"twitter:data1\" content=\"2 minutes\" \/>\n<script type=\"application\/ld+json\" class=\"yoast-schema-graph\">{\"@context\":\"https:\/\/schema.org\",\"@graph\":[{\"@type\":\"WebPage\",\"@id\":\"https:\/\/ifesworld.org\/fr\/prayerline\/un-appel-a-prier-pour-mahdia\/\",\"url\":\"https:\/\/ifesworld.org\/fr\/prayerline\/un-appel-a-prier-pour-mahdia\/\",\"name\":\"Un appel \u00e0 prier pour Mahdia &#183; IFES Prayerline\",\"isPartOf\":{\"@id\":\"https:\/\/fru.ifesworld.org\/en\/#website\"},\"datePublished\":\"2023-06-27T11:26:42+00:00\",\"dateModified\":\"2023-09-26T14:00:00+00:00\",\"description\":\"La Prayerline de cette semaine est une version modifi\u00e9e d'une publication initialement partag\u00e9e dans le bulletin de pri\u00e8re du CARIFES du 8 juin. Pour\",\"breadcrumb\":{\"@id\":\"https:\/\/ifesworld.org\/fr\/prayerline\/un-appel-a-prier-pour-mahdia\/#breadcrumb\"},\"inLanguage\":\"fr-FR\",\"potentialAction\":[{\"@type\":\"ReadAction\",\"target\":[\"https:\/\/ifesworld.org\/fr\/prayerline\/un-appel-a-prier-pour-mahdia\/\"]}]},{\"@type\":\"BreadcrumbList\",\"@id\":\"https:\/\/ifesworld.org\/fr\/prayerline\/un-appel-a-prier-pour-mahdia\/#breadcrumb\",\"itemListElement\":[{\"@type\":\"ListItem\",\"position\":1,\"name\":\"Home\",\"item\":\"https:\/\/fru.ifesworld.org\/fr\/\"},{\"@type\":\"ListItem\",\"position\":2,\"name\":\"Prayerline\",\"item\":\"https:\/\/ifesworld.org\/en\/prayerline\/\"},{\"@type\":\"ListItem\",\"position\":3,\"name\":\"Un appel \u00e0 prier pour Mahdia\"}]},{\"@type\":\"WebSite\",\"@id\":\"https:\/\/fru.ifesworld.org\/en\/#website\",\"url\":\"https:\/\/fru.ifesworld.org\/en\/\",\"name\":\"IFES\",\"description\":\"A movement of students sharing and living out the good news of Jesus Christ. Locally. Nationally. Globally.\",\"publisher\":{\"@id\":\"https:\/\/fru.ifesworld.org\/en\/#organization\"},\"potentialAction\":[{\"@type\":\"SearchAction\",\"target\":{\"@type\":\"EntryPoint\",\"urlTemplate\":\"https:\/\/fru.ifesworld.org\/en\/?s={search_term_string}\"},\"query-input\":\"required name=search_term_string\"}],\"inLanguage\":\"fr-FR\"},{\"@type\":\"Organization\",\"@id\":\"https:\/\/fru.ifesworld.org\/en\/#organization\",\"name\":\"IFES \u00b7 International Fellowship of Evangelical Students\",\"url\":\"https:\/\/fru.ifesworld.org\/en\/\",\"logo\":{\"@type\":\"ImageObject\",\"inLanguage\":\"fr-FR\",\"@id\":\"https:\/\/fru.ifesworld.org\/en\/#\/schema\/logo\/image\/\",\"url\":\"https:\/\/fru.ifesworld.org\/wp-content\/uploads\/2019\/06\/ifeslogo.png\",\"contentUrl\":\"https:\/\/fru.ifesworld.org\/wp-content\/uploads\/2019\/06\/ifeslogo.png\",\"width\":262,\"height\":262,\"caption\":\"IFES \u00b7 International Fellowship of Evangelical Students\"},\"image\":{\"@id\":\"https:\/\/fru.ifesworld.org\/en\/#\/schema\/logo\/image\/\"}}]}<\/script>\n<!-- \/ Yoast SEO plugin. -->","yoast_head_json":{"title":"Un appel \u00e0 prier pour Mahdia &#183; IFES Prayerline","description":"La Prayerline de cette semaine est une version modifi\u00e9e d'une publication initialement partag\u00e9e dans le bulletin de pri\u00e8re du CARIFES du 8 juin. Pour","robots":{"index":"noindex","follow":"follow","max-snippet":"max-snippet:-1","max-image-preview":"max-image-preview:large","max-video-preview":"max-video-preview:-1"},"og_locale":"fr_FR","og_type":"article","og_title":"Un appel \u00e0 prier pour Mahdia &#183; IFES Prayerline","og_description":"La Prayerline de cette semaine est une version modifi\u00e9e d'une publication initialement partag\u00e9e dans le bulletin de pri\u00e8re du CARIFES du 8 juin. Pour","og_url":"https:\/\/ifesworld.org\/fr\/prayerline\/un-appel-a-prier-pour-mahdia\/","og_site_name":"IFES","article_modified_time":"2023-09-26T14:00:00+00:00","og_image":[{"width":839,"height":1337,"url":"https:\/\/ifesworld.org\/wp-content\/uploads\/2023\/06\/Screenshot-2023-06-27-at-10.16.19.jpg","type":"image\/jpeg"}],"twitter_card":"summary_large_image","twitter_misc":{"Dur\u00e9e de lecture estim\u00e9e":"2 minutes"},"schema":{"@context":"https:\/\/schema.org","@graph":[{"@type":"WebPage","@id":"https:\/\/ifesworld.org\/fr\/prayerline\/un-appel-a-prier-pour-mahdia\/","url":"https:\/\/ifesworld.org\/fr\/prayerline\/un-appel-a-prier-pour-mahdia\/","name":"Un appel \u00e0 prier pour Mahdia &#183; IFES Prayerline","isPartOf":{"@id":"https:\/\/fru.ifesworld.org\/en\/#website"},"datePublished":"2023-06-27T11:26:42+00:00","dateModified":"2023-09-26T14:00:00+00:00","description":"La Prayerline de cette semaine est une version modifi\u00e9e d'une publication initialement partag\u00e9e dans le bulletin de pri\u00e8re du CARIFES du 8 juin. Pour","breadcrumb":{"@id":"https:\/\/ifesworld.org\/fr\/prayerline\/un-appel-a-prier-pour-mahdia\/#breadcrumb"},"inLanguage":"fr-FR","potentialAction":[{"@type":"ReadAction","target":["https:\/\/ifesworld.org\/fr\/prayerline\/un-appel-a-prier-pour-mahdia\/"]}]},{"@type":"BreadcrumbList","@id":"https:\/\/ifesworld.org\/fr\/prayerline\/un-appel-a-prier-pour-mahdia\/#breadcrumb","itemListElement":[{"@type":"ListItem","position":1,"name":"Home","item":"https:\/\/fru.ifesworld.org\/fr\/"},{"@type":"ListItem","position":2,"name":"Prayerline","item":"https:\/\/ifesworld.org\/en\/prayerline\/"},{"@type":"ListItem","position":3,"name":"Un appel \u00e0 prier pour Mahdia"}]},{"@type":"WebSite","@id":"https:\/\/fru.ifesworld.org\/en\/#website","url":"https:\/\/fru.ifesworld.org\/en\/","name":"IFES","description":"A movement of students sharing and living out the good news of Jesus Christ. Locally. Nationally. Globally.","publisher":{"@id":"https:\/\/fru.ifesworld.org\/en\/#organization"},"potentialAction":[{"@type":"SearchAction","target":{"@type":"EntryPoint","urlTemplate":"https:\/\/fru.ifesworld.org\/en\/?s={search_term_string}"},"query-input":"required name=search_term_string"}],"inLanguage":"fr-FR"},{"@type":"Organization","@id":"https:\/\/fru.ifesworld.org\/en\/#organization","name":"IFES \u00b7 International Fellowship of Evangelical Students","url":"https:\/\/fru.ifesworld.org\/en\/","logo":{"@type":"ImageObject","inLanguage":"fr-FR","@id":"https:\/\/fru.ifesworld.org\/en\/#\/schema\/logo\/image\/","url":"https:\/\/fru.ifesworld.org\/wp-content\/uploads\/2019\/06\/ifeslogo.png","contentUrl":"https:\/\/fru.ifesworld.org\/wp-content\/uploads\/2019\/06\/ifeslogo.png","width":262,"height":262,"caption":"IFES \u00b7 International Fellowship of Evangelical Students"},"image":{"@id":"https:\/\/fru.ifesworld.org\/en\/#\/schema\/logo\/image\/"}}]}},"_links":{"self":[{"href":"https:\/\/fru.ifesworld.org\/fr\/wp-json\/wp\/v2\/prayerline\/27803"}],"collection":[{"href":"https:\/\/fru.ifesworld.org\/fr\/wp-json\/wp\/v2\/prayerline"}],"about":[{"href":"https:\/\/fru.ifesworld.org\/fr\/wp-json\/wp\/v2\/types\/prayerline"}],"wp:attachment":[{"href":"https:\/\/fru.ifesworld.org\/fr\/wp-json\/wp\/v2\/media?parent=27803"}],"wp:term":[{"taxonomy":"area","embeddable":true,"href":"https:\/\/fru.ifesworld.org\/fr\/wp-json\/wp\/v2\/area?post=27803"},{"taxonomy":"theme","embeddable":true,"href":"https:\/\/fru.ifesworld.org\/fr\/wp-json\/wp\/v2\/theme?post=27803"}],"curies":[{"name":"wp","href":"https:\/\/api.w.org\/{rel}","templated":true}]}}

Un appel à prier pour Mahdia

<div class="wp-block block-core-paragraph">
<p><em>La Prayerline de cette semaine est une version modifiée d&rsquo;une publication initialement partagée dans le bulletin de prière du CARIFES du 8 juin. Pour recevoir le bulletin de prière du CARIFES, abonnez-vous </em><a href="https://gmail.us20.list-manage.com/subscribe?u=fdaeff232ee978b5037e9ef07&amp;id=c0ac31970c"><em>ici</em></a><em>.</em></p>
</div>

<div class="wp-block block-core-paragraph">
<p>Le 21 mai dernier, la région des Caraïbes a été secouée par la nouvelle dévastatrice d&rsquo;un incendie qui s&rsquo;est déclaré dans le dortoir des filles de l&rsquo;école secondaire Mahdia, en Guyana. L&rsquo;incendie a coûté la vie à au moins 19 enfants et en a blessé plusieurs autres.</p>
</div>

<div class="wp-block block-core-paragraph">
<p>Cette terrible tragédie a profondément attristé <a href="https://www.facebook.com/profile.php?id=100066623006369">l&rsquo;IS/IVCF Guyana</a>, le peuple guyaniens et la famille de l&rsquo;IFES de la région. Depuis l&rsquo;incendie, le mouvement national travaille avec le personnel et des contacts de la région de Mahdia, dont un pasteur de la région qui a mis à disposition un local et donné des conseils de base relatifs aux besoins immédiats. L&rsquo;équipe régionale du CARIFES a été très active, notamment pour offrir tout le soutien possible au mouvement national.</p>
</div>

<div class="wp-block block-core-paragraph">
<p>L&rsquo;IS/IVCF Guyana a envoyé une équipe à Mahdia pour cinq jours, pendant lesquels ils ont soutenu les habitants de plusieurs manières en se mettant à leur service. Les membres de l&rsquo;équipe de l&rsquo;IS/IVCF espéraient y établir de nouveaux contacts et avoir un impact durable. Ils ont publié un rapport de cette expérience dans leur bulletin de prière <a href="https://mailchi.mp/7437c758746f/prayer-praise-christmas-2022-edition-8186630">ici</a>.</p>
</div>

<div class="wp-block block-core-paragraph">
<p>Priez pour l&rsquo;IS/IVCF Guyana et la ville de Mahdia :</p>
</div>

<div class="wp-block block-core-list">
<ol type="1" start="1"><div class="wp-block block-core-list-item">
<li>Priez pour les proches endeuillés des 20 enfants qui ont péri dans l&rsquo;incendie. Priez pour tous ceux qui sont en deuil, afin qu&rsquo;ils puissent être consolés et retrouver la paix, mais aussi rencontrer Dieu dans le processus.</li>
</div>

<div class="wp-block block-core-list-item">
<li>Priez pour les membres de l&rsquo;IS/IVCF Guyana dans leur affliction, alors qu&rsquo;ils continuent à apporter une aide pratique après l&rsquo;incendie, et priez pour l&rsquo;équipe régionale du CARIFES qui se tient aux côtés du mouvement national dans ces circonstances.</li>
</div>

<div class="wp-block block-core-list-item">
<li>Remerciez Dieu d&rsquo;avoir ouvert des portes lors de la visite de l&rsquo;IS/IVCF à Mahdia. Priez que Dieu continue à développer les relations qui ont été renforcées ou qui sont nées lors de la récente visite de l&rsquo;équipe.</li>
</div></ol>
</div>

<!-- This site is optimized with the Yoast SEO plugin v22.6 - https://yoast.com/wordpress/plugins/seo/ -->
<title>Un appel à prier pour Mahdia &#183; IFES Prayerline</title>
<meta name="description" content="La Prayerline de cette semaine est une version modifiée d&#039;une publication initialement partagée dans le bulletin de prière du CARIFES du 8 juin. Pour" />
<meta name="robots" content="noindex, follow, max-snippet:-1, max-image-preview:large, max-video-preview:-1" />
<meta property="og:locale" content="fr_FR" />
<meta property="og:type" content="article" />
<meta property="og:title" content="Un appel à prier pour Mahdia &#183; IFES Prayerline" />
<meta property="og:description" content="La Prayerline de cette semaine est une version modifiée d&#039;une publication initialement partagée dans le bulletin de prière du CARIFES du 8 juin. Pour" />
<meta property="og:url" content="https://ifesworld.org/fr/prayerline/un-appel-a-prier-pour-mahdia/" />
<meta property="og:site_name" content="IFES" />
<meta property="article:modified_time" content="2023-09-26T14:00:00+00:00" />
<meta property="og:image" content="https://ifesworld.org/wp-content/uploads/2023/06/Screenshot-2023-06-27-at-10.16.19.jpg" />
	<meta property="og:image:width" content="839" />
	<meta property="og:image:height" content="1337" />
	<meta property="og:image:type" content="image/jpeg" />
<meta name="twitter:card" content="summary_large_image" />
<meta name="twitter:label1" content="Durée de lecture estimée" />
	<meta name="twitter:data1" content="2 minutes" />
<script type="application/ld+json" class="yoast-schema-graph">{"@context":"https://schema.org","@graph":[{"@type":"WebPage","@id":"https://ifesworld.org/fr/prayerline/un-appel-a-prier-pour-mahdia/","url":"https://ifesworld.org/fr/prayerline/un-appel-a-prier-pour-mahdia/","name":"Un appel à prier pour Mahdia &#183; IFES Prayerline","isPartOf":{"@id":"https://fru.ifesworld.org/en/#website"},"datePublished":"2023-06-27T11:26:42+00:00","dateModified":"2023-09-26T14:00:00+00:00","description":"La Prayerline de cette semaine est une version modifiée d'une publication initialement partagée dans le bulletin de prière du CARIFES du 8 juin. Pour","breadcrumb":{"@id":"https://ifesworld.org/fr/prayerline/un-appel-a-prier-pour-mahdia/#breadcrumb"},"inLanguage":"fr-FR","potentialAction":[{"@type":"ReadAction","target":["https://ifesworld.org/fr/prayerline/un-appel-a-prier-pour-mahdia/"]}]},{"@type":"BreadcrumbList","@id":"https://ifesworld.org/fr/prayerline/un-appel-a-prier-pour-mahdia/#breadcrumb","itemListElement":[{"@type":"ListItem","position":1,"name":"Home","item":"https://fru.ifesworld.org/fr/"},{"@type":"ListItem","position":2,"name":"Prayerline","item":"https://ifesworld.org/en/prayerline/"},{"@type":"ListItem","position":3,"name":"Un appel à prier pour Mahdia"}]},{"@type":"WebSite","@id":"https://fru.ifesworld.org/en/#website","url":"https://fru.ifesworld.org/en/","name":"IFES","description":"A movement of students sharing and living out the good news of Jesus Christ. Locally. Nationally. Globally.","publisher":{"@id":"https://fru.ifesworld.org/en/#organization"},"potentialAction":[{"@type":"SearchAction","target":{"@type":"EntryPoint","urlTemplate":"https://fru.ifesworld.org/en/?s={search_term_string}"},"query-input":"required name=search_term_string"}],"inLanguage":"fr-FR"},{"@type":"Organization","@id":"https://fru.ifesworld.org/en/#organization","name":"IFES · International Fellowship of Evangelical Students","url":"https://fru.ifesworld.org/en/","logo":{"@type":"ImageObject","inLanguage":"fr-FR","@id":"https://fru.ifesworld.org/en/#/schema/logo/image/","url":"https://fru.ifesworld.org/wp-content/uploads/2019/06/ifeslogo.png","contentUrl":"https://fru.ifesworld.org/wp-content/uploads/2019/06/ifeslogo.png","width":262,"height":262,"caption":"IFES · International Fellowship of Evangelical Students"},"image":{"@id":"https://fru.ifesworld.org/en/#/schema/logo/image/"}}]}</script>
<!-- / Yoast SEO plugin. -->

Un appel à prier pour Mahdia &#183; IFES Prayerline

La Prayerline de cette semaine est une version modifiée d'une publication initialement partagée dans le bulletin de prière du CARIFES du 8 juin. Pour
