{"id":2332,"date":"2018-11-27T15:00:00","date_gmt":"2018-11-27T15:00:00","guid":{"rendered":"https:\/\/fru.ifesworld.org\/prayerline\/apprendre-a-passer-le-relais\/"},"modified":"2019-05-29T14:28:16","modified_gmt":"2019-05-29T14:28:16","slug":"apprendre-a-passer-le-relais","status":"publish","type":"prayerline","link":"https:\/\/fru.ifesworld.org\/fr\/prayerline\/apprendre-a-passer-le-relais\/","title":{"rendered":"Apprendre \u00e0 passer le relais"},"content":{"rendered":"<p>C&rsquo;\u00e9tait alors qu&rsquo;il \u00e9tait encore lyc\u00e9en que S\u00e9bastien a commenc\u00e9 \u00e0 s&rsquo;impliquer dans le mouvement GBUSS S\u00e9n\u00e9gal et il y est devenu responsable d&rsquo;un groupe. Il \u00e9tait enthousiaste pour le Seigneur et faisait tout son possible pour Le faire conna\u00eetre. Apr\u00e8s deux ans, il a m\u00eame commenc\u00e9 un nouveau groupe dans une autre \u00e9cole secondaire, \u00e0 huit kilom\u00e8tres de marche. C&rsquo;\u00e9tait une \u00e9poque passionnante.<\/p>\n<p>Mais lorsque S\u00e9bastien a quitt\u00e9 l&rsquo;\u00e9cole pour commencer l&rsquo;universit\u00e9, les deux groupes qu&rsquo;il avait anim\u00e9s ont commenc\u00e9 \u00e0 diminuer pour dispara\u00eetre compl\u00e8tement deux ans plus tard. Pourquoi ce d\u00e9but si prometteur s&rsquo;est-il \u00e9teint si rapidement\u202f? Comment se fait-il que cette situation soit si courante dans les mouvements autour du globe\u202f?<\/p>\n<p>S\u00e9bastien a r\u00e9fl\u00e9chi r\u00e9cemment \u00e0 ce qui avait pu manquer\u202f: le passage du relais. Il est essentiel de former la prochaine cohorte de leaders pour assurer la survie d&rsquo;un groupe. Ceux-ci doivent comprendre la vision et se l&rsquo;approprier\u202f: ils doivent \u00eatre des participants actifs et se sentir connect\u00e9s aux autres groupes du pays.<\/p>\n<p>S\u00e9bastien est maintenant d\u00e9sireux de faire un nouveau travail pionnier qui permettrait aux groupes de durer, Dieu voulant. Il nous demande de le rejoindre dans la pri\u00e8re pour qu&rsquo;un t\u00e9moignage solide et durable soit \u00e9tabli parmi les \u00e9tudiants dans tout le pays.<\/p>\n<ul>\n<li>Priez pour S\u00e9bastien alors qu&rsquo;il cherche \u00e0 \u00e9tablir de nouveaux groupes \u00e9tudiants pionniers \u2013 pour la sagesse, la fid\u00e9lit\u00e9 et la pers\u00e9v\u00e9rance.<\/li>\n<li>Priez que la pr\u00e9sente g\u00e9n\u00e9ration d&rsquo;\u00e9tudiants au S\u00e9n\u00e9gal comprenne le message de l&rsquo;\u00c9vangile du fond de leur c\u0153ur et pour de l&rsquo;audace quand il s&rsquo;agit de partager leur foi avec leurs amis.<\/li>\n<li>Priez que le personnel et les \u00e9tudiants qui \u00e9tablissent de nouveaux groupes pionniers dans tout le monde de l&rsquo;IFES sachent comment passer le relais de mani\u00e8re efficace pour que les groupes puissent continuer.<\/li>\n<\/ul>\n<p>Merci de prier avec nous !<\/p>\n","protected":false},"featured_media":2812,"template":"","area":[953,1109],"theme":[1257],"class_list":["post-2332","prayerline","type-prayerline","status-publish","has-post-thumbnail","hentry","area-afrique-francophone","area-senegal-afrique-francophone","theme-developpement-du-leadership"],"acf":[],"yoast_head":"<!-- This site is optimized with the Yoast SEO plugin v22.6 - https:\/\/yoast.com\/wordpress\/plugins\/seo\/ -->\n<title>Apprendre \u00e0 passer le relais &#183; IFES Prayerline<\/title>\n<meta name=\"description\" content=\"C&#039;\u00e9tait alors qu&#039;il \u00e9tait encore lyc\u00e9en que S\u00e9bastien a commenc\u00e9 \u00e0 s&#039;impliquer dans le mouvement GBUSS S\u00e9n\u00e9gal et il y est devenu responsable d&#039;un groupe.\" \/>\n<meta name=\"robots\" content=\"noindex, follow, max-snippet:-1, max-image-preview:large, max-video-preview:-1\" \/>\n<meta property=\"og:locale\" content=\"fr_FR\" \/>\n<meta property=\"og:type\" content=\"article\" \/>\n<meta property=\"og:title\" content=\"Apprendre \u00e0 passer le relais &#183; IFES Prayerline\" \/>\n<meta property=\"og:description\" content=\"C&#039;\u00e9tait alors qu&#039;il \u00e9tait encore lyc\u00e9en que S\u00e9bastien a commenc\u00e9 \u00e0 s&#039;impliquer dans le mouvement GBUSS S\u00e9n\u00e9gal et il y est devenu responsable d&#039;un groupe.\" \/>\n<meta property=\"og:url\" content=\"https:\/\/ifesworld.org\/fr\/prayerline\/apprendre-a-passer-le-relais\/\" \/>\n<meta property=\"og:site_name\" content=\"IFES\" \/>\n<meta property=\"article:modified_time\" content=\"2019-05-29T14:28:16+00:00\" \/>\n<meta property=\"og:image\" content=\"https:\/\/ifesworld.org\/wp-content\/uploads\/2018\/11\/181127-Senegal.jpg\" \/>\n\t<meta property=\"og:image:width\" content=\"1279\" \/>\n\t<meta property=\"og:image:height\" content=\"720\" \/>\n\t<meta property=\"og:image:type\" content=\"image\/jpeg\" \/>\n<meta name=\"twitter:card\" content=\"summary_large_image\" \/>\n<meta name=\"twitter:label1\" content=\"Dur\u00e9e de lecture estim\u00e9e\" \/>\n\t<meta name=\"twitter:data1\" content=\"2 minutes\" \/>\n<script type=\"application\/ld+json\" class=\"yoast-schema-graph\">{\"@context\":\"https:\/\/schema.org\",\"@graph\":[{\"@type\":\"WebPage\",\"@id\":\"https:\/\/ifesworld.org\/fr\/prayerline\/apprendre-a-passer-le-relais\/\",\"url\":\"https:\/\/ifesworld.org\/fr\/prayerline\/apprendre-a-passer-le-relais\/\",\"name\":\"Apprendre \u00e0 passer le relais &#183; IFES Prayerline\",\"isPartOf\":{\"@id\":\"https:\/\/fru.ifesworld.org\/en\/#website\"},\"primaryImageOfPage\":{\"@id\":\"https:\/\/ifesworld.org\/fr\/prayerline\/apprendre-a-passer-le-relais\/#primaryimage\"},\"image\":{\"@id\":\"https:\/\/ifesworld.org\/fr\/prayerline\/apprendre-a-passer-le-relais\/#primaryimage\"},\"thumbnailUrl\":\"https:\/\/fru.ifesworld.org\/wp-content\/uploads\/2018\/11\/181127-Senegal.jpg\",\"datePublished\":\"2018-11-27T15:00:00+00:00\",\"dateModified\":\"2019-05-29T14:28:16+00:00\",\"description\":\"C'\u00e9tait alors qu'il \u00e9tait encore lyc\u00e9en que S\u00e9bastien a commenc\u00e9 \u00e0 s'impliquer dans le mouvement GBUSS S\u00e9n\u00e9gal et il y est devenu responsable d'un groupe.\",\"breadcrumb\":{\"@id\":\"https:\/\/ifesworld.org\/fr\/prayerline\/apprendre-a-passer-le-relais\/#breadcrumb\"},\"inLanguage\":\"fr-FR\",\"potentialAction\":[{\"@type\":\"ReadAction\",\"target\":[\"https:\/\/ifesworld.org\/fr\/prayerline\/apprendre-a-passer-le-relais\/\"]}]},{\"@type\":\"ImageObject\",\"inLanguage\":\"fr-FR\",\"@id\":\"https:\/\/ifesworld.org\/fr\/prayerline\/apprendre-a-passer-le-relais\/#primaryimage\",\"url\":\"https:\/\/fru.ifesworld.org\/wp-content\/uploads\/2018\/11\/181127-Senegal.jpg\",\"contentUrl\":\"https:\/\/fru.ifesworld.org\/wp-content\/uploads\/2018\/11\/181127-Senegal.jpg\",\"width\":1279,\"height\":720,\"caption\":\"181127 Senegal\"},{\"@type\":\"BreadcrumbList\",\"@id\":\"https:\/\/ifesworld.org\/fr\/prayerline\/apprendre-a-passer-le-relais\/#breadcrumb\",\"itemListElement\":[{\"@type\":\"ListItem\",\"position\":1,\"name\":\"Home\",\"item\":\"https:\/\/fru.ifesworld.org\/fr\/\"},{\"@type\":\"ListItem\",\"position\":2,\"name\":\"Prayerline\",\"item\":\"https:\/\/ifesworld.org\/en\/prayerline\/\"},{\"@type\":\"ListItem\",\"position\":3,\"name\":\"Apprendre \u00e0 passer le relais\"}]},{\"@type\":\"WebSite\",\"@id\":\"https:\/\/fru.ifesworld.org\/en\/#website\",\"url\":\"https:\/\/fru.ifesworld.org\/en\/\",\"name\":\"IFES\",\"description\":\"A movement of students sharing and living out the good news of Jesus Christ. Locally. Nationally. Globally.\",\"publisher\":{\"@id\":\"https:\/\/fru.ifesworld.org\/en\/#organization\"},\"potentialAction\":[{\"@type\":\"SearchAction\",\"target\":{\"@type\":\"EntryPoint\",\"urlTemplate\":\"https:\/\/fru.ifesworld.org\/en\/?s={search_term_string}\"},\"query-input\":\"required name=search_term_string\"}],\"inLanguage\":\"fr-FR\"},{\"@type\":\"Organization\",\"@id\":\"https:\/\/fru.ifesworld.org\/en\/#organization\",\"name\":\"IFES \u00b7 International Fellowship of Evangelical Students\",\"url\":\"https:\/\/fru.ifesworld.org\/en\/\",\"logo\":{\"@type\":\"ImageObject\",\"inLanguage\":\"fr-FR\",\"@id\":\"https:\/\/fru.ifesworld.org\/en\/#\/schema\/logo\/image\/\",\"url\":\"https:\/\/fru.ifesworld.org\/wp-content\/uploads\/2019\/06\/ifeslogo.png\",\"contentUrl\":\"https:\/\/fru.ifesworld.org\/wp-content\/uploads\/2019\/06\/ifeslogo.png\",\"width\":262,\"height\":262,\"caption\":\"IFES \u00b7 International Fellowship of Evangelical Students\"},\"image\":{\"@id\":\"https:\/\/fru.ifesworld.org\/en\/#\/schema\/logo\/image\/\"}}]}<\/script>\n<!-- \/ Yoast SEO plugin. -->","yoast_head_json":{"title":"Apprendre \u00e0 passer le relais &#183; IFES Prayerline","description":"C'\u00e9tait alors qu'il \u00e9tait encore lyc\u00e9en que S\u00e9bastien a commenc\u00e9 \u00e0 s'impliquer dans le mouvement GBUSS S\u00e9n\u00e9gal et il y est devenu responsable d'un groupe.","robots":{"index":"noindex","follow":"follow","max-snippet":"max-snippet:-1","max-image-preview":"max-image-preview:large","max-video-preview":"max-video-preview:-1"},"og_locale":"fr_FR","og_type":"article","og_title":"Apprendre \u00e0 passer le relais &#183; IFES Prayerline","og_description":"C'\u00e9tait alors qu'il \u00e9tait encore lyc\u00e9en que S\u00e9bastien a commenc\u00e9 \u00e0 s'impliquer dans le mouvement GBUSS S\u00e9n\u00e9gal et il y est devenu responsable d'un groupe.","og_url":"https:\/\/ifesworld.org\/fr\/prayerline\/apprendre-a-passer-le-relais\/","og_site_name":"IFES","article_modified_time":"2019-05-29T14:28:16+00:00","og_image":[{"width":1279,"height":720,"url":"https:\/\/ifesworld.org\/wp-content\/uploads\/2018\/11\/181127-Senegal.jpg","type":"image\/jpeg"}],"twitter_card":"summary_large_image","twitter_misc":{"Dur\u00e9e de lecture estim\u00e9e":"2 minutes"},"schema":{"@context":"https:\/\/schema.org","@graph":[{"@type":"WebPage","@id":"https:\/\/ifesworld.org\/fr\/prayerline\/apprendre-a-passer-le-relais\/","url":"https:\/\/ifesworld.org\/fr\/prayerline\/apprendre-a-passer-le-relais\/","name":"Apprendre \u00e0 passer le relais &#183; IFES Prayerline","isPartOf":{"@id":"https:\/\/fru.ifesworld.org\/en\/#website"},"primaryImageOfPage":{"@id":"https:\/\/ifesworld.org\/fr\/prayerline\/apprendre-a-passer-le-relais\/#primaryimage"},"image":{"@id":"https:\/\/ifesworld.org\/fr\/prayerline\/apprendre-a-passer-le-relais\/#primaryimage"},"thumbnailUrl":"https:\/\/fru.ifesworld.org\/wp-content\/uploads\/2018\/11\/181127-Senegal.jpg","datePublished":"2018-11-27T15:00:00+00:00","dateModified":"2019-05-29T14:28:16+00:00","description":"C'\u00e9tait alors qu'il \u00e9tait encore lyc\u00e9en que S\u00e9bastien a commenc\u00e9 \u00e0 s'impliquer dans le mouvement GBUSS S\u00e9n\u00e9gal et il y est devenu responsable d'un groupe.","breadcrumb":{"@id":"https:\/\/ifesworld.org\/fr\/prayerline\/apprendre-a-passer-le-relais\/#breadcrumb"},"inLanguage":"fr-FR","potentialAction":[{"@type":"ReadAction","target":["https:\/\/ifesworld.org\/fr\/prayerline\/apprendre-a-passer-le-relais\/"]}]},{"@type":"ImageObject","inLanguage":"fr-FR","@id":"https:\/\/ifesworld.org\/fr\/prayerline\/apprendre-a-passer-le-relais\/#primaryimage","url":"https:\/\/fru.ifesworld.org\/wp-content\/uploads\/2018\/11\/181127-Senegal.jpg","contentUrl":"https:\/\/fru.ifesworld.org\/wp-content\/uploads\/2018\/11\/181127-Senegal.jpg","width":1279,"height":720,"caption":"181127 Senegal"},{"@type":"BreadcrumbList","@id":"https:\/\/ifesworld.org\/fr\/prayerline\/apprendre-a-passer-le-relais\/#breadcrumb","itemListElement":[{"@type":"ListItem","position":1,"name":"Home","item":"https:\/\/fru.ifesworld.org\/fr\/"},{"@type":"ListItem","position":2,"name":"Prayerline","item":"https:\/\/ifesworld.org\/en\/prayerline\/"},{"@type":"ListItem","position":3,"name":"Apprendre \u00e0 passer le relais"}]},{"@type":"WebSite","@id":"https:\/\/fru.ifesworld.org\/en\/#website","url":"https:\/\/fru.ifesworld.org\/en\/","name":"IFES","description":"A movement of students sharing and living out the good news of Jesus Christ. Locally. Nationally. Globally.","publisher":{"@id":"https:\/\/fru.ifesworld.org\/en\/#organization"},"potentialAction":[{"@type":"SearchAction","target":{"@type":"EntryPoint","urlTemplate":"https:\/\/fru.ifesworld.org\/en\/?s={search_term_string}"},"query-input":"required name=search_term_string"}],"inLanguage":"fr-FR"},{"@type":"Organization","@id":"https:\/\/fru.ifesworld.org\/en\/#organization","name":"IFES \u00b7 International Fellowship of Evangelical Students","url":"https:\/\/fru.ifesworld.org\/en\/","logo":{"@type":"ImageObject","inLanguage":"fr-FR","@id":"https:\/\/fru.ifesworld.org\/en\/#\/schema\/logo\/image\/","url":"https:\/\/fru.ifesworld.org\/wp-content\/uploads\/2019\/06\/ifeslogo.png","contentUrl":"https:\/\/fru.ifesworld.org\/wp-content\/uploads\/2019\/06\/ifeslogo.png","width":262,"height":262,"caption":"IFES \u00b7 International Fellowship of Evangelical Students"},"image":{"@id":"https:\/\/fru.ifesworld.org\/en\/#\/schema\/logo\/image\/"}}]}},"_links":{"self":[{"href":"https:\/\/fru.ifesworld.org\/fr\/wp-json\/wp\/v2\/prayerline\/2332"}],"collection":[{"href":"https:\/\/fru.ifesworld.org\/fr\/wp-json\/wp\/v2\/prayerline"}],"about":[{"href":"https:\/\/fru.ifesworld.org\/fr\/wp-json\/wp\/v2\/types\/prayerline"}],"wp:featuredmedia":[{"embeddable":true,"href":"https:\/\/fru.ifesworld.org\/fr\/wp-json\/wp\/v2\/media\/2812"}],"wp:attachment":[{"href":"https:\/\/fru.ifesworld.org\/fr\/wp-json\/wp\/v2\/media?parent=2332"}],"wp:term":[{"taxonomy":"area","embeddable":true,"href":"https:\/\/fru.ifesworld.org\/fr\/wp-json\/wp\/v2\/area?post=2332"},{"taxonomy":"theme","embeddable":true,"href":"https:\/\/fru.ifesworld.org\/fr\/wp-json\/wp\/v2\/theme?post=2332"}],"curies":[{"name":"wp","href":"https:\/\/api.w.org\/{rel}","templated":true}]}}

Apprendre à passer le relais

<p>C&rsquo;était alors qu&rsquo;il était encore lycéen que Sébastien a commencé à s&rsquo;impliquer dans le mouvement GBUSS Sénégal et il y est devenu responsable d&rsquo;un groupe. Il était enthousiaste pour le Seigneur et faisait tout son possible pour Le faire connaître. Après deux ans, il a même commencé un nouveau groupe dans une autre école secondaire, à huit kilomètres de marche. C&rsquo;était une époque passionnante.</p>
<p>Mais lorsque Sébastien a quitté l&rsquo;école pour commencer l&rsquo;université, les deux groupes qu&rsquo;il avait animés ont commencé à diminuer pour disparaître complètement deux ans plus tard. Pourquoi ce début si prometteur s&rsquo;est-il éteint si rapidement ? Comment se fait-il que cette situation soit si courante dans les mouvements autour du globe ?</p>
<p>Sébastien a réfléchi récemment à ce qui avait pu manquer : le passage du relais. Il est essentiel de former la prochaine cohorte de leaders pour assurer la survie d&rsquo;un groupe. Ceux-ci doivent comprendre la vision et se l&rsquo;approprier : ils doivent être des participants actifs et se sentir connectés aux autres groupes du pays.</p>
<p>Sébastien est maintenant désireux de faire un nouveau travail pionnier qui permettrait aux groupes de durer, Dieu voulant. Il nous demande de le rejoindre dans la prière pour qu&rsquo;un témoignage solide et durable soit établi parmi les étudiants dans tout le pays.</p>
<ul>
<li>Priez pour Sébastien alors qu&rsquo;il cherche à établir de nouveaux groupes étudiants pionniers – pour la sagesse, la fidélité et la persévérance.</li>
<li>Priez que la présente génération d&rsquo;étudiants au Sénégal comprenne le message de l&rsquo;Évangile du fond de leur cœur et pour de l&rsquo;audace quand il s&rsquo;agit de partager leur foi avec leurs amis.</li>
<li>Priez que le personnel et les étudiants qui établissent de nouveaux groupes pionniers dans tout le monde de l&rsquo;IFES sachent comment passer le relais de manière efficace pour que les groupes puissent continuer.</li>
</ul>
<p>Merci de prier avec nous !</p>

<!-- This site is optimized with the Yoast SEO plugin v22.6 - https://yoast.com/wordpress/plugins/seo/ -->
<title>Apprendre à passer le relais &#183; IFES Prayerline</title>
<meta name="description" content="C&#039;était alors qu&#039;il était encore lycéen que Sébastien a commencé à s&#039;impliquer dans le mouvement GBUSS Sénégal et il y est devenu responsable d&#039;un groupe." />
<meta name="robots" content="noindex, follow, max-snippet:-1, max-image-preview:large, max-video-preview:-1" />
<meta property="og:locale" content="fr_FR" />
<meta property="og:type" content="article" />
<meta property="og:title" content="Apprendre à passer le relais &#183; IFES Prayerline" />
<meta property="og:description" content="C&#039;était alors qu&#039;il était encore lycéen que Sébastien a commencé à s&#039;impliquer dans le mouvement GBUSS Sénégal et il y est devenu responsable d&#039;un groupe." />
<meta property="og:url" content="https://ifesworld.org/fr/prayerline/apprendre-a-passer-le-relais/" />
<meta property="og:site_name" content="IFES" />
<meta property="article:modified_time" content="2019-05-29T14:28:16+00:00" />
<meta property="og:image" content="https://ifesworld.org/wp-content/uploads/2018/11/181127-Senegal.jpg" />
	<meta property="og:image:width" content="1279" />
	<meta property="og:image:height" content="720" />
	<meta property="og:image:type" content="image/jpeg" />
<meta name="twitter:card" content="summary_large_image" />
<meta name="twitter:label1" content="Durée de lecture estimée" />
	<meta name="twitter:data1" content="2 minutes" />
<script type="application/ld+json" class="yoast-schema-graph">{"@context":"https://schema.org","@graph":[{"@type":"WebPage","@id":"https://ifesworld.org/fr/prayerline/apprendre-a-passer-le-relais/","url":"https://ifesworld.org/fr/prayerline/apprendre-a-passer-le-relais/","name":"Apprendre à passer le relais &#183; IFES Prayerline","isPartOf":{"@id":"https://fru.ifesworld.org/en/#website"},"primaryImageOfPage":{"@id":"https://ifesworld.org/fr/prayerline/apprendre-a-passer-le-relais/#primaryimage"},"image":{"@id":"https://ifesworld.org/fr/prayerline/apprendre-a-passer-le-relais/#primaryimage"},"thumbnailUrl":"https://fru.ifesworld.org/wp-content/uploads/2018/11/181127-Senegal.jpg","datePublished":"2018-11-27T15:00:00+00:00","dateModified":"2019-05-29T14:28:16+00:00","description":"C'était alors qu'il était encore lycéen que Sébastien a commencé à s'impliquer dans le mouvement GBUSS Sénégal et il y est devenu responsable d'un groupe.","breadcrumb":{"@id":"https://ifesworld.org/fr/prayerline/apprendre-a-passer-le-relais/#breadcrumb"},"inLanguage":"fr-FR","potentialAction":[{"@type":"ReadAction","target":["https://ifesworld.org/fr/prayerline/apprendre-a-passer-le-relais/"]}]},{"@type":"ImageObject","inLanguage":"fr-FR","@id":"https://ifesworld.org/fr/prayerline/apprendre-a-passer-le-relais/#primaryimage","url":"https://fru.ifesworld.org/wp-content/uploads/2018/11/181127-Senegal.jpg","contentUrl":"https://fru.ifesworld.org/wp-content/uploads/2018/11/181127-Senegal.jpg","width":1279,"height":720,"caption":"181127 Senegal"},{"@type":"BreadcrumbList","@id":"https://ifesworld.org/fr/prayerline/apprendre-a-passer-le-relais/#breadcrumb","itemListElement":[{"@type":"ListItem","position":1,"name":"Home","item":"https://fru.ifesworld.org/fr/"},{"@type":"ListItem","position":2,"name":"Prayerline","item":"https://ifesworld.org/en/prayerline/"},{"@type":"ListItem","position":3,"name":"Apprendre à passer le relais"}]},{"@type":"WebSite","@id":"https://fru.ifesworld.org/en/#website","url":"https://fru.ifesworld.org/en/","name":"IFES","description":"A movement of students sharing and living out the good news of Jesus Christ. Locally. Nationally. Globally.","publisher":{"@id":"https://fru.ifesworld.org/en/#organization"},"potentialAction":[{"@type":"SearchAction","target":{"@type":"EntryPoint","urlTemplate":"https://fru.ifesworld.org/en/?s={search_term_string}"},"query-input":"required name=search_term_string"}],"inLanguage":"fr-FR"},{"@type":"Organization","@id":"https://fru.ifesworld.org/en/#organization","name":"IFES · International Fellowship of Evangelical Students","url":"https://fru.ifesworld.org/en/","logo":{"@type":"ImageObject","inLanguage":"fr-FR","@id":"https://fru.ifesworld.org/en/#/schema/logo/image/","url":"https://fru.ifesworld.org/wp-content/uploads/2019/06/ifeslogo.png","contentUrl":"https://fru.ifesworld.org/wp-content/uploads/2019/06/ifeslogo.png","width":262,"height":262,"caption":"IFES · International Fellowship of Evangelical Students"},"image":{"@id":"https://fru.ifesworld.org/en/#/schema/logo/image/"}}]}</script>
<!-- / Yoast SEO plugin. -->

Apprendre à passer le relais &#183; IFES Prayerline

C'était alors qu'il était encore lycéen que Sébastien a commencé à s'impliquer dans le mouvement GBUSS Sénégal et il y est devenu responsable d'un groupe.
