{"id":2299,"date":"2018-04-17T15:00:00","date_gmt":"2018-04-17T15:00:00","guid":{"rendered":"https:\/\/fru.ifesworld.org\/prayerline\/priez-pour-le-suivi-au-portugal\/"},"modified":"2019-06-05T14:08:03","modified_gmt":"2019-06-05T14:08:03","slug":"priez-pour-le-suivi-au-portugal","status":"publish","type":"prayerline","link":"https:\/\/fru.ifesworld.org\/fr\/prayerline\/priez-pour-le-suivi-au-portugal\/","title":{"rendered":"Priez pour le suivi au Portugal"},"content":{"rendered":"<p>C&rsquo;est un \u00e9v\u00e9nement v\u00e9ritablement merveilleux lorsqu&rsquo;un \u00e9tudiant se tourne vers le Christ. Mais dans un sens, ce n&rsquo;est que le d\u00e9but. Les jeunes chr\u00e9tiens ont d\u00e9sesp\u00e9r\u00e9ment besoin d&rsquo;amis chr\u00e9tiens autour d&rsquo;eux pour les former \u00e0 la vie de disciple, les encourager et r\u00e9pondre \u00e0 des questions difficiles, comme\u202f: Est-ce que je dois me faire baptiser tout de suite\u202f? Comment expliquer ma foi \u00e0 mes parents\u202f? Quel genre d&rsquo;\u00c9glise dois-je fr\u00e9quenter\u202f?<\/p>\n<p>Les \u00e9tudiants du GBU Portugal remercient Dieu pour les trois \u00e9tudiants qui sont venus \u00e0 la foi le mois dernier, lors de l&rsquo;un des \u00e9v\u00e9nements de leur semaine d&rsquo;\u00e9vang\u00e9lisation. Mais ils savent que pour ces trois personnes, le suivi est essentiel. Le suivi est \u00e9galement indispensable pour ceux qui ont entendu l&rsquo;\u00c9vangile mais qui n&rsquo;ont pas encore d\u00e9cid\u00e9 de suivre le Christ. Ils ont encore des questions.<\/p>\n<p>Les groupes \u00e9tudiants de huit villes du Portugal ont organis\u00e9 des \u00e9v\u00e9nements d&rsquo;\u00e9vang\u00e9lisation au mois de mars et assurent maintenant le suivi des contacts qu&rsquo;ils ont faits. Certains groupes \u00e9tudiants proposent des cours d&rsquo;\u00e9tude biblique de suivi (20\u202f\u00e9tudiants y participent \u00e0 Coimbra)\u202f; d&rsquo;autres font un suivi individuel.<\/p>\n<p>Veuillez prier avec nous\u202f:<\/p>\n<ul>\n<li>Priez que les trois \u00e9tudiants qui sont venus \u00e0 la foi continuent \u00e0 faire confiance \u00e0 J\u00e9sus et deviennent des disciples z\u00e9l\u00e9s.<\/li>\n<li>Priez pour tous les \u00e9tudiants qui ont particip\u00e9 \u00e0 des \u00e9v\u00e9nements de la semaine d&rsquo;\u00e9vang\u00e9lisation, et plus particuli\u00e8rement pour ceux qui ont commenc\u00e9 \u00e0 assister aux groupes de suivi.<\/li>\n<li>Priez pour une meilleure structure de formation, afin que les \u00e9tudiants participent plus efficacement \u00e0 l&rsquo;\u00e9vang\u00e9lisation, pas uniquement pendant les semaines d&rsquo;\u00e9vang\u00e9lisation, mais qu&rsquo;ils en fassent un mode de vie.<\/li>\n<\/ul>\n<p>Merci de prier avec nous !<\/p>\n","protected":false},"featured_media":3168,"template":"","area":[952,1078],"theme":[],"class_list":["post-2299","prayerline","type-prayerline","status-publish","has-post-thumbnail","hentry","area-europe-2","area-portugal-europe-2"],"acf":[],"yoast_head":"<!-- This site is optimized with the Yoast SEO plugin v22.6 - https:\/\/yoast.com\/wordpress\/plugins\/seo\/ -->\n<title>Priez pour le suivi au Portugal &#183; IFES Prayerline<\/title>\n<meta name=\"description\" content=\"C&#039;est un \u00e9v\u00e9nement v\u00e9ritablement merveilleux lorsqu&#039;un \u00e9tudiant se tourne vers le Christ. Mais dans un sens, ce n&#039;est que le d\u00e9but. Les jeunes chr\u00e9tiens\" \/>\n<meta name=\"robots\" content=\"noindex, follow, max-snippet:-1, max-image-preview:large, max-video-preview:-1\" \/>\n<meta property=\"og:locale\" content=\"fr_FR\" \/>\n<meta property=\"og:type\" content=\"article\" \/>\n<meta property=\"og:title\" content=\"Priez pour le suivi au Portugal &#183; IFES Prayerline\" \/>\n<meta property=\"og:description\" content=\"C&#039;est un \u00e9v\u00e9nement v\u00e9ritablement merveilleux lorsqu&#039;un \u00e9tudiant se tourne vers le Christ. Mais dans un sens, ce n&#039;est que le d\u00e9but. Les jeunes chr\u00e9tiens\" \/>\n<meta property=\"og:url\" content=\"https:\/\/ifesworld.org\/fr\/prayerline\/priez-pour-le-suivi-au-portugal\/\" \/>\n<meta property=\"og:site_name\" content=\"IFES\" \/>\n<meta property=\"article:modified_time\" content=\"2019-06-05T14:08:03+00:00\" \/>\n<meta property=\"og:image\" content=\"https:\/\/ifesworld.org\/wp-content\/uploads\/2018\/04\/180417.jpg\" \/>\n\t<meta property=\"og:image:width\" content=\"1280\" \/>\n\t<meta property=\"og:image:height\" content=\"720\" \/>\n\t<meta property=\"og:image:type\" content=\"image\/jpeg\" \/>\n<meta name=\"twitter:card\" content=\"summary_large_image\" \/>\n<meta name=\"twitter:label1\" content=\"Dur\u00e9e de lecture estim\u00e9e\" \/>\n\t<meta name=\"twitter:data1\" content=\"1 minute\" \/>\n<script type=\"application\/ld+json\" class=\"yoast-schema-graph\">{\"@context\":\"https:\/\/schema.org\",\"@graph\":[{\"@type\":\"WebPage\",\"@id\":\"https:\/\/ifesworld.org\/fr\/prayerline\/priez-pour-le-suivi-au-portugal\/\",\"url\":\"https:\/\/ifesworld.org\/fr\/prayerline\/priez-pour-le-suivi-au-portugal\/\",\"name\":\"Priez pour le suivi au Portugal &#183; IFES Prayerline\",\"isPartOf\":{\"@id\":\"https:\/\/fru.ifesworld.org\/en\/#website\"},\"primaryImageOfPage\":{\"@id\":\"https:\/\/ifesworld.org\/fr\/prayerline\/priez-pour-le-suivi-au-portugal\/#primaryimage\"},\"image\":{\"@id\":\"https:\/\/ifesworld.org\/fr\/prayerline\/priez-pour-le-suivi-au-portugal\/#primaryimage\"},\"thumbnailUrl\":\"https:\/\/fru.ifesworld.org\/wp-content\/uploads\/2018\/04\/180417.jpg\",\"datePublished\":\"2018-04-17T15:00:00+00:00\",\"dateModified\":\"2019-06-05T14:08:03+00:00\",\"description\":\"C'est un \u00e9v\u00e9nement v\u00e9ritablement merveilleux lorsqu'un \u00e9tudiant se tourne vers le Christ. Mais dans un sens, ce n'est que le d\u00e9but. Les jeunes chr\u00e9tiens\",\"breadcrumb\":{\"@id\":\"https:\/\/ifesworld.org\/fr\/prayerline\/priez-pour-le-suivi-au-portugal\/#breadcrumb\"},\"inLanguage\":\"fr-FR\",\"potentialAction\":[{\"@type\":\"ReadAction\",\"target\":[\"https:\/\/ifesworld.org\/fr\/prayerline\/priez-pour-le-suivi-au-portugal\/\"]}]},{\"@type\":\"ImageObject\",\"inLanguage\":\"fr-FR\",\"@id\":\"https:\/\/ifesworld.org\/fr\/prayerline\/priez-pour-le-suivi-au-portugal\/#primaryimage\",\"url\":\"https:\/\/fru.ifesworld.org\/wp-content\/uploads\/2018\/04\/180417.jpg\",\"contentUrl\":\"https:\/\/fru.ifesworld.org\/wp-content\/uploads\/2018\/04\/180417.jpg\",\"width\":1280,\"height\":720,\"caption\":\"180417-Portugal\"},{\"@type\":\"BreadcrumbList\",\"@id\":\"https:\/\/ifesworld.org\/fr\/prayerline\/priez-pour-le-suivi-au-portugal\/#breadcrumb\",\"itemListElement\":[{\"@type\":\"ListItem\",\"position\":1,\"name\":\"Home\",\"item\":\"https:\/\/fru.ifesworld.org\/fr\/\"},{\"@type\":\"ListItem\",\"position\":2,\"name\":\"Prayerline\",\"item\":\"https:\/\/ifesworld.org\/en\/prayerline\/\"},{\"@type\":\"ListItem\",\"position\":3,\"name\":\"Priez pour le suivi au Portugal\"}]},{\"@type\":\"WebSite\",\"@id\":\"https:\/\/fru.ifesworld.org\/en\/#website\",\"url\":\"https:\/\/fru.ifesworld.org\/en\/\",\"name\":\"IFES\",\"description\":\"A movement of students sharing and living out the good news of Jesus Christ. Locally. Nationally. Globally.\",\"publisher\":{\"@id\":\"https:\/\/fru.ifesworld.org\/en\/#organization\"},\"potentialAction\":[{\"@type\":\"SearchAction\",\"target\":{\"@type\":\"EntryPoint\",\"urlTemplate\":\"https:\/\/fru.ifesworld.org\/en\/?s={search_term_string}\"},\"query-input\":\"required name=search_term_string\"}],\"inLanguage\":\"fr-FR\"},{\"@type\":\"Organization\",\"@id\":\"https:\/\/fru.ifesworld.org\/en\/#organization\",\"name\":\"IFES \u00b7 International Fellowship of Evangelical Students\",\"url\":\"https:\/\/fru.ifesworld.org\/en\/\",\"logo\":{\"@type\":\"ImageObject\",\"inLanguage\":\"fr-FR\",\"@id\":\"https:\/\/fru.ifesworld.org\/en\/#\/schema\/logo\/image\/\",\"url\":\"https:\/\/fru.ifesworld.org\/wp-content\/uploads\/2019\/06\/ifeslogo.png\",\"contentUrl\":\"https:\/\/fru.ifesworld.org\/wp-content\/uploads\/2019\/06\/ifeslogo.png\",\"width\":262,\"height\":262,\"caption\":\"IFES \u00b7 International Fellowship of Evangelical Students\"},\"image\":{\"@id\":\"https:\/\/fru.ifesworld.org\/en\/#\/schema\/logo\/image\/\"}}]}<\/script>\n<!-- \/ Yoast SEO plugin. -->","yoast_head_json":{"title":"Priez pour le suivi au Portugal &#183; IFES Prayerline","description":"C'est un \u00e9v\u00e9nement v\u00e9ritablement merveilleux lorsqu'un \u00e9tudiant se tourne vers le Christ. Mais dans un sens, ce n'est que le d\u00e9but. Les jeunes chr\u00e9tiens","robots":{"index":"noindex","follow":"follow","max-snippet":"max-snippet:-1","max-image-preview":"max-image-preview:large","max-video-preview":"max-video-preview:-1"},"og_locale":"fr_FR","og_type":"article","og_title":"Priez pour le suivi au Portugal &#183; IFES Prayerline","og_description":"C'est un \u00e9v\u00e9nement v\u00e9ritablement merveilleux lorsqu'un \u00e9tudiant se tourne vers le Christ. Mais dans un sens, ce n'est que le d\u00e9but. Les jeunes chr\u00e9tiens","og_url":"https:\/\/ifesworld.org\/fr\/prayerline\/priez-pour-le-suivi-au-portugal\/","og_site_name":"IFES","article_modified_time":"2019-06-05T14:08:03+00:00","og_image":[{"width":1280,"height":720,"url":"https:\/\/ifesworld.org\/wp-content\/uploads\/2018\/04\/180417.jpg","type":"image\/jpeg"}],"twitter_card":"summary_large_image","twitter_misc":{"Dur\u00e9e de lecture estim\u00e9e":"1 minute"},"schema":{"@context":"https:\/\/schema.org","@graph":[{"@type":"WebPage","@id":"https:\/\/ifesworld.org\/fr\/prayerline\/priez-pour-le-suivi-au-portugal\/","url":"https:\/\/ifesworld.org\/fr\/prayerline\/priez-pour-le-suivi-au-portugal\/","name":"Priez pour le suivi au Portugal &#183; IFES Prayerline","isPartOf":{"@id":"https:\/\/fru.ifesworld.org\/en\/#website"},"primaryImageOfPage":{"@id":"https:\/\/ifesworld.org\/fr\/prayerline\/priez-pour-le-suivi-au-portugal\/#primaryimage"},"image":{"@id":"https:\/\/ifesworld.org\/fr\/prayerline\/priez-pour-le-suivi-au-portugal\/#primaryimage"},"thumbnailUrl":"https:\/\/fru.ifesworld.org\/wp-content\/uploads\/2018\/04\/180417.jpg","datePublished":"2018-04-17T15:00:00+00:00","dateModified":"2019-06-05T14:08:03+00:00","description":"C'est un \u00e9v\u00e9nement v\u00e9ritablement merveilleux lorsqu'un \u00e9tudiant se tourne vers le Christ. Mais dans un sens, ce n'est que le d\u00e9but. Les jeunes chr\u00e9tiens","breadcrumb":{"@id":"https:\/\/ifesworld.org\/fr\/prayerline\/priez-pour-le-suivi-au-portugal\/#breadcrumb"},"inLanguage":"fr-FR","potentialAction":[{"@type":"ReadAction","target":["https:\/\/ifesworld.org\/fr\/prayerline\/priez-pour-le-suivi-au-portugal\/"]}]},{"@type":"ImageObject","inLanguage":"fr-FR","@id":"https:\/\/ifesworld.org\/fr\/prayerline\/priez-pour-le-suivi-au-portugal\/#primaryimage","url":"https:\/\/fru.ifesworld.org\/wp-content\/uploads\/2018\/04\/180417.jpg","contentUrl":"https:\/\/fru.ifesworld.org\/wp-content\/uploads\/2018\/04\/180417.jpg","width":1280,"height":720,"caption":"180417-Portugal"},{"@type":"BreadcrumbList","@id":"https:\/\/ifesworld.org\/fr\/prayerline\/priez-pour-le-suivi-au-portugal\/#breadcrumb","itemListElement":[{"@type":"ListItem","position":1,"name":"Home","item":"https:\/\/fru.ifesworld.org\/fr\/"},{"@type":"ListItem","position":2,"name":"Prayerline","item":"https:\/\/ifesworld.org\/en\/prayerline\/"},{"@type":"ListItem","position":3,"name":"Priez pour le suivi au Portugal"}]},{"@type":"WebSite","@id":"https:\/\/fru.ifesworld.org\/en\/#website","url":"https:\/\/fru.ifesworld.org\/en\/","name":"IFES","description":"A movement of students sharing and living out the good news of Jesus Christ. Locally. Nationally. Globally.","publisher":{"@id":"https:\/\/fru.ifesworld.org\/en\/#organization"},"potentialAction":[{"@type":"SearchAction","target":{"@type":"EntryPoint","urlTemplate":"https:\/\/fru.ifesworld.org\/en\/?s={search_term_string}"},"query-input":"required name=search_term_string"}],"inLanguage":"fr-FR"},{"@type":"Organization","@id":"https:\/\/fru.ifesworld.org\/en\/#organization","name":"IFES \u00b7 International Fellowship of Evangelical Students","url":"https:\/\/fru.ifesworld.org\/en\/","logo":{"@type":"ImageObject","inLanguage":"fr-FR","@id":"https:\/\/fru.ifesworld.org\/en\/#\/schema\/logo\/image\/","url":"https:\/\/fru.ifesworld.org\/wp-content\/uploads\/2019\/06\/ifeslogo.png","contentUrl":"https:\/\/fru.ifesworld.org\/wp-content\/uploads\/2019\/06\/ifeslogo.png","width":262,"height":262,"caption":"IFES \u00b7 International Fellowship of Evangelical Students"},"image":{"@id":"https:\/\/fru.ifesworld.org\/en\/#\/schema\/logo\/image\/"}}]}},"_links":{"self":[{"href":"https:\/\/fru.ifesworld.org\/fr\/wp-json\/wp\/v2\/prayerline\/2299"}],"collection":[{"href":"https:\/\/fru.ifesworld.org\/fr\/wp-json\/wp\/v2\/prayerline"}],"about":[{"href":"https:\/\/fru.ifesworld.org\/fr\/wp-json\/wp\/v2\/types\/prayerline"}],"wp:featuredmedia":[{"embeddable":true,"href":"https:\/\/fru.ifesworld.org\/fr\/wp-json\/wp\/v2\/media\/3168"}],"wp:attachment":[{"href":"https:\/\/fru.ifesworld.org\/fr\/wp-json\/wp\/v2\/media?parent=2299"}],"wp:term":[{"taxonomy":"area","embeddable":true,"href":"https:\/\/fru.ifesworld.org\/fr\/wp-json\/wp\/v2\/area?post=2299"},{"taxonomy":"theme","embeddable":true,"href":"https:\/\/fru.ifesworld.org\/fr\/wp-json\/wp\/v2\/theme?post=2299"}],"curies":[{"name":"wp","href":"https:\/\/api.w.org\/{rel}","templated":true}]}}

<p>C&rsquo;est un événement véritablement merveilleux lorsqu&rsquo;un étudiant se tourne vers le Christ. Mais dans un sens, ce n&rsquo;est que le début. Les jeunes chrétiens ont désespérément besoin d&rsquo;amis chrétiens autour d&rsquo;eux pour les former à la vie de disciple, les encourager et répondre à des questions difficiles, comme : Est-ce que je dois me faire baptiser tout de suite ? Comment expliquer ma foi à mes parents ? Quel genre d&rsquo;Église dois-je fréquenter ?</p>
<p>Les étudiants du GBU Portugal remercient Dieu pour les trois étudiants qui sont venus à la foi le mois dernier, lors de l&rsquo;un des événements de leur semaine d&rsquo;évangélisation. Mais ils savent que pour ces trois personnes, le suivi est essentiel. Le suivi est également indispensable pour ceux qui ont entendu l&rsquo;Évangile mais qui n&rsquo;ont pas encore décidé de suivre le Christ. Ils ont encore des questions.</p>
<p>Les groupes étudiants de huit villes du Portugal ont organisé des événements d&rsquo;évangélisation au mois de mars et assurent maintenant le suivi des contacts qu&rsquo;ils ont faits. Certains groupes étudiants proposent des cours d&rsquo;étude biblique de suivi (20 étudiants y participent à Coimbra) ; d&rsquo;autres font un suivi individuel.</p>
<p>Veuillez prier avec nous :</p>
<ul>
<li>Priez que les trois étudiants qui sont venus à la foi continuent à faire confiance à Jésus et deviennent des disciples zélés.</li>
<li>Priez pour tous les étudiants qui ont participé à des événements de la semaine d&rsquo;évangélisation, et plus particulièrement pour ceux qui ont commencé à assister aux groupes de suivi.</li>
<li>Priez pour une meilleure structure de formation, afin que les étudiants participent plus efficacement à l&rsquo;évangélisation, pas uniquement pendant les semaines d&rsquo;évangélisation, mais qu&rsquo;ils en fassent un mode de vie.</li>
</ul>
<p>Merci de prier avec nous !</p>

<!-- This site is optimized with the Yoast SEO plugin v22.6 - https://yoast.com/wordpress/plugins/seo/ -->
<title>Priez pour le suivi au Portugal &#183; IFES Prayerline</title>
<meta name="description" content="C&#039;est un événement véritablement merveilleux lorsqu&#039;un étudiant se tourne vers le Christ. Mais dans un sens, ce n&#039;est que le début. Les jeunes chrétiens" />
<meta name="robots" content="noindex, follow, max-snippet:-1, max-image-preview:large, max-video-preview:-1" />
<meta property="og:locale" content="fr_FR" />
<meta property="og:type" content="article" />
<meta property="og:title" content="Priez pour le suivi au Portugal &#183; IFES Prayerline" />
<meta property="og:description" content="C&#039;est un événement véritablement merveilleux lorsqu&#039;un étudiant se tourne vers le Christ. Mais dans un sens, ce n&#039;est que le début. Les jeunes chrétiens" />
<meta property="og:url" content="https://ifesworld.org/fr/prayerline/priez-pour-le-suivi-au-portugal/" />
<meta property="og:site_name" content="IFES" />
<meta property="article:modified_time" content="2019-06-05T14:08:03+00:00" />
<meta property="og:image" content="https://ifesworld.org/wp-content/uploads/2018/04/180417.jpg" />
	<meta property="og:image:width" content="1280" />
	<meta property="og:image:height" content="720" />
	<meta property="og:image:type" content="image/jpeg" />
<meta name="twitter:card" content="summary_large_image" />
<meta name="twitter:label1" content="Durée de lecture estimée" />
	<meta name="twitter:data1" content="1 minute" />
<script type="application/ld+json" class="yoast-schema-graph">{"@context":"https://schema.org","@graph":[{"@type":"WebPage","@id":"https://ifesworld.org/fr/prayerline/priez-pour-le-suivi-au-portugal/","url":"https://ifesworld.org/fr/prayerline/priez-pour-le-suivi-au-portugal/","name":"Priez pour le suivi au Portugal &#183; IFES Prayerline","isPartOf":{"@id":"https://fru.ifesworld.org/en/#website"},"primaryImageOfPage":{"@id":"https://ifesworld.org/fr/prayerline/priez-pour-le-suivi-au-portugal/#primaryimage"},"image":{"@id":"https://ifesworld.org/fr/prayerline/priez-pour-le-suivi-au-portugal/#primaryimage"},"thumbnailUrl":"https://fru.ifesworld.org/wp-content/uploads/2018/04/180417.jpg","datePublished":"2018-04-17T15:00:00+00:00","dateModified":"2019-06-05T14:08:03+00:00","description":"C'est un événement véritablement merveilleux lorsqu'un étudiant se tourne vers le Christ. Mais dans un sens, ce n'est que le début. Les jeunes chrétiens","breadcrumb":{"@id":"https://ifesworld.org/fr/prayerline/priez-pour-le-suivi-au-portugal/#breadcrumb"},"inLanguage":"fr-FR","potentialAction":[{"@type":"ReadAction","target":["https://ifesworld.org/fr/prayerline/priez-pour-le-suivi-au-portugal/"]}]},{"@type":"ImageObject","inLanguage":"fr-FR","@id":"https://ifesworld.org/fr/prayerline/priez-pour-le-suivi-au-portugal/#primaryimage","url":"https://fru.ifesworld.org/wp-content/uploads/2018/04/180417.jpg","contentUrl":"https://fru.ifesworld.org/wp-content/uploads/2018/04/180417.jpg","width":1280,"height":720,"caption":"180417-Portugal"},{"@type":"BreadcrumbList","@id":"https://ifesworld.org/fr/prayerline/priez-pour-le-suivi-au-portugal/#breadcrumb","itemListElement":[{"@type":"ListItem","position":1,"name":"Home","item":"https://fru.ifesworld.org/fr/"},{"@type":"ListItem","position":2,"name":"Prayerline","item":"https://ifesworld.org/en/prayerline/"},{"@type":"ListItem","position":3,"name":"Priez pour le suivi au Portugal"}]},{"@type":"WebSite","@id":"https://fru.ifesworld.org/en/#website","url":"https://fru.ifesworld.org/en/","name":"IFES","description":"A movement of students sharing and living out the good news of Jesus Christ. Locally. Nationally. Globally.","publisher":{"@id":"https://fru.ifesworld.org/en/#organization"},"potentialAction":[{"@type":"SearchAction","target":{"@type":"EntryPoint","urlTemplate":"https://fru.ifesworld.org/en/?s={search_term_string}"},"query-input":"required name=search_term_string"}],"inLanguage":"fr-FR"},{"@type":"Organization","@id":"https://fru.ifesworld.org/en/#organization","name":"IFES · International Fellowship of Evangelical Students","url":"https://fru.ifesworld.org/en/","logo":{"@type":"ImageObject","inLanguage":"fr-FR","@id":"https://fru.ifesworld.org/en/#/schema/logo/image/","url":"https://fru.ifesworld.org/wp-content/uploads/2019/06/ifeslogo.png","contentUrl":"https://fru.ifesworld.org/wp-content/uploads/2019/06/ifeslogo.png","width":262,"height":262,"caption":"IFES · International Fellowship of Evangelical Students"},"image":{"@id":"https://fru.ifesworld.org/en/#/schema/logo/image/"}}]}</script>
<!-- / Yoast SEO plugin. -->

C'est un événement véritablement merveilleux lorsqu'un étudiant se tourne vers le Christ. Mais dans un sens, ce n'est que le début. Les jeunes chrétiens
