{"id":16350,"date":"2021-08-24T02:29:00","date_gmt":"2021-08-24T01:29:00","guid":{"rendered":"https:\/\/fru.ifesworld.org\/?post_type=prayerline&#038;p=16350"},"modified":"2021-08-20T14:30:43","modified_gmt":"2021-08-20T13:30:43","slug":"dieu-met-fin-a-un-plan-parfait","status":"publish","type":"prayerline","link":"https:\/\/fru.ifesworld.org\/fr\/prayerline\/dieu-met-fin-a-un-plan-parfait\/","title":{"rendered":"Dieu met fin \u00e0 un plan parfait"},"content":{"rendered":"<div class=\"wp-block block-core-quote is-style-default\">\n<blockquote class=\"wp-block-quote is-style-default is-layout-flow wp-block-quote-is-layout-flow\"><p><em>Dieu, pourquoi as-tu mis fin au plan parfait\u00a0?<\/em><\/p><\/blockquote>\n<\/div>\n\n<div class=\"wp-block block-core-paragraph\">\n<p>Tout \u00e9tait pr\u00eat. Apr\u00e8s des ann\u00e9es, le mouvement aux Tonga allait finalement reprendre. En 2019, Sam, un \u00e9quipier d\u2019InterVarsity\/USA avec des origines tongiennes, participa \u00e0 l\u2019Assembl\u00e9e mondiale. Il s\u2019y lia d\u2019amiti\u00e9 avec quelques \u00e9tudiants du Pacifique Sud. L\u2019un de ces \u00e9tudiants venait des Tonga et priait que quelqu&rsquo;un vienne y relancer le minist\u00e8re de l\u2019IFES. Pendant l\u2019Assembl\u00e9e mondiale, le c\u0153ur de Sam fut touch\u00e9 par les \u00e9tudiants des Tonga et il d\u00e9cida de s\u2019y rendre pour devenir le premier \u00e9quipier de l\u2019IFES dans le pays depuis des ann\u00e9es.<\/p>\n<\/div>\n\n<div class=\"wp-block block-core-paragraph\">\n<p>Puis la Covid-19 frappa. Les fronti\u00e8res des Tonga furent ferm\u00e9es et Sam ne put obtenir de visa.<\/p>\n<\/div>\n\n<div class=\"wp-block block-core-quote is-style-default\">\n<blockquote class=\"wp-block-quote is-style-default is-layout-flow wp-block-quote-is-layout-flow\"><p><em>Que faire maintenant, Seigneur\u00a0?<\/em><\/p><\/blockquote>\n<\/div>\n\n<div class=\"wp-block block-core-paragraph\">\n<p>Retour \u00e0 la case d\u00e9part&nbsp;: Sam voulait toujours servir mais il ne savait pas o\u00f9&nbsp;!<\/p>\n<\/div>\n\n<div class=\"wp-block block-core-paragraph\">\n<p>Dans le temps de Dieu, tout devint clair. Un projet d\u2019envoyer un \u00e9quipier \u00e0 Guam \u00e9tait tomb\u00e9 \u00e0 l\u2019eau \u00e0 cause de la pand\u00e9mie. Laura et Kurt Thiel d\u2019InterVarsity Link commenc\u00e8rent \u00e0 inviter tous leurs contacts \u00e0 participer \u00e0 des r\u00e9unions de pri\u00e8re virtuelle pour Guam. Sam fut invit\u00e9 \u00e0 ces r\u00e9unions. Au fil du temps, il devint clair que Dieu avait un nouveau projet pour Sam. \u00c9tant donn\u00e9 que Guam est un territoire des \u00c9tats-Unis, Sam n&rsquo;avait pas besoin de visa pour passer la fronti\u00e8re.<\/p>\n<\/div>\n\n<div class=\"wp-block block-core-paragraph\">\n<p>Il n\u2019y avait jamais eu de mouvement \u00e9tudiant de l\u2019IFES \u00e0 Guam et le besoin \u00e9tait donc encore plus grand qu\u2019aux Tonga. Dieu avait pourvu la bonne personne pour y rem\u00e9dier. Apr\u00e8s un temps de pr\u00e9paration, Sam se trouve d\u00e9sormais \u00e0 Guam. Il a r\u00e9cemment organis\u00e9 une premi\u00e8re r\u00e9union avec trois \u00e9tudiants qui prient pour savoir \u00e0 quoi le mouvement pourrait ressembler. M\u00eame si le chemin pour arriver \u00e0 Guam fut tortueux, il est d\u00e9sormais \u00e9vident que les plans de Sam avaient toujours \u00e9t\u00e9 entre les mains de Dieu. Nous avons la foi que Dieu continuera d&rsquo;\u00e9tablir un mouvement solide \u00e0 Guam gr\u00e2ce \u00e0 des \u00e9quipiers fid\u00e8les comme Sam. Prions ensemble pour de nouveaux commencements \u00e0 Guam.<\/p>\n<\/div>\n\n<div class=\"wp-block block-core-list\">\n<ul><li>Louez Dieu pour avoir envoy\u00e9 Sam implanter un groupe \u00e0 Guam. Priez que Dieu lui donne sagesse, force et direction alors qu&rsquo;il entreprend ce travail important.<\/li><li>Priez pour les trois \u00e9tudiants qui prient pour le minist\u00e8re parmi les \u00e9tudiants \u00e0 Guam. Priez qu\u2019ils deviennent des leaders sur leur campus. Priez que leur influence am\u00e8ne d\u2019autres personnes \u00e0 int\u00e9grer leur groupe.<\/li><li>Priez pour les Tonga, que Dieu envoie quelqu\u2019un au bon moment pour y relancer le minist\u00e8re.<\/li><\/ul>\n<\/div>","protected":false},"featured_media":0,"template":"","area":[1169,958],"theme":[],"class_list":["post-16350","prayerline","type-prayerline","status-publish","hentry","area-guam-pacifique-sud","area-pacifique-sud"],"acf":[],"yoast_head":"<!-- This site is optimized with the Yoast SEO plugin v22.6 - https:\/\/yoast.com\/wordpress\/plugins\/seo\/ -->\n<title>Dieu met fin \u00e0 un plan parfait &#183; IFES Prayerline<\/title>\n<meta name=\"description\" content=\"Dieu, pourquoi as-tu mis fin au plan parfait\u00a0? Tout \u00e9tait pr\u00eat. Apr\u00e8s des ann\u00e9es, le mouvement aux Tonga allait finalement reprendre. En 2019, Sam, un\" \/>\n<meta name=\"robots\" content=\"noindex, follow, max-snippet:-1, max-image-preview:large, max-video-preview:-1\" \/>\n<meta property=\"og:locale\" content=\"fr_FR\" \/>\n<meta property=\"og:type\" content=\"article\" \/>\n<meta property=\"og:title\" content=\"Dieu met fin \u00e0 un plan parfait &#183; IFES Prayerline\" \/>\n<meta property=\"og:description\" content=\"Dieu, pourquoi as-tu mis fin au plan parfait\u00a0? Tout \u00e9tait pr\u00eat. Apr\u00e8s des ann\u00e9es, le mouvement aux Tonga allait finalement reprendre. En 2019, Sam, un\" \/>\n<meta property=\"og:url\" content=\"https:\/\/ifesworld.org\/fr\/prayerline\/dieu-met-fin-a-un-plan-parfait\/\" \/>\n<meta property=\"og:site_name\" content=\"IFES\" \/>\n<meta property=\"article:modified_time\" content=\"2021-08-20T13:30:43+00:00\" \/>\n<meta property=\"og:image\" content=\"https:\/\/ifesworld.org\/wp-content\/uploads\/2021\/08\/Guam-1.jpg\" \/>\n\t<meta property=\"og:image:width\" content=\"1600\" \/>\n\t<meta property=\"og:image:height\" content=\"1200\" \/>\n\t<meta property=\"og:image:type\" content=\"image\/jpeg\" \/>\n<meta name=\"twitter:card\" content=\"summary_large_image\" \/>\n<meta name=\"twitter:label1\" content=\"Dur\u00e9e de lecture estim\u00e9e\" \/>\n\t<meta name=\"twitter:data1\" content=\"2 minutes\" \/>\n<script type=\"application\/ld+json\" class=\"yoast-schema-graph\">{\"@context\":\"https:\/\/schema.org\",\"@graph\":[{\"@type\":\"WebPage\",\"@id\":\"https:\/\/ifesworld.org\/fr\/prayerline\/dieu-met-fin-a-un-plan-parfait\/\",\"url\":\"https:\/\/ifesworld.org\/fr\/prayerline\/dieu-met-fin-a-un-plan-parfait\/\",\"name\":\"Dieu met fin \u00e0 un plan parfait &#183; IFES Prayerline\",\"isPartOf\":{\"@id\":\"https:\/\/fru.ifesworld.org\/en\/#website\"},\"datePublished\":\"2021-08-24T01:29:00+00:00\",\"dateModified\":\"2021-08-20T13:30:43+00:00\",\"description\":\"Dieu, pourquoi as-tu mis fin au plan parfait\u00a0? Tout \u00e9tait pr\u00eat. Apr\u00e8s des ann\u00e9es, le mouvement aux Tonga allait finalement reprendre. En 2019, Sam, un\",\"breadcrumb\":{\"@id\":\"https:\/\/ifesworld.org\/fr\/prayerline\/dieu-met-fin-a-un-plan-parfait\/#breadcrumb\"},\"inLanguage\":\"fr-FR\",\"potentialAction\":[{\"@type\":\"ReadAction\",\"target\":[\"https:\/\/ifesworld.org\/fr\/prayerline\/dieu-met-fin-a-un-plan-parfait\/\"]}]},{\"@type\":\"BreadcrumbList\",\"@id\":\"https:\/\/ifesworld.org\/fr\/prayerline\/dieu-met-fin-a-un-plan-parfait\/#breadcrumb\",\"itemListElement\":[{\"@type\":\"ListItem\",\"position\":1,\"name\":\"Home\",\"item\":\"https:\/\/fru.ifesworld.org\/fr\/\"},{\"@type\":\"ListItem\",\"position\":2,\"name\":\"Prayerline\",\"item\":\"https:\/\/ifesworld.org\/en\/prayerline\/\"},{\"@type\":\"ListItem\",\"position\":3,\"name\":\"Dieu met fin \u00e0 un plan parfait\"}]},{\"@type\":\"WebSite\",\"@id\":\"https:\/\/fru.ifesworld.org\/en\/#website\",\"url\":\"https:\/\/fru.ifesworld.org\/en\/\",\"name\":\"IFES\",\"description\":\"A movement of students sharing and living out the good news of Jesus Christ. Locally. Nationally. Globally.\",\"publisher\":{\"@id\":\"https:\/\/fru.ifesworld.org\/en\/#organization\"},\"potentialAction\":[{\"@type\":\"SearchAction\",\"target\":{\"@type\":\"EntryPoint\",\"urlTemplate\":\"https:\/\/fru.ifesworld.org\/en\/?s={search_term_string}\"},\"query-input\":\"required name=search_term_string\"}],\"inLanguage\":\"fr-FR\"},{\"@type\":\"Organization\",\"@id\":\"https:\/\/fru.ifesworld.org\/en\/#organization\",\"name\":\"IFES \u00b7 International Fellowship of Evangelical Students\",\"url\":\"https:\/\/fru.ifesworld.org\/en\/\",\"logo\":{\"@type\":\"ImageObject\",\"inLanguage\":\"fr-FR\",\"@id\":\"https:\/\/fru.ifesworld.org\/en\/#\/schema\/logo\/image\/\",\"url\":\"https:\/\/fru.ifesworld.org\/wp-content\/uploads\/2019\/06\/ifeslogo.png\",\"contentUrl\":\"https:\/\/fru.ifesworld.org\/wp-content\/uploads\/2019\/06\/ifeslogo.png\",\"width\":262,\"height\":262,\"caption\":\"IFES \u00b7 International Fellowship of Evangelical Students\"},\"image\":{\"@id\":\"https:\/\/fru.ifesworld.org\/en\/#\/schema\/logo\/image\/\"}}]}<\/script>\n<!-- \/ Yoast SEO plugin. -->","yoast_head_json":{"title":"Dieu met fin \u00e0 un plan parfait &#183; IFES Prayerline","description":"Dieu, pourquoi as-tu mis fin au plan parfait\u00a0? Tout \u00e9tait pr\u00eat. Apr\u00e8s des ann\u00e9es, le mouvement aux Tonga allait finalement reprendre. En 2019, Sam, un","robots":{"index":"noindex","follow":"follow","max-snippet":"max-snippet:-1","max-image-preview":"max-image-preview:large","max-video-preview":"max-video-preview:-1"},"og_locale":"fr_FR","og_type":"article","og_title":"Dieu met fin \u00e0 un plan parfait &#183; IFES Prayerline","og_description":"Dieu, pourquoi as-tu mis fin au plan parfait\u00a0? Tout \u00e9tait pr\u00eat. Apr\u00e8s des ann\u00e9es, le mouvement aux Tonga allait finalement reprendre. En 2019, Sam, un","og_url":"https:\/\/ifesworld.org\/fr\/prayerline\/dieu-met-fin-a-un-plan-parfait\/","og_site_name":"IFES","article_modified_time":"2021-08-20T13:30:43+00:00","og_image":[{"width":1600,"height":1200,"url":"https:\/\/ifesworld.org\/wp-content\/uploads\/2021\/08\/Guam-1.jpg","type":"image\/jpeg"}],"twitter_card":"summary_large_image","twitter_misc":{"Dur\u00e9e de lecture estim\u00e9e":"2 minutes"},"schema":{"@context":"https:\/\/schema.org","@graph":[{"@type":"WebPage","@id":"https:\/\/ifesworld.org\/fr\/prayerline\/dieu-met-fin-a-un-plan-parfait\/","url":"https:\/\/ifesworld.org\/fr\/prayerline\/dieu-met-fin-a-un-plan-parfait\/","name":"Dieu met fin \u00e0 un plan parfait &#183; IFES Prayerline","isPartOf":{"@id":"https:\/\/fru.ifesworld.org\/en\/#website"},"datePublished":"2021-08-24T01:29:00+00:00","dateModified":"2021-08-20T13:30:43+00:00","description":"Dieu, pourquoi as-tu mis fin au plan parfait\u00a0? Tout \u00e9tait pr\u00eat. Apr\u00e8s des ann\u00e9es, le mouvement aux Tonga allait finalement reprendre. En 2019, Sam, un","breadcrumb":{"@id":"https:\/\/ifesworld.org\/fr\/prayerline\/dieu-met-fin-a-un-plan-parfait\/#breadcrumb"},"inLanguage":"fr-FR","potentialAction":[{"@type":"ReadAction","target":["https:\/\/ifesworld.org\/fr\/prayerline\/dieu-met-fin-a-un-plan-parfait\/"]}]},{"@type":"BreadcrumbList","@id":"https:\/\/ifesworld.org\/fr\/prayerline\/dieu-met-fin-a-un-plan-parfait\/#breadcrumb","itemListElement":[{"@type":"ListItem","position":1,"name":"Home","item":"https:\/\/fru.ifesworld.org\/fr\/"},{"@type":"ListItem","position":2,"name":"Prayerline","item":"https:\/\/ifesworld.org\/en\/prayerline\/"},{"@type":"ListItem","position":3,"name":"Dieu met fin \u00e0 un plan parfait"}]},{"@type":"WebSite","@id":"https:\/\/fru.ifesworld.org\/en\/#website","url":"https:\/\/fru.ifesworld.org\/en\/","name":"IFES","description":"A movement of students sharing and living out the good news of Jesus Christ. Locally. Nationally. Globally.","publisher":{"@id":"https:\/\/fru.ifesworld.org\/en\/#organization"},"potentialAction":[{"@type":"SearchAction","target":{"@type":"EntryPoint","urlTemplate":"https:\/\/fru.ifesworld.org\/en\/?s={search_term_string}"},"query-input":"required name=search_term_string"}],"inLanguage":"fr-FR"},{"@type":"Organization","@id":"https:\/\/fru.ifesworld.org\/en\/#organization","name":"IFES \u00b7 International Fellowship of Evangelical Students","url":"https:\/\/fru.ifesworld.org\/en\/","logo":{"@type":"ImageObject","inLanguage":"fr-FR","@id":"https:\/\/fru.ifesworld.org\/en\/#\/schema\/logo\/image\/","url":"https:\/\/fru.ifesworld.org\/wp-content\/uploads\/2019\/06\/ifeslogo.png","contentUrl":"https:\/\/fru.ifesworld.org\/wp-content\/uploads\/2019\/06\/ifeslogo.png","width":262,"height":262,"caption":"IFES \u00b7 International Fellowship of Evangelical Students"},"image":{"@id":"https:\/\/fru.ifesworld.org\/en\/#\/schema\/logo\/image\/"}}]}},"_links":{"self":[{"href":"https:\/\/fru.ifesworld.org\/fr\/wp-json\/wp\/v2\/prayerline\/16350"}],"collection":[{"href":"https:\/\/fru.ifesworld.org\/fr\/wp-json\/wp\/v2\/prayerline"}],"about":[{"href":"https:\/\/fru.ifesworld.org\/fr\/wp-json\/wp\/v2\/types\/prayerline"}],"wp:attachment":[{"href":"https:\/\/fru.ifesworld.org\/fr\/wp-json\/wp\/v2\/media?parent=16350"}],"wp:term":[{"taxonomy":"area","embeddable":true,"href":"https:\/\/fru.ifesworld.org\/fr\/wp-json\/wp\/v2\/area?post=16350"},{"taxonomy":"theme","embeddable":true,"href":"https:\/\/fru.ifesworld.org\/fr\/wp-json\/wp\/v2\/theme?post=16350"}],"curies":[{"name":"wp","href":"https:\/\/api.w.org\/{rel}","templated":true}]}}

Dieu met fin à un plan parfait

<div class="wp-block block-core-quote is-style-default">
<blockquote class="wp-block-quote is-style-default is-layout-flow wp-block-quote-is-layout-flow"><p><em>Dieu, pourquoi as-tu mis fin au plan parfait ?</em></p></blockquote>
</div>

<div class="wp-block block-core-paragraph">
<p>Tout était prêt. Après des années, le mouvement aux Tonga allait finalement reprendre. En 2019, Sam, un équipier d’InterVarsity/USA avec des origines tongiennes, participa à l’Assemblée mondiale. Il s’y lia d’amitié avec quelques étudiants du Pacifique Sud. L’un de ces étudiants venait des Tonga et priait que quelqu&rsquo;un vienne y relancer le ministère de l’IFES. Pendant l’Assemblée mondiale, le cœur de Sam fut touché par les étudiants des Tonga et il décida de s’y rendre pour devenir le premier équipier de l’IFES dans le pays depuis des années.</p>
</div>

<div class="wp-block block-core-paragraph">
<p>Puis la Covid-19 frappa. Les frontières des Tonga furent fermées et Sam ne put obtenir de visa.</p>
</div>

<div class="wp-block block-core-quote is-style-default">
<blockquote class="wp-block-quote is-style-default is-layout-flow wp-block-quote-is-layout-flow"><p><em>Que faire maintenant, Seigneur ?</em></p></blockquote>
</div>

<div class="wp-block block-core-paragraph">
<p>Retour à la case départ&nbsp;: Sam voulait toujours servir mais il ne savait pas où&nbsp;!</p>
</div>

<div class="wp-block block-core-paragraph">
<p>Dans le temps de Dieu, tout devint clair. Un projet d’envoyer un équipier à Guam était tombé à l’eau à cause de la pandémie. Laura et Kurt Thiel d’InterVarsity Link commencèrent à inviter tous leurs contacts à participer à des réunions de prière virtuelle pour Guam. Sam fut invité à ces réunions. Au fil du temps, il devint clair que Dieu avait un nouveau projet pour Sam. Étant donné que Guam est un territoire des États-Unis, Sam n&rsquo;avait pas besoin de visa pour passer la frontière.</p>
</div>

<div class="wp-block block-core-paragraph">
<p>Il n’y avait jamais eu de mouvement étudiant de l’IFES à Guam et le besoin était donc encore plus grand qu’aux Tonga. Dieu avait pourvu la bonne personne pour y remédier. Après un temps de préparation, Sam se trouve désormais à Guam. Il a récemment organisé une première réunion avec trois étudiants qui prient pour savoir à quoi le mouvement pourrait ressembler. Même si le chemin pour arriver à Guam fut tortueux, il est désormais évident que les plans de Sam avaient toujours été entre les mains de Dieu. Nous avons la foi que Dieu continuera d&rsquo;établir un mouvement solide à Guam grâce à des équipiers fidèles comme Sam. Prions ensemble pour de nouveaux commencements à Guam.</p>
</div>

<div class="wp-block block-core-list">
<ul><li>Louez Dieu pour avoir envoyé Sam implanter un groupe à Guam. Priez que Dieu lui donne sagesse, force et direction alors qu&rsquo;il entreprend ce travail important.</li><li>Priez pour les trois étudiants qui prient pour le ministère parmi les étudiants à Guam. Priez qu’ils deviennent des leaders sur leur campus. Priez que leur influence amène d’autres personnes à intégrer leur groupe.</li><li>Priez pour les Tonga, que Dieu envoie quelqu’un au bon moment pour y relancer le ministère.</li></ul>
</div>

<!-- This site is optimized with the Yoast SEO plugin v22.6 - https://yoast.com/wordpress/plugins/seo/ -->
<title>Dieu met fin à un plan parfait &#183; IFES Prayerline</title>
<meta name="description" content="Dieu, pourquoi as-tu mis fin au plan parfait ? Tout était prêt. Après des années, le mouvement aux Tonga allait finalement reprendre. En 2019, Sam, un" />
<meta name="robots" content="noindex, follow, max-snippet:-1, max-image-preview:large, max-video-preview:-1" />
<meta property="og:locale" content="fr_FR" />
<meta property="og:type" content="article" />
<meta property="og:title" content="Dieu met fin à un plan parfait &#183; IFES Prayerline" />
<meta property="og:description" content="Dieu, pourquoi as-tu mis fin au plan parfait ? Tout était prêt. Après des années, le mouvement aux Tonga allait finalement reprendre. En 2019, Sam, un" />
<meta property="og:url" content="https://ifesworld.org/fr/prayerline/dieu-met-fin-a-un-plan-parfait/" />
<meta property="og:site_name" content="IFES" />
<meta property="article:modified_time" content="2021-08-20T13:30:43+00:00" />
<meta property="og:image" content="https://ifesworld.org/wp-content/uploads/2021/08/Guam-1.jpg" />
	<meta property="og:image:width" content="1600" />
	<meta property="og:image:height" content="1200" />
	<meta property="og:image:type" content="image/jpeg" />
<meta name="twitter:card" content="summary_large_image" />
<meta name="twitter:label1" content="Durée de lecture estimée" />
	<meta name="twitter:data1" content="2 minutes" />
<script type="application/ld+json" class="yoast-schema-graph">{"@context":"https://schema.org","@graph":[{"@type":"WebPage","@id":"https://ifesworld.org/fr/prayerline/dieu-met-fin-a-un-plan-parfait/","url":"https://ifesworld.org/fr/prayerline/dieu-met-fin-a-un-plan-parfait/","name":"Dieu met fin à un plan parfait &#183; IFES Prayerline","isPartOf":{"@id":"https://fru.ifesworld.org/en/#website"},"datePublished":"2021-08-24T01:29:00+00:00","dateModified":"2021-08-20T13:30:43+00:00","description":"Dieu, pourquoi as-tu mis fin au plan parfait ? Tout était prêt. Après des années, le mouvement aux Tonga allait finalement reprendre. En 2019, Sam, un","breadcrumb":{"@id":"https://ifesworld.org/fr/prayerline/dieu-met-fin-a-un-plan-parfait/#breadcrumb"},"inLanguage":"fr-FR","potentialAction":[{"@type":"ReadAction","target":["https://ifesworld.org/fr/prayerline/dieu-met-fin-a-un-plan-parfait/"]}]},{"@type":"BreadcrumbList","@id":"https://ifesworld.org/fr/prayerline/dieu-met-fin-a-un-plan-parfait/#breadcrumb","itemListElement":[{"@type":"ListItem","position":1,"name":"Home","item":"https://fru.ifesworld.org/fr/"},{"@type":"ListItem","position":2,"name":"Prayerline","item":"https://ifesworld.org/en/prayerline/"},{"@type":"ListItem","position":3,"name":"Dieu met fin à un plan parfait"}]},{"@type":"WebSite","@id":"https://fru.ifesworld.org/en/#website","url":"https://fru.ifesworld.org/en/","name":"IFES","description":"A movement of students sharing and living out the good news of Jesus Christ. Locally. Nationally. Globally.","publisher":{"@id":"https://fru.ifesworld.org/en/#organization"},"potentialAction":[{"@type":"SearchAction","target":{"@type":"EntryPoint","urlTemplate":"https://fru.ifesworld.org/en/?s={search_term_string}"},"query-input":"required name=search_term_string"}],"inLanguage":"fr-FR"},{"@type":"Organization","@id":"https://fru.ifesworld.org/en/#organization","name":"IFES · International Fellowship of Evangelical Students","url":"https://fru.ifesworld.org/en/","logo":{"@type":"ImageObject","inLanguage":"fr-FR","@id":"https://fru.ifesworld.org/en/#/schema/logo/image/","url":"https://fru.ifesworld.org/wp-content/uploads/2019/06/ifeslogo.png","contentUrl":"https://fru.ifesworld.org/wp-content/uploads/2019/06/ifeslogo.png","width":262,"height":262,"caption":"IFES · International Fellowship of Evangelical Students"},"image":{"@id":"https://fru.ifesworld.org/en/#/schema/logo/image/"}}]}</script>
<!-- / Yoast SEO plugin. -->

Dieu met fin à un plan parfait &#183; IFES Prayerline

Dieu, pourquoi as-tu mis fin au plan parfait ? Tout était prêt. Après des années, le mouvement aux Tonga allait finalement reprendre. En 2019, Sam, un
