{"id":14915,"date":"2021-03-09T05:34:00","date_gmt":"2021-03-09T05:34:00","guid":{"rendered":"https:\/\/fru.ifesworld.org\/?post_type=prayerline&#038;p=14915"},"modified":"2021-03-08T17:36:14","modified_gmt":"2021-03-08T17:36:14","slug":"elevees","status":"publish","type":"prayerline","link":"https:\/\/fru.ifesworld.org\/fr\/prayerline\/elevees\/","title":{"rendered":"\u00c9lev\u00e9es"},"content":{"rendered":"<div class=\"wp-block block-core-paragraph\">\n<p>Qui dit promenade en soir\u00e9e dit moment paisible&#8230; une occasion de profiter de l\u2019air frais, ou m\u00eame un temps pour r\u00e9fl\u00e9chir et prier. Mais pour les femmes du monde entier, une courte marche pour rentrer chez elles le soir peut \u00eatre synonyme de danger.<\/p>\n<\/div>\n\n<div class=\"wp-block block-core-paragraph\">\n<p>La recherche documentaire de l\u2019IFES qui figure dans le <a href=\"https:\/\/fru.ifesworld.org\/wp-content\/uploads\/2020\/08\/IFES-Global-Trends-Report_FR_Final.pdf\">Rapport de tendances mondiales<\/a> d\u00e9montre que la violence contre les femmes est une tendance susceptible d&rsquo;affecter le minist\u00e8re \u00e9tudiant dans les ann\u00e9es \u00e0 venir. Bien qu\u2019aucune r\u00e9gion du monde soit \u00e9pargn\u00e9e par cette probl\u00e9matique, les recherches montrent que l&rsquo;Am\u00e9rique latine est l&rsquo;une des principales r\u00e9gions concern\u00e9es par ce probl\u00e8me, et ce notamment sur les campus universitaires.<\/p>\n<\/div>\n\n<div class=\"wp-block block-core-paragraph\">\n<p>Mais les groupes de l&rsquo;IFES en Am\u00e9rique latine sont en train de lever leur voix \u00e0 travers des productions th\u00e9\u00e2trales et des d\u00e9bats, afin d\u2019encourager le public \u00e0 ouvrir leurs yeux sur la valeur des femmes en tant que porteuses de l&rsquo;image de Dieu. Par ailleurs, il est int\u00e9ressant de noter que l&rsquo;Am\u00e9rique latine est \u00e9galement la r\u00e9gion de l&rsquo;IFES o\u00f9 il y a plus de femmes qui occupent le poste de secr\u00e9taires g\u00e9n\u00e9rales que d&rsquo;hommes. Sur un total de 20 mouvements, 11 sont dirig\u00e9s par des femmes.<\/p>\n<\/div>\n\n<div class=\"wp-block block-core-quote is-style-default\">\n<blockquote class=\"wp-block-quote is-style-default is-layout-flow wp-block-quote-is-layout-flow\"><p><em>\u00ab\u00a0M\u00eame si beaucoup d&rsquo;entre nous consid\u00e8rent l&rsquo;Am\u00e9rique latine comme un environnement \u00ab\u00a0machiste\u00a0\u00bb, ce champ de mission est ouvert \u00e0 un grand nombre de femmes. Il y a des femmes c\u00e9libataires, des femmes mari\u00e9es avec des enfants en bas \u00e2ge et des femmes avec des enfants plus \u00e2g\u00e9s&#8230; en d&rsquo;autres termes, une grande diversit\u00e9 de femmes servent le Seigneur dans le minist\u00e8re parmi les \u00e9tudiants. Quelle b\u00e9n\u00e9diction !\u00a0\u00bb <\/em><\/p><cite><em>se r\u00e9jouit Carmen Castillo, coordinatrice sous-r\u00e9gionale pour l&rsquo;Am\u00e9rique latine.<\/em><\/cite><\/blockquote>\n<\/div>\n\n<div class=\"wp-block block-core-paragraph\">\n<p>La r\u00e9gion a lanc\u00e9 un projet visant \u00e0 r\u00e9unir r\u00e9guli\u00e8rement des femmes leaders afin qu&rsquo;elles se soutiennent et s&rsquo;encouragent mutuellement.<\/p>\n<\/div>\n\n<div class=\"wp-block block-core-quote is-style-default\">\n<blockquote class=\"wp-block-quote is-style-default is-layout-flow wp-block-quote-is-layout-flow\"><p>\u00ab\u00a0<em>L&rsquo;id\u00e9e est de pouvoir se soutenir mutuellement dans un processus qui vise, non seulement \u00e0 mettre en avant la valeur des femmes, mais aussi \u00e0 soutenir nos fr\u00e8res en mission<\/em>\u00a0\u00bb, <\/p><cite><em>explique Carmen.<\/em><\/cite><\/blockquote>\n<\/div>\n\n<div class=\"wp-block block-core-paragraph\">\n<p>Dans une soci\u00e9t\u00e9 fortement patriarcale, des projets comme celui-ci enl\u00e8vent les obstacles contre la diffusion de l\u2019\u00c9vangile en montrant sa capacit\u00e9 \u00e0 \u00e9radiquer les messages et les pratiques d\u00e9gradantes de la culture machiste. Carmen nous raconte :<\/p>\n<\/div>\n\n<div class=\"wp-block block-core-quote is-style-default\">\n<blockquote class=\"wp-block-quote is-style-default is-layout-flow wp-block-quote-is-layout-flow\"><p><em>\u00ab\u00a0Comme l\u2019affirme une chanson de notre pays : \u00ab\u00a0[J\u00e9sus] a exalt\u00e9 les enfants, et aussi les femmes\u00a0\u00bb. Voil\u00e0 le J\u00e9sus que nous servons, celui qui accueille les personnes que le monde m\u00e9prise et les \u00e9l\u00e8ve \u00e0 la bonne place\u00a0\u00bb.<\/em><\/p><\/blockquote>\n<\/div>\n\n<div class=\"wp-block block-core-paragraph\">\n<p>Hier, c&rsquo;\u00e9tait la Journ\u00e9e internationale des femmes, une journ\u00e9e destin\u00e9e \u00e0 reconna\u00eetre les r\u00e9alisations et les luttes des femmes dans le monde entier. Cette semaine, prions pour les femmes de l&rsquo;IFES, lesquelles contribuent \u00e0 l\u2019annonce de l&rsquo;\u00c9vangile sur les campus universitaires.<\/p>\n<\/div>\n\n<div class=\"wp-block block-core-list\">\n<ul><li>Prions pour les \u00e9tudiantes universitaires qui sont touch\u00e9es par la violence de genre sur leur campus.<\/li><li>Prions pour que les \u00e9tudiants, les responsables et le personnel de l&rsquo;IFES l\u00e8vent leur voix contre la discrimination et la violence envers les femmes. Prions pour qu\u2019en ayant le courage d&rsquo;aborder ces probl\u00e9matiques, la richesse de l\u2019\u00c9vangile puisse \u00eatre mise en avant.<\/li><li>Prions pour les femmes leaders en Am\u00e9rique latine. Prions que Dieu guide leur groupe et d\u00e9veloppe leurs dons et talents pour qu&rsquo;elles soient utilis\u00e9es efficacement dans leur minist\u00e8re.<\/li><\/ul>\n<\/div>","protected":false},"featured_media":0,"template":"","area":[954],"theme":[],"class_list":["post-14915","prayerline","type-prayerline","status-publish","hentry","area-amerique-latine"],"acf":[],"yoast_head":"<!-- This site is optimized with the Yoast SEO plugin v22.6 - https:\/\/yoast.com\/wordpress\/plugins\/seo\/ -->\n<title>\u00c9lev\u00e9es &#183; IFES Prayerline<\/title>\n<meta name=\"description\" content=\"Qui dit promenade en soir\u00e9e dit moment paisible... une occasion de profiter de l\u2019air frais, ou m\u00eame un temps pour r\u00e9fl\u00e9chir et prier. Mais pour les femmes\" \/>\n<meta name=\"robots\" content=\"noindex, follow, max-snippet:-1, max-image-preview:large, max-video-preview:-1\" \/>\n<meta property=\"og:locale\" content=\"fr_FR\" \/>\n<meta property=\"og:type\" content=\"article\" \/>\n<meta property=\"og:title\" content=\"\u00c9lev\u00e9es &#183; IFES Prayerline\" \/>\n<meta property=\"og:description\" content=\"Qui dit promenade en soir\u00e9e dit moment paisible... une occasion de profiter de l\u2019air frais, ou m\u00eame un temps pour r\u00e9fl\u00e9chir et prier. Mais pour les femmes\" \/>\n<meta property=\"og:url\" content=\"https:\/\/ifesworld.org\/fr\/prayerline\/elevees\/\" \/>\n<meta property=\"og:site_name\" content=\"IFES\" \/>\n<meta property=\"article:modified_time\" content=\"2021-03-08T17:36:14+00:00\" \/>\n<meta property=\"og:image\" content=\"https:\/\/ifesworld.org\/wp-content\/uploads\/2021\/03\/LAWOMEN-scaled.jpg\" \/>\n\t<meta property=\"og:image:width\" content=\"2560\" \/>\n\t<meta property=\"og:image:height\" content=\"1523\" \/>\n\t<meta property=\"og:image:type\" content=\"image\/jpeg\" \/>\n<meta name=\"twitter:card\" content=\"summary_large_image\" \/>\n<meta name=\"twitter:label1\" content=\"Dur\u00e9e de lecture estim\u00e9e\" \/>\n\t<meta name=\"twitter:data1\" content=\"3 minutes\" \/>\n<script type=\"application\/ld+json\" class=\"yoast-schema-graph\">{\"@context\":\"https:\/\/schema.org\",\"@graph\":[{\"@type\":\"WebPage\",\"@id\":\"https:\/\/ifesworld.org\/fr\/prayerline\/elevees\/\",\"url\":\"https:\/\/ifesworld.org\/fr\/prayerline\/elevees\/\",\"name\":\"\u00c9lev\u00e9es &#183; IFES Prayerline\",\"isPartOf\":{\"@id\":\"https:\/\/fru.ifesworld.org\/en\/#website\"},\"datePublished\":\"2021-03-09T05:34:00+00:00\",\"dateModified\":\"2021-03-08T17:36:14+00:00\",\"description\":\"Qui dit promenade en soir\u00e9e dit moment paisible... une occasion de profiter de l\u2019air frais, ou m\u00eame un temps pour r\u00e9fl\u00e9chir et prier. Mais pour les femmes\",\"breadcrumb\":{\"@id\":\"https:\/\/ifesworld.org\/fr\/prayerline\/elevees\/#breadcrumb\"},\"inLanguage\":\"fr-FR\",\"potentialAction\":[{\"@type\":\"ReadAction\",\"target\":[\"https:\/\/ifesworld.org\/fr\/prayerline\/elevees\/\"]}]},{\"@type\":\"BreadcrumbList\",\"@id\":\"https:\/\/ifesworld.org\/fr\/prayerline\/elevees\/#breadcrumb\",\"itemListElement\":[{\"@type\":\"ListItem\",\"position\":1,\"name\":\"Home\",\"item\":\"https:\/\/fru.ifesworld.org\/fr\/\"},{\"@type\":\"ListItem\",\"position\":2,\"name\":\"Prayerline\",\"item\":\"https:\/\/ifesworld.org\/en\/prayerline\/\"},{\"@type\":\"ListItem\",\"position\":3,\"name\":\"\u00c9lev\u00e9es\"}]},{\"@type\":\"WebSite\",\"@id\":\"https:\/\/fru.ifesworld.org\/en\/#website\",\"url\":\"https:\/\/fru.ifesworld.org\/en\/\",\"name\":\"IFES\",\"description\":\"A movement of students sharing and living out the good news of Jesus Christ. Locally. Nationally. Globally.\",\"publisher\":{\"@id\":\"https:\/\/fru.ifesworld.org\/en\/#organization\"},\"potentialAction\":[{\"@type\":\"SearchAction\",\"target\":{\"@type\":\"EntryPoint\",\"urlTemplate\":\"https:\/\/fru.ifesworld.org\/en\/?s={search_term_string}\"},\"query-input\":\"required name=search_term_string\"}],\"inLanguage\":\"fr-FR\"},{\"@type\":\"Organization\",\"@id\":\"https:\/\/fru.ifesworld.org\/en\/#organization\",\"name\":\"IFES \u00b7 International Fellowship of Evangelical Students\",\"url\":\"https:\/\/fru.ifesworld.org\/en\/\",\"logo\":{\"@type\":\"ImageObject\",\"inLanguage\":\"fr-FR\",\"@id\":\"https:\/\/fru.ifesworld.org\/en\/#\/schema\/logo\/image\/\",\"url\":\"https:\/\/fru.ifesworld.org\/wp-content\/uploads\/2019\/06\/ifeslogo.png\",\"contentUrl\":\"https:\/\/fru.ifesworld.org\/wp-content\/uploads\/2019\/06\/ifeslogo.png\",\"width\":262,\"height\":262,\"caption\":\"IFES \u00b7 International Fellowship of Evangelical Students\"},\"image\":{\"@id\":\"https:\/\/fru.ifesworld.org\/en\/#\/schema\/logo\/image\/\"}}]}<\/script>\n<!-- \/ Yoast SEO plugin. -->","yoast_head_json":{"title":"\u00c9lev\u00e9es &#183; IFES Prayerline","description":"Qui dit promenade en soir\u00e9e dit moment paisible... une occasion de profiter de l\u2019air frais, ou m\u00eame un temps pour r\u00e9fl\u00e9chir et prier. Mais pour les femmes","robots":{"index":"noindex","follow":"follow","max-snippet":"max-snippet:-1","max-image-preview":"max-image-preview:large","max-video-preview":"max-video-preview:-1"},"og_locale":"fr_FR","og_type":"article","og_title":"\u00c9lev\u00e9es &#183; IFES Prayerline","og_description":"Qui dit promenade en soir\u00e9e dit moment paisible... une occasion de profiter de l\u2019air frais, ou m\u00eame un temps pour r\u00e9fl\u00e9chir et prier. Mais pour les femmes","og_url":"https:\/\/ifesworld.org\/fr\/prayerline\/elevees\/","og_site_name":"IFES","article_modified_time":"2021-03-08T17:36:14+00:00","og_image":[{"width":2560,"height":1523,"url":"https:\/\/ifesworld.org\/wp-content\/uploads\/2021\/03\/LAWOMEN-scaled.jpg","type":"image\/jpeg"}],"twitter_card":"summary_large_image","twitter_misc":{"Dur\u00e9e de lecture estim\u00e9e":"3 minutes"},"schema":{"@context":"https:\/\/schema.org","@graph":[{"@type":"WebPage","@id":"https:\/\/ifesworld.org\/fr\/prayerline\/elevees\/","url":"https:\/\/ifesworld.org\/fr\/prayerline\/elevees\/","name":"\u00c9lev\u00e9es &#183; IFES Prayerline","isPartOf":{"@id":"https:\/\/fru.ifesworld.org\/en\/#website"},"datePublished":"2021-03-09T05:34:00+00:00","dateModified":"2021-03-08T17:36:14+00:00","description":"Qui dit promenade en soir\u00e9e dit moment paisible... une occasion de profiter de l\u2019air frais, ou m\u00eame un temps pour r\u00e9fl\u00e9chir et prier. Mais pour les femmes","breadcrumb":{"@id":"https:\/\/ifesworld.org\/fr\/prayerline\/elevees\/#breadcrumb"},"inLanguage":"fr-FR","potentialAction":[{"@type":"ReadAction","target":["https:\/\/ifesworld.org\/fr\/prayerline\/elevees\/"]}]},{"@type":"BreadcrumbList","@id":"https:\/\/ifesworld.org\/fr\/prayerline\/elevees\/#breadcrumb","itemListElement":[{"@type":"ListItem","position":1,"name":"Home","item":"https:\/\/fru.ifesworld.org\/fr\/"},{"@type":"ListItem","position":2,"name":"Prayerline","item":"https:\/\/ifesworld.org\/en\/prayerline\/"},{"@type":"ListItem","position":3,"name":"\u00c9lev\u00e9es"}]},{"@type":"WebSite","@id":"https:\/\/fru.ifesworld.org\/en\/#website","url":"https:\/\/fru.ifesworld.org\/en\/","name":"IFES","description":"A movement of students sharing and living out the good news of Jesus Christ. Locally. Nationally. Globally.","publisher":{"@id":"https:\/\/fru.ifesworld.org\/en\/#organization"},"potentialAction":[{"@type":"SearchAction","target":{"@type":"EntryPoint","urlTemplate":"https:\/\/fru.ifesworld.org\/en\/?s={search_term_string}"},"query-input":"required name=search_term_string"}],"inLanguage":"fr-FR"},{"@type":"Organization","@id":"https:\/\/fru.ifesworld.org\/en\/#organization","name":"IFES \u00b7 International Fellowship of Evangelical Students","url":"https:\/\/fru.ifesworld.org\/en\/","logo":{"@type":"ImageObject","inLanguage":"fr-FR","@id":"https:\/\/fru.ifesworld.org\/en\/#\/schema\/logo\/image\/","url":"https:\/\/fru.ifesworld.org\/wp-content\/uploads\/2019\/06\/ifeslogo.png","contentUrl":"https:\/\/fru.ifesworld.org\/wp-content\/uploads\/2019\/06\/ifeslogo.png","width":262,"height":262,"caption":"IFES \u00b7 International Fellowship of Evangelical Students"},"image":{"@id":"https:\/\/fru.ifesworld.org\/en\/#\/schema\/logo\/image\/"}}]}},"_links":{"self":[{"href":"https:\/\/fru.ifesworld.org\/fr\/wp-json\/wp\/v2\/prayerline\/14915"}],"collection":[{"href":"https:\/\/fru.ifesworld.org\/fr\/wp-json\/wp\/v2\/prayerline"}],"about":[{"href":"https:\/\/fru.ifesworld.org\/fr\/wp-json\/wp\/v2\/types\/prayerline"}],"wp:attachment":[{"href":"https:\/\/fru.ifesworld.org\/fr\/wp-json\/wp\/v2\/media?parent=14915"}],"wp:term":[{"taxonomy":"area","embeddable":true,"href":"https:\/\/fru.ifesworld.org\/fr\/wp-json\/wp\/v2\/area?post=14915"},{"taxonomy":"theme","embeddable":true,"href":"https:\/\/fru.ifesworld.org\/fr\/wp-json\/wp\/v2\/theme?post=14915"}],"curies":[{"name":"wp","href":"https:\/\/api.w.org\/{rel}","templated":true}]}}

Élevées

<div class="wp-block block-core-paragraph">
<p>Qui dit promenade en soirée dit moment paisible&#8230; une occasion de profiter de l’air frais, ou même un temps pour réfléchir et prier. Mais pour les femmes du monde entier, une courte marche pour rentrer chez elles le soir peut être synonyme de danger.</p>
</div>

<div class="wp-block block-core-paragraph">
<p>La recherche documentaire de l’IFES qui figure dans le <a href="https://fru.ifesworld.org/wp-content/uploads/2020/08/IFES-Global-Trends-Report_FR_Final.pdf">Rapport de tendances mondiales</a> démontre que la violence contre les femmes est une tendance susceptible d&rsquo;affecter le ministère étudiant dans les années à venir. Bien qu’aucune région du monde soit épargnée par cette problématique, les recherches montrent que l&rsquo;Amérique latine est l&rsquo;une des principales régions concernées par ce problème, et ce notamment sur les campus universitaires.</p>
</div>

<div class="wp-block block-core-paragraph">
<p>Mais les groupes de l&rsquo;IFES en Amérique latine sont en train de lever leur voix à travers des productions théâtrales et des débats, afin d’encourager le public à ouvrir leurs yeux sur la valeur des femmes en tant que porteuses de l&rsquo;image de Dieu. Par ailleurs, il est intéressant de noter que l&rsquo;Amérique latine est également la région de l&rsquo;IFES où il y a plus de femmes qui occupent le poste de secrétaires générales que d&rsquo;hommes. Sur un total de 20 mouvements, 11 sont dirigés par des femmes.</p>
</div>

<div class="wp-block block-core-quote is-style-default">
<blockquote class="wp-block-quote is-style-default is-layout-flow wp-block-quote-is-layout-flow"><p><em>« Même si beaucoup d&rsquo;entre nous considèrent l&rsquo;Amérique latine comme un environnement « machiste », ce champ de mission est ouvert à un grand nombre de femmes. Il y a des femmes célibataires, des femmes mariées avec des enfants en bas âge et des femmes avec des enfants plus âgés&#8230; en d&rsquo;autres termes, une grande diversité de femmes servent le Seigneur dans le ministère parmi les étudiants. Quelle bénédiction ! » </em></p><cite><em>se réjouit Carmen Castillo, coordinatrice sous-régionale pour l&rsquo;Amérique latine.</em></cite></blockquote>
</div>

<div class="wp-block block-core-paragraph">
<p>La région a lancé un projet visant à réunir régulièrement des femmes leaders afin qu&rsquo;elles se soutiennent et s&rsquo;encouragent mutuellement.</p>
</div>

<div class="wp-block block-core-quote is-style-default">
<blockquote class="wp-block-quote is-style-default is-layout-flow wp-block-quote-is-layout-flow"><p>« <em>L&rsquo;idée est de pouvoir se soutenir mutuellement dans un processus qui vise, non seulement à mettre en avant la valeur des femmes, mais aussi à soutenir nos frères en mission</em> », </p><cite><em>explique Carmen.</em></cite></blockquote>
</div>

<div class="wp-block block-core-paragraph">
<p>Dans une société fortement patriarcale, des projets comme celui-ci enlèvent les obstacles contre la diffusion de l’Évangile en montrant sa capacité à éradiquer les messages et les pratiques dégradantes de la culture machiste. Carmen nous raconte :</p>
</div>

<div class="wp-block block-core-quote is-style-default">
<blockquote class="wp-block-quote is-style-default is-layout-flow wp-block-quote-is-layout-flow"><p><em>« Comme l’affirme une chanson de notre pays : « [Jésus] a exalté les enfants, et aussi les femmes ». Voilà le Jésus que nous servons, celui qui accueille les personnes que le monde méprise et les élève à la bonne place ».</em></p></blockquote>
</div>

<div class="wp-block block-core-paragraph">
<p>Hier, c&rsquo;était la Journée internationale des femmes, une journée destinée à reconnaître les réalisations et les luttes des femmes dans le monde entier. Cette semaine, prions pour les femmes de l&rsquo;IFES, lesquelles contribuent à l’annonce de l&rsquo;Évangile sur les campus universitaires.</p>
</div>

<div class="wp-block block-core-list">
<ul><li>Prions pour les étudiantes universitaires qui sont touchées par la violence de genre sur leur campus.</li><li>Prions pour que les étudiants, les responsables et le personnel de l&rsquo;IFES lèvent leur voix contre la discrimination et la violence envers les femmes. Prions pour qu’en ayant le courage d&rsquo;aborder ces problématiques, la richesse de l’Évangile puisse être mise en avant.</li><li>Prions pour les femmes leaders en Amérique latine. Prions que Dieu guide leur groupe et développe leurs dons et talents pour qu&rsquo;elles soient utilisées efficacement dans leur ministère.</li></ul>
</div>

<!-- This site is optimized with the Yoast SEO plugin v22.6 - https://yoast.com/wordpress/plugins/seo/ -->
<title>Élevées &#183; IFES Prayerline</title>
<meta name="description" content="Qui dit promenade en soirée dit moment paisible... une occasion de profiter de l’air frais, ou même un temps pour réfléchir et prier. Mais pour les femmes" />
<meta name="robots" content="noindex, follow, max-snippet:-1, max-image-preview:large, max-video-preview:-1" />
<meta property="og:locale" content="fr_FR" />
<meta property="og:type" content="article" />
<meta property="og:title" content="Élevées &#183; IFES Prayerline" />
<meta property="og:description" content="Qui dit promenade en soirée dit moment paisible... une occasion de profiter de l’air frais, ou même un temps pour réfléchir et prier. Mais pour les femmes" />
<meta property="og:url" content="https://ifesworld.org/fr/prayerline/elevees/" />
<meta property="og:site_name" content="IFES" />
<meta property="article:modified_time" content="2021-03-08T17:36:14+00:00" />
<meta property="og:image" content="https://ifesworld.org/wp-content/uploads/2021/03/LAWOMEN-scaled.jpg" />
	<meta property="og:image:width" content="2560" />
	<meta property="og:image:height" content="1523" />
	<meta property="og:image:type" content="image/jpeg" />
<meta name="twitter:card" content="summary_large_image" />
<meta name="twitter:label1" content="Durée de lecture estimée" />
	<meta name="twitter:data1" content="3 minutes" />
<script type="application/ld+json" class="yoast-schema-graph">{"@context":"https://schema.org","@graph":[{"@type":"WebPage","@id":"https://ifesworld.org/fr/prayerline/elevees/","url":"https://ifesworld.org/fr/prayerline/elevees/","name":"Élevées &#183; IFES Prayerline","isPartOf":{"@id":"https://fru.ifesworld.org/en/#website"},"datePublished":"2021-03-09T05:34:00+00:00","dateModified":"2021-03-08T17:36:14+00:00","description":"Qui dit promenade en soirée dit moment paisible... une occasion de profiter de l’air frais, ou même un temps pour réfléchir et prier. Mais pour les femmes","breadcrumb":{"@id":"https://ifesworld.org/fr/prayerline/elevees/#breadcrumb"},"inLanguage":"fr-FR","potentialAction":[{"@type":"ReadAction","target":["https://ifesworld.org/fr/prayerline/elevees/"]}]},{"@type":"BreadcrumbList","@id":"https://ifesworld.org/fr/prayerline/elevees/#breadcrumb","itemListElement":[{"@type":"ListItem","position":1,"name":"Home","item":"https://fru.ifesworld.org/fr/"},{"@type":"ListItem","position":2,"name":"Prayerline","item":"https://ifesworld.org/en/prayerline/"},{"@type":"ListItem","position":3,"name":"Élevées"}]},{"@type":"WebSite","@id":"https://fru.ifesworld.org/en/#website","url":"https://fru.ifesworld.org/en/","name":"IFES","description":"A movement of students sharing and living out the good news of Jesus Christ. Locally. Nationally. Globally.","publisher":{"@id":"https://fru.ifesworld.org/en/#organization"},"potentialAction":[{"@type":"SearchAction","target":{"@type":"EntryPoint","urlTemplate":"https://fru.ifesworld.org/en/?s={search_term_string}"},"query-input":"required name=search_term_string"}],"inLanguage":"fr-FR"},{"@type":"Organization","@id":"https://fru.ifesworld.org/en/#organization","name":"IFES · International Fellowship of Evangelical Students","url":"https://fru.ifesworld.org/en/","logo":{"@type":"ImageObject","inLanguage":"fr-FR","@id":"https://fru.ifesworld.org/en/#/schema/logo/image/","url":"https://fru.ifesworld.org/wp-content/uploads/2019/06/ifeslogo.png","contentUrl":"https://fru.ifesworld.org/wp-content/uploads/2019/06/ifeslogo.png","width":262,"height":262,"caption":"IFES · International Fellowship of Evangelical Students"},"image":{"@id":"https://fru.ifesworld.org/en/#/schema/logo/image/"}}]}</script>
<!-- / Yoast SEO plugin. -->

Élevées &#183; IFES Prayerline

Qui dit promenade en soirée dit moment paisible... une occasion de profiter de l’air frais, ou même un temps pour réfléchir et prier. Mais pour les femmes
