{"id":7362,"date":"2019-07-16T11:08:20","date_gmt":"2019-07-16T11:08:20","guid":{"rendered":"https:\/\/fru.ifesworld.org\/?post_type=prayerline&#038;p=7362"},"modified":"2019-07-16T11:08:20","modified_gmt":"2019-07-16T11:08:20","slug":"los-participantes-de-la-asamblea-mundial-comparten-sus-reflexiones","status":"publish","type":"prayerline","link":"https:\/\/fru.ifesworld.org\/es\/prayerline\/los-participantes-de-la-asamblea-mundial-comparten-sus-reflexiones\/","title":{"rendered":"Los participantes de la Asamblea Mundial comparten sus reflexiones"},"content":{"rendered":"<div class=\"wp-block block-core-paragraph\">\n<p>1100 participantes. 170 pa\u00edses. 70 seminarios. 22 comidas juntos. 13 nuevos movimientos. 1 mensaje de esperanza para llevarlo a las universidades de todo el mundo. \u00bfPor qu\u00e9 es necesaria la esperanza en nuestros distintos contextos? \u00bfQu\u00e9 te llevas de la Asamblea Mundial?\u00a0 <\/p>\n<\/div>\n\n<div class=\"wp-block block-core-quote\">\n<blockquote class=\"wp-block-quote is-layout-flow wp-block-quote-is-layout-flow\"><p>  \u00abLa esperanza es necesaria para que los estudiantes cristianos sean valientes para predicar el evangelio en palabras y obras. Me llevo las historias de la Biblia que ofrecen esperanza y las que he o\u00eddo\u00a0sobre\u00a0el ministerio estudiantil de todo el mundo\u00bb.\u00a0<strong>Fransisca, PERKANTAS Indonesia.<\/strong>\u00a0<\/p><p>\u00abLa esperanza es necesaria para impactar las universidades del mundo, reconocer la diversidad, reconocer la unidad evang\u00e9lica y\u00a0recordar\u00a0la autoridad e integridad de la Palabra de Dios. Me he dado cuenta completamente de que mi historia es parte de la historia de Dios\u00bb.\u00a0<strong>Charlie, SLEFES Sierra Leona.<\/strong>\u00a0<\/p><p>\u00abLa esperanza es necesaria porque los estudiantes sufren depresi\u00f3n y aislamiento. Necesitan saber que Dios los cre\u00f3, los conoce y los ama. Me llevo ideas pr\u00e1cticas para cultivar la comunidad entre la gente herida\u00bb. <strong>Kelley, InterVarsity USA.\u00a0<\/strong> <\/p><\/blockquote>\n<\/div>\n\n<div class=\"wp-block block-core-paragraph\">\n<p> Ora con nosotros por los participantes que vuelven a sus movimientos de todo el mundo.<\/p>\n<\/div>\n\n<div class=\"wp-block block-core-list\">\n<ul><li>Ora por las amistades entabladas entre personas y movimientos en la Asamblea Mundial, para que contin\u00faen y se fortalezca as\u00ed la asociaci\u00f3n.\u00a0<\/li><li>Ora por los nuevos miembros del comit\u00e9 nombrados en la Asamblea Mundial. Ora para que Dios los ayude a liderar con sabidur\u00eda y espiritualidad.\u00a0<\/li><li>Ora para que las lecciones aprendidas y las ideas compartidas en la Asamblea Mundial no caigan en saco roto, sino que beneficien a todos los movimientos nacionales a los que regresan los delegados.\u00a0<\/li><\/ul>\n<\/div>\n\n<div class=\"wp-block block-core-paragraph\">\n<p>\u00a1Gracias por orar con nosotros!<\/p>\n<\/div>","protected":false},"featured_media":7356,"template":"","area":[],"theme":[1265],"class_list":["post-7362","prayerline","type-prayerline","status-publish","has-post-thumbnail","hentry","theme-asamblea-mundial"],"acf":[],"yoast_head":"<!-- This site is optimized with the Yoast SEO plugin v22.6 - https:\/\/yoast.com\/wordpress\/plugins\/seo\/ -->\n<title>Los participantes de la Asamblea Mundial comparten sus reflexiones &#183; IFES Prayerline<\/title>\n<meta name=\"description\" content=\"1100 participantes. 170 pa\u00edses. 70 seminarios. 22 comidas juntos. 13 nuevos movimientos. 1 mensaje de esperanza para llevarlo a las universidades de todo\" \/>\n<meta name=\"robots\" content=\"noindex, follow, max-snippet:-1, max-image-preview:large, max-video-preview:-1\" \/>\n<meta property=\"og:locale\" content=\"es_ES\" \/>\n<meta property=\"og:type\" content=\"article\" \/>\n<meta property=\"og:title\" content=\"Los participantes de la Asamblea Mundial comparten sus reflexiones &#183; IFES Prayerline\" \/>\n<meta property=\"og:description\" content=\"1100 participantes. 170 pa\u00edses. 70 seminarios. 22 comidas juntos. 13 nuevos movimientos. 1 mensaje de esperanza para llevarlo a las universidades de todo\" \/>\n<meta property=\"og:url\" content=\"https:\/\/ifesworld.org\/es\/prayerline\/los-participantes-de-la-asamblea-mundial-comparten-sus-reflexiones\/\" \/>\n<meta property=\"og:site_name\" content=\"IFES\" \/>\n<meta property=\"og:image\" content=\"https:\/\/ifesworld.org\/wp-content\/uploads\/2019\/07\/190716-IFES-World-Assembly-2019-day1-\u00a9-IFES-Alexandra-Smart-2019_1.jpg\" \/>\n\t<meta property=\"og:image:width\" content=\"1280\" \/>\n\t<meta property=\"og:image:height\" content=\"720\" \/>\n\t<meta property=\"og:image:type\" content=\"image\/jpeg\" \/>\n<meta name=\"twitter:card\" content=\"summary_large_image\" \/>\n<meta name=\"twitter:label1\" content=\"Tiempo de lectura\" \/>\n\t<meta name=\"twitter:data1\" content=\"1 minuto\" \/>\n<script type=\"application\/ld+json\" class=\"yoast-schema-graph\">{\"@context\":\"https:\/\/schema.org\",\"@graph\":[{\"@type\":\"WebPage\",\"@id\":\"https:\/\/ifesworld.org\/es\/prayerline\/los-participantes-de-la-asamblea-mundial-comparten-sus-reflexiones\/\",\"url\":\"https:\/\/ifesworld.org\/es\/prayerline\/los-participantes-de-la-asamblea-mundial-comparten-sus-reflexiones\/\",\"name\":\"Los participantes de la Asamblea Mundial comparten sus reflexiones &#183; IFES Prayerline\",\"isPartOf\":{\"@id\":\"https:\/\/fru.ifesworld.org\/en\/#website\"},\"primaryImageOfPage\":{\"@id\":\"https:\/\/ifesworld.org\/es\/prayerline\/los-participantes-de-la-asamblea-mundial-comparten-sus-reflexiones\/#primaryimage\"},\"image\":{\"@id\":\"https:\/\/ifesworld.org\/es\/prayerline\/los-participantes-de-la-asamblea-mundial-comparten-sus-reflexiones\/#primaryimage\"},\"thumbnailUrl\":\"https:\/\/fru.ifesworld.org\/wp-content\/uploads\/2019\/07\/190716-IFES-World-Assembly-2019-day1-\u00a9-IFES-Alexandra-Smart-2019_1.jpg\",\"datePublished\":\"2019-07-16T11:08:20+00:00\",\"dateModified\":\"2019-07-16T11:08:20+00:00\",\"description\":\"1100 participantes. 170 pa\u00edses. 70 seminarios. 22 comidas juntos. 13 nuevos movimientos. 1 mensaje de esperanza para llevarlo a las universidades de todo\",\"breadcrumb\":{\"@id\":\"https:\/\/ifesworld.org\/es\/prayerline\/los-participantes-de-la-asamblea-mundial-comparten-sus-reflexiones\/#breadcrumb\"},\"inLanguage\":\"es\",\"potentialAction\":[{\"@type\":\"ReadAction\",\"target\":[\"https:\/\/ifesworld.org\/es\/prayerline\/los-participantes-de-la-asamblea-mundial-comparten-sus-reflexiones\/\"]}]},{\"@type\":\"ImageObject\",\"inLanguage\":\"es\",\"@id\":\"https:\/\/ifesworld.org\/es\/prayerline\/los-participantes-de-la-asamblea-mundial-comparten-sus-reflexiones\/#primaryimage\",\"url\":\"https:\/\/fru.ifesworld.org\/wp-content\/uploads\/2019\/07\/190716-IFES-World-Assembly-2019-day1-\u00a9-IFES-Alexandra-Smart-2019_1.jpg\",\"contentUrl\":\"https:\/\/fru.ifesworld.org\/wp-content\/uploads\/2019\/07\/190716-IFES-World-Assembly-2019-day1-\u00a9-IFES-Alexandra-Smart-2019_1.jpg\",\"width\":1280,\"height\":720},{\"@type\":\"BreadcrumbList\",\"@id\":\"https:\/\/ifesworld.org\/es\/prayerline\/los-participantes-de-la-asamblea-mundial-comparten-sus-reflexiones\/#breadcrumb\",\"itemListElement\":[{\"@type\":\"ListItem\",\"position\":1,\"name\":\"Home\",\"item\":\"https:\/\/ifesworld.org\/es\/\"},{\"@type\":\"ListItem\",\"position\":2,\"name\":\"Prayerline\",\"item\":\"https:\/\/ifesworld.org\/en\/prayerline\/\"},{\"@type\":\"ListItem\",\"position\":3,\"name\":\"Los participantes de la Asamblea Mundial comparten sus reflexiones\"}]},{\"@type\":\"WebSite\",\"@id\":\"https:\/\/fru.ifesworld.org\/en\/#website\",\"url\":\"https:\/\/fru.ifesworld.org\/en\/\",\"name\":\"IFES\",\"description\":\"A movement of students sharing and living out the good news of Jesus Christ. Locally. Nationally. Globally.\",\"publisher\":{\"@id\":\"https:\/\/fru.ifesworld.org\/en\/#organization\"},\"potentialAction\":[{\"@type\":\"SearchAction\",\"target\":{\"@type\":\"EntryPoint\",\"urlTemplate\":\"https:\/\/fru.ifesworld.org\/en\/?s={search_term_string}\"},\"query-input\":\"required name=search_term_string\"}],\"inLanguage\":\"es\"},{\"@type\":\"Organization\",\"@id\":\"https:\/\/fru.ifesworld.org\/en\/#organization\",\"name\":\"IFES \u00b7 International Fellowship of Evangelical Students\",\"url\":\"https:\/\/fru.ifesworld.org\/en\/\",\"logo\":{\"@type\":\"ImageObject\",\"inLanguage\":\"es\",\"@id\":\"https:\/\/fru.ifesworld.org\/en\/#\/schema\/logo\/image\/\",\"url\":\"https:\/\/fru.ifesworld.org\/wp-content\/uploads\/2019\/06\/ifeslogo.png\",\"contentUrl\":\"https:\/\/fru.ifesworld.org\/wp-content\/uploads\/2019\/06\/ifeslogo.png\",\"width\":262,\"height\":262,\"caption\":\"IFES \u00b7 International Fellowship of Evangelical Students\"},\"image\":{\"@id\":\"https:\/\/fru.ifesworld.org\/en\/#\/schema\/logo\/image\/\"}}]}<\/script>\n<!-- \/ Yoast SEO plugin. -->","yoast_head_json":{"title":"Los participantes de la Asamblea Mundial comparten sus reflexiones &#183; IFES Prayerline","description":"1100 participantes. 170 pa\u00edses. 70 seminarios. 22 comidas juntos. 13 nuevos movimientos. 1 mensaje de esperanza para llevarlo a las universidades de todo","robots":{"index":"noindex","follow":"follow","max-snippet":"max-snippet:-1","max-image-preview":"max-image-preview:large","max-video-preview":"max-video-preview:-1"},"og_locale":"es_ES","og_type":"article","og_title":"Los participantes de la Asamblea Mundial comparten sus reflexiones &#183; IFES Prayerline","og_description":"1100 participantes. 170 pa\u00edses. 70 seminarios. 22 comidas juntos. 13 nuevos movimientos. 1 mensaje de esperanza para llevarlo a las universidades de todo","og_url":"https:\/\/ifesworld.org\/es\/prayerline\/los-participantes-de-la-asamblea-mundial-comparten-sus-reflexiones\/","og_site_name":"IFES","og_image":[{"width":1280,"height":720,"url":"https:\/\/ifesworld.org\/wp-content\/uploads\/2019\/07\/190716-IFES-World-Assembly-2019-day1-\u00a9-IFES-Alexandra-Smart-2019_1.jpg","type":"image\/jpeg"}],"twitter_card":"summary_large_image","twitter_misc":{"Tiempo de lectura":"1 minuto"},"schema":{"@context":"https:\/\/schema.org","@graph":[{"@type":"WebPage","@id":"https:\/\/ifesworld.org\/es\/prayerline\/los-participantes-de-la-asamblea-mundial-comparten-sus-reflexiones\/","url":"https:\/\/ifesworld.org\/es\/prayerline\/los-participantes-de-la-asamblea-mundial-comparten-sus-reflexiones\/","name":"Los participantes de la Asamblea Mundial comparten sus reflexiones &#183; IFES Prayerline","isPartOf":{"@id":"https:\/\/fru.ifesworld.org\/en\/#website"},"primaryImageOfPage":{"@id":"https:\/\/ifesworld.org\/es\/prayerline\/los-participantes-de-la-asamblea-mundial-comparten-sus-reflexiones\/#primaryimage"},"image":{"@id":"https:\/\/ifesworld.org\/es\/prayerline\/los-participantes-de-la-asamblea-mundial-comparten-sus-reflexiones\/#primaryimage"},"thumbnailUrl":"https:\/\/fru.ifesworld.org\/wp-content\/uploads\/2019\/07\/190716-IFES-World-Assembly-2019-day1-\u00a9-IFES-Alexandra-Smart-2019_1.jpg","datePublished":"2019-07-16T11:08:20+00:00","dateModified":"2019-07-16T11:08:20+00:00","description":"1100 participantes. 170 pa\u00edses. 70 seminarios. 22 comidas juntos. 13 nuevos movimientos. 1 mensaje de esperanza para llevarlo a las universidades de todo","breadcrumb":{"@id":"https:\/\/ifesworld.org\/es\/prayerline\/los-participantes-de-la-asamblea-mundial-comparten-sus-reflexiones\/#breadcrumb"},"inLanguage":"es","potentialAction":[{"@type":"ReadAction","target":["https:\/\/ifesworld.org\/es\/prayerline\/los-participantes-de-la-asamblea-mundial-comparten-sus-reflexiones\/"]}]},{"@type":"ImageObject","inLanguage":"es","@id":"https:\/\/ifesworld.org\/es\/prayerline\/los-participantes-de-la-asamblea-mundial-comparten-sus-reflexiones\/#primaryimage","url":"https:\/\/fru.ifesworld.org\/wp-content\/uploads\/2019\/07\/190716-IFES-World-Assembly-2019-day1-\u00a9-IFES-Alexandra-Smart-2019_1.jpg","contentUrl":"https:\/\/fru.ifesworld.org\/wp-content\/uploads\/2019\/07\/190716-IFES-World-Assembly-2019-day1-\u00a9-IFES-Alexandra-Smart-2019_1.jpg","width":1280,"height":720},{"@type":"BreadcrumbList","@id":"https:\/\/ifesworld.org\/es\/prayerline\/los-participantes-de-la-asamblea-mundial-comparten-sus-reflexiones\/#breadcrumb","itemListElement":[{"@type":"ListItem","position":1,"name":"Home","item":"https:\/\/ifesworld.org\/es\/"},{"@type":"ListItem","position":2,"name":"Prayerline","item":"https:\/\/ifesworld.org\/en\/prayerline\/"},{"@type":"ListItem","position":3,"name":"Los participantes de la Asamblea Mundial comparten sus reflexiones"}]},{"@type":"WebSite","@id":"https:\/\/fru.ifesworld.org\/en\/#website","url":"https:\/\/fru.ifesworld.org\/en\/","name":"IFES","description":"A movement of students sharing and living out the good news of Jesus Christ. Locally. Nationally. Globally.","publisher":{"@id":"https:\/\/fru.ifesworld.org\/en\/#organization"},"potentialAction":[{"@type":"SearchAction","target":{"@type":"EntryPoint","urlTemplate":"https:\/\/fru.ifesworld.org\/en\/?s={search_term_string}"},"query-input":"required name=search_term_string"}],"inLanguage":"es"},{"@type":"Organization","@id":"https:\/\/fru.ifesworld.org\/en\/#organization","name":"IFES \u00b7 International Fellowship of Evangelical Students","url":"https:\/\/fru.ifesworld.org\/en\/","logo":{"@type":"ImageObject","inLanguage":"es","@id":"https:\/\/fru.ifesworld.org\/en\/#\/schema\/logo\/image\/","url":"https:\/\/fru.ifesworld.org\/wp-content\/uploads\/2019\/06\/ifeslogo.png","contentUrl":"https:\/\/fru.ifesworld.org\/wp-content\/uploads\/2019\/06\/ifeslogo.png","width":262,"height":262,"caption":"IFES \u00b7 International Fellowship of Evangelical Students"},"image":{"@id":"https:\/\/fru.ifesworld.org\/en\/#\/schema\/logo\/image\/"}}]}},"_links":{"self":[{"href":"https:\/\/fru.ifesworld.org\/es\/wp-json\/wp\/v2\/prayerline\/7362"}],"collection":[{"href":"https:\/\/fru.ifesworld.org\/es\/wp-json\/wp\/v2\/prayerline"}],"about":[{"href":"https:\/\/fru.ifesworld.org\/es\/wp-json\/wp\/v2\/types\/prayerline"}],"wp:featuredmedia":[{"embeddable":true,"href":"https:\/\/fru.ifesworld.org\/es\/wp-json\/wp\/v2\/media\/7356"}],"wp:attachment":[{"href":"https:\/\/fru.ifesworld.org\/es\/wp-json\/wp\/v2\/media?parent=7362"}],"wp:term":[{"taxonomy":"area","embeddable":true,"href":"https:\/\/fru.ifesworld.org\/es\/wp-json\/wp\/v2\/area?post=7362"},{"taxonomy":"theme","embeddable":true,"href":"https:\/\/fru.ifesworld.org\/es\/wp-json\/wp\/v2\/theme?post=7362"}],"curies":[{"name":"wp","href":"https:\/\/api.w.org\/{rel}","templated":true}]}}

<div class="wp-block block-core-paragraph">
<p>1100 participantes. 170 países. 70 seminarios. 22 comidas juntos. 13 nuevos movimientos. 1 mensaje de esperanza para llevarlo a las universidades de todo el mundo. ¿Por qué es necesaria la esperanza en nuestros distintos contextos? ¿Qué te llevas de la Asamblea Mundial?  </p>
</div>

<div class="wp-block block-core-quote">
<blockquote class="wp-block-quote is-layout-flow wp-block-quote-is-layout-flow"><p>  «La esperanza es necesaria para que los estudiantes cristianos sean valientes para predicar el evangelio en palabras y obras. Me llevo las historias de la Biblia que ofrecen esperanza y las que he oído sobre el ministerio estudiantil de todo el mundo». <strong>Fransisca, PERKANTAS Indonesia.</strong> </p><p>«La esperanza es necesaria para impactar las universidades del mundo, reconocer la diversidad, reconocer la unidad evangélica y recordar la autoridad e integridad de la Palabra de Dios. Me he dado cuenta completamente de que mi historia es parte de la historia de Dios». <strong>Charlie, SLEFES Sierra Leona.</strong> </p><p>«La esperanza es necesaria porque los estudiantes sufren depresión y aislamiento. Necesitan saber que Dios los creó, los conoce y los ama. Me llevo ideas prácticas para cultivar la comunidad entre la gente herida». <strong>Kelley, InterVarsity USA. </strong> </p></blockquote>
</div>

<div class="wp-block block-core-paragraph">
<p> Ora con nosotros por los participantes que vuelven a sus movimientos de todo el mundo.</p>
</div>

<div class="wp-block block-core-list">
<ul><li>Ora por las amistades entabladas entre personas y movimientos en la Asamblea Mundial, para que continúen y se fortalezca así la asociación. </li><li>Ora por los nuevos miembros del comité nombrados en la Asamblea Mundial. Ora para que Dios los ayude a liderar con sabiduría y espiritualidad. </li><li>Ora para que las lecciones aprendidas y las ideas compartidas en la Asamblea Mundial no caigan en saco roto, sino que beneficien a todos los movimientos nacionales a los que regresan los delegados. </li></ul>
</div>

<div class="wp-block block-core-paragraph">
<p>¡Gracias por orar con nosotros!</p>
</div>

<!-- This site is optimized with the Yoast SEO plugin v22.6 - https://yoast.com/wordpress/plugins/seo/ -->
<title>Los participantes de la Asamblea Mundial comparten sus reflexiones &#183; IFES Prayerline</title>
<meta name="description" content="1100 participantes. 170 países. 70 seminarios. 22 comidas juntos. 13 nuevos movimientos. 1 mensaje de esperanza para llevarlo a las universidades de todo" />
<meta name="robots" content="noindex, follow, max-snippet:-1, max-image-preview:large, max-video-preview:-1" />
<meta property="og:locale" content="es_ES" />
<meta property="og:type" content="article" />
<meta property="og:title" content="Los participantes de la Asamblea Mundial comparten sus reflexiones &#183; IFES Prayerline" />
<meta property="og:description" content="1100 participantes. 170 países. 70 seminarios. 22 comidas juntos. 13 nuevos movimientos. 1 mensaje de esperanza para llevarlo a las universidades de todo" />
<meta property="og:url" content="https://ifesworld.org/es/prayerline/los-participantes-de-la-asamblea-mundial-comparten-sus-reflexiones/" />
<meta property="og:site_name" content="IFES" />
<meta property="og:image" content="https://ifesworld.org/wp-content/uploads/2019/07/190716-IFES-World-Assembly-2019-day1-©-IFES-Alexandra-Smart-2019_1.jpg" />
	<meta property="og:image:width" content="1280" />
	<meta property="og:image:height" content="720" />
	<meta property="og:image:type" content="image/jpeg" />
<meta name="twitter:card" content="summary_large_image" />
<meta name="twitter:label1" content="Tiempo de lectura" />
	<meta name="twitter:data1" content="1 minuto" />
<script type="application/ld+json" class="yoast-schema-graph">{"@context":"https://schema.org","@graph":[{"@type":"WebPage","@id":"https://ifesworld.org/es/prayerline/los-participantes-de-la-asamblea-mundial-comparten-sus-reflexiones/","url":"https://ifesworld.org/es/prayerline/los-participantes-de-la-asamblea-mundial-comparten-sus-reflexiones/","name":"Los participantes de la Asamblea Mundial comparten sus reflexiones &#183; IFES Prayerline","isPartOf":{"@id":"https://fru.ifesworld.org/en/#website"},"primaryImageOfPage":{"@id":"https://ifesworld.org/es/prayerline/los-participantes-de-la-asamblea-mundial-comparten-sus-reflexiones/#primaryimage"},"image":{"@id":"https://ifesworld.org/es/prayerline/los-participantes-de-la-asamblea-mundial-comparten-sus-reflexiones/#primaryimage"},"thumbnailUrl":"https://fru.ifesworld.org/wp-content/uploads/2019/07/190716-IFES-World-Assembly-2019-day1-©-IFES-Alexandra-Smart-2019_1.jpg","datePublished":"2019-07-16T11:08:20+00:00","dateModified":"2019-07-16T11:08:20+00:00","description":"1100 participantes. 170 países. 70 seminarios. 22 comidas juntos. 13 nuevos movimientos. 1 mensaje de esperanza para llevarlo a las universidades de todo","breadcrumb":{"@id":"https://ifesworld.org/es/prayerline/los-participantes-de-la-asamblea-mundial-comparten-sus-reflexiones/#breadcrumb"},"inLanguage":"es","potentialAction":[{"@type":"ReadAction","target":["https://ifesworld.org/es/prayerline/los-participantes-de-la-asamblea-mundial-comparten-sus-reflexiones/"]}]},{"@type":"ImageObject","inLanguage":"es","@id":"https://ifesworld.org/es/prayerline/los-participantes-de-la-asamblea-mundial-comparten-sus-reflexiones/#primaryimage","url":"https://fru.ifesworld.org/wp-content/uploads/2019/07/190716-IFES-World-Assembly-2019-day1-©-IFES-Alexandra-Smart-2019_1.jpg","contentUrl":"https://fru.ifesworld.org/wp-content/uploads/2019/07/190716-IFES-World-Assembly-2019-day1-©-IFES-Alexandra-Smart-2019_1.jpg","width":1280,"height":720},{"@type":"BreadcrumbList","@id":"https://ifesworld.org/es/prayerline/los-participantes-de-la-asamblea-mundial-comparten-sus-reflexiones/#breadcrumb","itemListElement":[{"@type":"ListItem","position":1,"name":"Home","item":"https://ifesworld.org/es/"},{"@type":"ListItem","position":2,"name":"Prayerline","item":"https://ifesworld.org/en/prayerline/"},{"@type":"ListItem","position":3,"name":"Los participantes de la Asamblea Mundial comparten sus reflexiones"}]},{"@type":"WebSite","@id":"https://fru.ifesworld.org/en/#website","url":"https://fru.ifesworld.org/en/","name":"IFES","description":"A movement of students sharing and living out the good news of Jesus Christ. Locally. Nationally. Globally.","publisher":{"@id":"https://fru.ifesworld.org/en/#organization"},"potentialAction":[{"@type":"SearchAction","target":{"@type":"EntryPoint","urlTemplate":"https://fru.ifesworld.org/en/?s={search_term_string}"},"query-input":"required name=search_term_string"}],"inLanguage":"es"},{"@type":"Organization","@id":"https://fru.ifesworld.org/en/#organization","name":"IFES · International Fellowship of Evangelical Students","url":"https://fru.ifesworld.org/en/","logo":{"@type":"ImageObject","inLanguage":"es","@id":"https://fru.ifesworld.org/en/#/schema/logo/image/","url":"https://fru.ifesworld.org/wp-content/uploads/2019/06/ifeslogo.png","contentUrl":"https://fru.ifesworld.org/wp-content/uploads/2019/06/ifeslogo.png","width":262,"height":262,"caption":"IFES · International Fellowship of Evangelical Students"},"image":{"@id":"https://fru.ifesworld.org/en/#/schema/logo/image/"}}]}</script>
<!-- / Yoast SEO plugin. -->

1100 participantes. 170 países. 70 seminarios. 22 comidas juntos. 13 nuevos movimientos. 1 mensaje de esperanza para llevarlo a las universidades de todo
