{"id":2269,"date":"2018-10-16T16:00:00","date_gmt":"2018-10-16T16:00:00","guid":{"rendered":"https:\/\/fru.ifesworld.org\/prayerline\/nos-uniremos-en-oracion-en-todo-el-mundo-por-la-generacion-de-estudiantes-de-hoy\/"},"modified":"2018-10-16T16:00:00","modified_gmt":"2018-10-16T16:00:00","slug":"nos-uniremos-en-oracion-en-todo-el-mundo-por-la-generacion-de-estudiantes-de-hoy","status":"publish","type":"prayerline","link":"https:\/\/fru.ifesworld.org\/es\/prayerline\/nos-uniremos-en-oracion-en-todo-el-mundo-por-la-generacion-de-estudiantes-de-hoy\/","title":{"rendered":"Nos uniremos en oraci\u00f3n en todo el mundo por la generaci\u00f3n de estudiantes de hoy"},"content":{"rendered":"<table>\n<tbody>\n<tr>\n<td>\n<table>\n<tbody>\n<tr>\n<td>\n<div>Hoy en d\u00eda, hay m\u00e1s de 200 millones de estudiantes en todo el mundo. Todav\u00eda hay muchos pa\u00edses, ciudades y rincones olvidados en los campus donde no hay nadie que pueda hablarles a estos estudiantes acerca de Jes\u00fas. El tema del D\u00eda Mundial del Estudiante 2018 es: Algo nuevo. Estamos deseando ver c\u00f3mo Dios hace algo nuevo en estos pa\u00edses, ciudades y campus sin alcanzar.  <\/div>\n<div>Este viernes, all\u00ed donde est\u00e9s, con quien sea que est\u00e9s, cuando tengas un momento, \u00fanete a nosotros en oraci\u00f3n para que Dios haga algo nuevo en esta generaci\u00f3n de estudiantes y llegue a muchos m\u00e1s con las Buenas Nuevas de su Hijo, Jesucristo. <\/div>\n<div>Los grupos estudiantiles han estado enviando tarjetas de oraci\u00f3n a lo largo de las \u00faltimas semanas. En ellas, relataban sus historias y nos ped\u00edan oraci\u00f3n. T\u00f3mate un tiempo para leer las dos tarjetas de oraci\u00f3n que encontrar\u00e1s m\u00e1s abajo, o descubre cientos m\u00e1s en la web: <a href=\"https:\/\/ifesdme.org\/pray\" target=\"_blank\" rel=\"noopener noreferrer\">ifesdme.org\/pray.<\/a>  <\/p>\n<p>\u00a1Gracias por orar con nosotros! <\/p><\/div>\n<\/td>\n<\/tr>\n<\/tbody>\n<\/table>\n<\/td>\n<\/tr>\n<\/tbody>\n<\/table>\n","protected":false},"featured_media":0,"template":"","area":[],"theme":[],"class_list":["post-2269","prayerline","type-prayerline","status-publish","hentry"],"acf":[],"yoast_head":"<!-- This site is optimized with the Yoast SEO plugin v22.6 - https:\/\/yoast.com\/wordpress\/plugins\/seo\/ -->\n<title>Nos uniremos en oraci\u00f3n en todo el mundo por la generaci\u00f3n de estudiantes de hoy &#183; IFES Prayerline<\/title>\n<meta name=\"description\" content=\"Hoy en d\u00eda, hay m\u00e1s de 200 millones de estudiantes en todo el mundo. Todav\u00eda hay muchos pa\u00edses, ciudades y rincones olvidados en los campus donde no hay\" \/>\n<meta name=\"robots\" content=\"noindex, follow, max-snippet:-1, max-image-preview:large, max-video-preview:-1\" \/>\n<meta property=\"og:locale\" content=\"es_ES\" \/>\n<meta property=\"og:type\" content=\"article\" \/>\n<meta property=\"og:title\" content=\"Nos uniremos en oraci\u00f3n en todo el mundo por la generaci\u00f3n de estudiantes de hoy &#183; IFES Prayerline\" \/>\n<meta property=\"og:description\" content=\"Hoy en d\u00eda, hay m\u00e1s de 200 millones de estudiantes en todo el mundo. Todav\u00eda hay muchos pa\u00edses, ciudades y rincones olvidados en los campus donde no hay\" \/>\n<meta property=\"og:url\" content=\"https:\/\/ifesworld.org\/es\/prayerline\/nos-uniremos-en-oracion-en-todo-el-mundo-por-la-generacion-de-estudiantes-de-hoy\/\" \/>\n<meta property=\"og:site_name\" content=\"IFES\" \/>\n<meta name=\"twitter:card\" content=\"summary_large_image\" \/>\n<meta name=\"twitter:label1\" content=\"Tiempo de lectura\" \/>\n\t<meta name=\"twitter:data1\" content=\"1 minuto\" \/>\n<script type=\"application\/ld+json\" class=\"yoast-schema-graph\">{\"@context\":\"https:\/\/schema.org\",\"@graph\":[{\"@type\":\"WebPage\",\"@id\":\"https:\/\/ifesworld.org\/es\/prayerline\/nos-uniremos-en-oracion-en-todo-el-mundo-por-la-generacion-de-estudiantes-de-hoy\/\",\"url\":\"https:\/\/ifesworld.org\/es\/prayerline\/nos-uniremos-en-oracion-en-todo-el-mundo-por-la-generacion-de-estudiantes-de-hoy\/\",\"name\":\"Nos uniremos en oraci\u00f3n en todo el mundo por la generaci\u00f3n de estudiantes de hoy &#183; IFES Prayerline\",\"isPartOf\":{\"@id\":\"https:\/\/fru.ifesworld.org\/en\/#website\"},\"datePublished\":\"2018-10-16T16:00:00+00:00\",\"dateModified\":\"2018-10-16T16:00:00+00:00\",\"description\":\"Hoy en d\u00eda, hay m\u00e1s de 200 millones de estudiantes en todo el mundo. Todav\u00eda hay muchos pa\u00edses, ciudades y rincones olvidados en los campus donde no hay\",\"breadcrumb\":{\"@id\":\"https:\/\/ifesworld.org\/es\/prayerline\/nos-uniremos-en-oracion-en-todo-el-mundo-por-la-generacion-de-estudiantes-de-hoy\/#breadcrumb\"},\"inLanguage\":\"es\",\"potentialAction\":[{\"@type\":\"ReadAction\",\"target\":[\"https:\/\/ifesworld.org\/es\/prayerline\/nos-uniremos-en-oracion-en-todo-el-mundo-por-la-generacion-de-estudiantes-de-hoy\/\"]}]},{\"@type\":\"BreadcrumbList\",\"@id\":\"https:\/\/ifesworld.org\/es\/prayerline\/nos-uniremos-en-oracion-en-todo-el-mundo-por-la-generacion-de-estudiantes-de-hoy\/#breadcrumb\",\"itemListElement\":[{\"@type\":\"ListItem\",\"position\":1,\"name\":\"Home\",\"item\":\"https:\/\/ifesworld.org\/es\/\"},{\"@type\":\"ListItem\",\"position\":2,\"name\":\"Prayerline\",\"item\":\"https:\/\/ifesworld.org\/en\/prayerline\/\"},{\"@type\":\"ListItem\",\"position\":3,\"name\":\"Nos uniremos en oraci\u00f3n en todo el mundo por la generaci\u00f3n de estudiantes de hoy\"}]},{\"@type\":\"WebSite\",\"@id\":\"https:\/\/fru.ifesworld.org\/en\/#website\",\"url\":\"https:\/\/fru.ifesworld.org\/en\/\",\"name\":\"IFES\",\"description\":\"A movement of students sharing and living out the good news of Jesus Christ. Locally. Nationally. Globally.\",\"publisher\":{\"@id\":\"https:\/\/fru.ifesworld.org\/en\/#organization\"},\"potentialAction\":[{\"@type\":\"SearchAction\",\"target\":{\"@type\":\"EntryPoint\",\"urlTemplate\":\"https:\/\/fru.ifesworld.org\/en\/?s={search_term_string}\"},\"query-input\":\"required name=search_term_string\"}],\"inLanguage\":\"es\"},{\"@type\":\"Organization\",\"@id\":\"https:\/\/fru.ifesworld.org\/en\/#organization\",\"name\":\"IFES \u00b7 International Fellowship of Evangelical Students\",\"url\":\"https:\/\/fru.ifesworld.org\/en\/\",\"logo\":{\"@type\":\"ImageObject\",\"inLanguage\":\"es\",\"@id\":\"https:\/\/fru.ifesworld.org\/en\/#\/schema\/logo\/image\/\",\"url\":\"https:\/\/fru.ifesworld.org\/wp-content\/uploads\/2019\/06\/ifeslogo.png\",\"contentUrl\":\"https:\/\/fru.ifesworld.org\/wp-content\/uploads\/2019\/06\/ifeslogo.png\",\"width\":262,\"height\":262,\"caption\":\"IFES \u00b7 International Fellowship of Evangelical Students\"},\"image\":{\"@id\":\"https:\/\/fru.ifesworld.org\/en\/#\/schema\/logo\/image\/\"}}]}<\/script>\n<!-- \/ Yoast SEO plugin. -->","yoast_head_json":{"title":"Nos uniremos en oraci\u00f3n en todo el mundo por la generaci\u00f3n de estudiantes de hoy &#183; IFES Prayerline","description":"Hoy en d\u00eda, hay m\u00e1s de 200 millones de estudiantes en todo el mundo. Todav\u00eda hay muchos pa\u00edses, ciudades y rincones olvidados en los campus donde no hay","robots":{"index":"noindex","follow":"follow","max-snippet":"max-snippet:-1","max-image-preview":"max-image-preview:large","max-video-preview":"max-video-preview:-1"},"og_locale":"es_ES","og_type":"article","og_title":"Nos uniremos en oraci\u00f3n en todo el mundo por la generaci\u00f3n de estudiantes de hoy &#183; IFES Prayerline","og_description":"Hoy en d\u00eda, hay m\u00e1s de 200 millones de estudiantes en todo el mundo. Todav\u00eda hay muchos pa\u00edses, ciudades y rincones olvidados en los campus donde no hay","og_url":"https:\/\/ifesworld.org\/es\/prayerline\/nos-uniremos-en-oracion-en-todo-el-mundo-por-la-generacion-de-estudiantes-de-hoy\/","og_site_name":"IFES","twitter_card":"summary_large_image","twitter_misc":{"Tiempo de lectura":"1 minuto"},"schema":{"@context":"https:\/\/schema.org","@graph":[{"@type":"WebPage","@id":"https:\/\/ifesworld.org\/es\/prayerline\/nos-uniremos-en-oracion-en-todo-el-mundo-por-la-generacion-de-estudiantes-de-hoy\/","url":"https:\/\/ifesworld.org\/es\/prayerline\/nos-uniremos-en-oracion-en-todo-el-mundo-por-la-generacion-de-estudiantes-de-hoy\/","name":"Nos uniremos en oraci\u00f3n en todo el mundo por la generaci\u00f3n de estudiantes de hoy &#183; IFES Prayerline","isPartOf":{"@id":"https:\/\/fru.ifesworld.org\/en\/#website"},"datePublished":"2018-10-16T16:00:00+00:00","dateModified":"2018-10-16T16:00:00+00:00","description":"Hoy en d\u00eda, hay m\u00e1s de 200 millones de estudiantes en todo el mundo. Todav\u00eda hay muchos pa\u00edses, ciudades y rincones olvidados en los campus donde no hay","breadcrumb":{"@id":"https:\/\/ifesworld.org\/es\/prayerline\/nos-uniremos-en-oracion-en-todo-el-mundo-por-la-generacion-de-estudiantes-de-hoy\/#breadcrumb"},"inLanguage":"es","potentialAction":[{"@type":"ReadAction","target":["https:\/\/ifesworld.org\/es\/prayerline\/nos-uniremos-en-oracion-en-todo-el-mundo-por-la-generacion-de-estudiantes-de-hoy\/"]}]},{"@type":"BreadcrumbList","@id":"https:\/\/ifesworld.org\/es\/prayerline\/nos-uniremos-en-oracion-en-todo-el-mundo-por-la-generacion-de-estudiantes-de-hoy\/#breadcrumb","itemListElement":[{"@type":"ListItem","position":1,"name":"Home","item":"https:\/\/ifesworld.org\/es\/"},{"@type":"ListItem","position":2,"name":"Prayerline","item":"https:\/\/ifesworld.org\/en\/prayerline\/"},{"@type":"ListItem","position":3,"name":"Nos uniremos en oraci\u00f3n en todo el mundo por la generaci\u00f3n de estudiantes de hoy"}]},{"@type":"WebSite","@id":"https:\/\/fru.ifesworld.org\/en\/#website","url":"https:\/\/fru.ifesworld.org\/en\/","name":"IFES","description":"A movement of students sharing and living out the good news of Jesus Christ. Locally. Nationally. Globally.","publisher":{"@id":"https:\/\/fru.ifesworld.org\/en\/#organization"},"potentialAction":[{"@type":"SearchAction","target":{"@type":"EntryPoint","urlTemplate":"https:\/\/fru.ifesworld.org\/en\/?s={search_term_string}"},"query-input":"required name=search_term_string"}],"inLanguage":"es"},{"@type":"Organization","@id":"https:\/\/fru.ifesworld.org\/en\/#organization","name":"IFES \u00b7 International Fellowship of Evangelical Students","url":"https:\/\/fru.ifesworld.org\/en\/","logo":{"@type":"ImageObject","inLanguage":"es","@id":"https:\/\/fru.ifesworld.org\/en\/#\/schema\/logo\/image\/","url":"https:\/\/fru.ifesworld.org\/wp-content\/uploads\/2019\/06\/ifeslogo.png","contentUrl":"https:\/\/fru.ifesworld.org\/wp-content\/uploads\/2019\/06\/ifeslogo.png","width":262,"height":262,"caption":"IFES \u00b7 International Fellowship of Evangelical Students"},"image":{"@id":"https:\/\/fru.ifesworld.org\/en\/#\/schema\/logo\/image\/"}}]}},"_links":{"self":[{"href":"https:\/\/fru.ifesworld.org\/es\/wp-json\/wp\/v2\/prayerline\/2269"}],"collection":[{"href":"https:\/\/fru.ifesworld.org\/es\/wp-json\/wp\/v2\/prayerline"}],"about":[{"href":"https:\/\/fru.ifesworld.org\/es\/wp-json\/wp\/v2\/types\/prayerline"}],"wp:attachment":[{"href":"https:\/\/fru.ifesworld.org\/es\/wp-json\/wp\/v2\/media?parent=2269"}],"wp:term":[{"taxonomy":"area","embeddable":true,"href":"https:\/\/fru.ifesworld.org\/es\/wp-json\/wp\/v2\/area?post=2269"},{"taxonomy":"theme","embeddable":true,"href":"https:\/\/fru.ifesworld.org\/es\/wp-json\/wp\/v2\/theme?post=2269"}],"curies":[{"name":"wp","href":"https:\/\/api.w.org\/{rel}","templated":true}]}}

Nos uniremos en oración en todo el mundo por la generación de estudiantes de hoy

<table>
<tbody>
<tr>
<td>
<table>
<tbody>
<tr>
<td>
<div>Hoy en día, hay más de 200 millones de estudiantes en todo el mundo. Todavía hay muchos países, ciudades y rincones olvidados en los campus donde no hay nadie que pueda hablarles a estos estudiantes acerca de Jesús. El tema del Día Mundial del Estudiante 2018 es: Algo nuevo. Estamos deseando ver cómo Dios hace algo nuevo en estos países, ciudades y campus sin alcanzar.  </div>
<div>Este viernes, allí donde estés, con quien sea que estés, cuando tengas un momento, únete a nosotros en oración para que Dios haga algo nuevo en esta generación de estudiantes y llegue a muchos más con las Buenas Nuevas de su Hijo, Jesucristo. </div>
<div>Los grupos estudiantiles han estado enviando tarjetas de oración a lo largo de las últimas semanas. En ellas, relataban sus historias y nos pedían oración. Tómate un tiempo para leer las dos tarjetas de oración que encontrarás más abajo, o descubre cientos más en la web: <a href="https://ifesdme.org/pray" target="_blank" rel="noopener noreferrer">ifesdme.org/pray.</a>  </p>
<p>¡Gracias por orar con nosotros! </p></div>
</td>
</tr>
</tbody>
</table>
</td>
</tr>
</tbody>
</table>

<!-- This site is optimized with the Yoast SEO plugin v22.6 - https://yoast.com/wordpress/plugins/seo/ -->
<title>Nos uniremos en oración en todo el mundo por la generación de estudiantes de hoy &#183; IFES Prayerline</title>
<meta name="description" content="Hoy en día, hay más de 200 millones de estudiantes en todo el mundo. Todavía hay muchos países, ciudades y rincones olvidados en los campus donde no hay" />
<meta name="robots" content="noindex, follow, max-snippet:-1, max-image-preview:large, max-video-preview:-1" />
<meta property="og:locale" content="es_ES" />
<meta property="og:type" content="article" />
<meta property="og:title" content="Nos uniremos en oración en todo el mundo por la generación de estudiantes de hoy &#183; IFES Prayerline" />
<meta property="og:description" content="Hoy en día, hay más de 200 millones de estudiantes en todo el mundo. Todavía hay muchos países, ciudades y rincones olvidados en los campus donde no hay" />
<meta property="og:url" content="https://ifesworld.org/es/prayerline/nos-uniremos-en-oracion-en-todo-el-mundo-por-la-generacion-de-estudiantes-de-hoy/" />
<meta property="og:site_name" content="IFES" />
<meta name="twitter:card" content="summary_large_image" />
<meta name="twitter:label1" content="Tiempo de lectura" />
	<meta name="twitter:data1" content="1 minuto" />
<script type="application/ld+json" class="yoast-schema-graph">{"@context":"https://schema.org","@graph":[{"@type":"WebPage","@id":"https://ifesworld.org/es/prayerline/nos-uniremos-en-oracion-en-todo-el-mundo-por-la-generacion-de-estudiantes-de-hoy/","url":"https://ifesworld.org/es/prayerline/nos-uniremos-en-oracion-en-todo-el-mundo-por-la-generacion-de-estudiantes-de-hoy/","name":"Nos uniremos en oración en todo el mundo por la generación de estudiantes de hoy &#183; IFES Prayerline","isPartOf":{"@id":"https://fru.ifesworld.org/en/#website"},"datePublished":"2018-10-16T16:00:00+00:00","dateModified":"2018-10-16T16:00:00+00:00","description":"Hoy en día, hay más de 200 millones de estudiantes en todo el mundo. Todavía hay muchos países, ciudades y rincones olvidados en los campus donde no hay","breadcrumb":{"@id":"https://ifesworld.org/es/prayerline/nos-uniremos-en-oracion-en-todo-el-mundo-por-la-generacion-de-estudiantes-de-hoy/#breadcrumb"},"inLanguage":"es","potentialAction":[{"@type":"ReadAction","target":["https://ifesworld.org/es/prayerline/nos-uniremos-en-oracion-en-todo-el-mundo-por-la-generacion-de-estudiantes-de-hoy/"]}]},{"@type":"BreadcrumbList","@id":"https://ifesworld.org/es/prayerline/nos-uniremos-en-oracion-en-todo-el-mundo-por-la-generacion-de-estudiantes-de-hoy/#breadcrumb","itemListElement":[{"@type":"ListItem","position":1,"name":"Home","item":"https://ifesworld.org/es/"},{"@type":"ListItem","position":2,"name":"Prayerline","item":"https://ifesworld.org/en/prayerline/"},{"@type":"ListItem","position":3,"name":"Nos uniremos en oración en todo el mundo por la generación de estudiantes de hoy"}]},{"@type":"WebSite","@id":"https://fru.ifesworld.org/en/#website","url":"https://fru.ifesworld.org/en/","name":"IFES","description":"A movement of students sharing and living out the good news of Jesus Christ. Locally. Nationally. Globally.","publisher":{"@id":"https://fru.ifesworld.org/en/#organization"},"potentialAction":[{"@type":"SearchAction","target":{"@type":"EntryPoint","urlTemplate":"https://fru.ifesworld.org/en/?s={search_term_string}"},"query-input":"required name=search_term_string"}],"inLanguage":"es"},{"@type":"Organization","@id":"https://fru.ifesworld.org/en/#organization","name":"IFES · International Fellowship of Evangelical Students","url":"https://fru.ifesworld.org/en/","logo":{"@type":"ImageObject","inLanguage":"es","@id":"https://fru.ifesworld.org/en/#/schema/logo/image/","url":"https://fru.ifesworld.org/wp-content/uploads/2019/06/ifeslogo.png","contentUrl":"https://fru.ifesworld.org/wp-content/uploads/2019/06/ifeslogo.png","width":262,"height":262,"caption":"IFES · International Fellowship of Evangelical Students"},"image":{"@id":"https://fru.ifesworld.org/en/#/schema/logo/image/"}}]}</script>
<!-- / Yoast SEO plugin. -->

Nos uniremos en oración en todo el mundo por la generación de estudiantes de hoy &#183; IFES Prayerline

Hoy en día, hay más de 200 millones de estudiantes en todo el mundo. Todavía hay muchos países, ciudades y rincones olvidados en los campus donde no hay
