{"id":2256,"date":"2018-10-02T14:00:00","date_gmt":"2018-10-02T14:00:00","guid":{"rendered":"https:\/\/fru.ifesworld.org\/prayerline\/equipando-a-los-graduados-para-ser-embajadores-de-cristo-en-el-lugar-de-trabajo\/"},"modified":"2019-05-29T16:12:30","modified_gmt":"2019-05-29T16:12:30","slug":"equipando-a-los-graduados-para-ser-embajadores-de-cristo-en-el-lugar-de-trabajo","status":"publish","type":"prayerline","link":"https:\/\/fru.ifesworld.org\/es\/prayerline\/equipando-a-los-graduados-para-ser-embajadores-de-cristo-en-el-lugar-de-trabajo\/","title":{"rendered":"Equipando a los graduados para ser embajadores de Cristo en el lugar de trabajo"},"content":{"rendered":"<p>Stefanie es una Directora Financiera en Alemania. Le encanta su trabajo, pero tiene sus retos. Est\u00e1 rodeado por personas que miden su \u00e9xito por su salario. A veces, le piden que estire los l\u00edmites de lo legal o que mire para otro lado cuando haya malas pr\u00e1cticas.<\/p>\n<p>A principios de este a\u00f1o, Stefanie escuch\u00f3 hablar de IFES Cross-Current &#8211; un grupo que apoya a los j\u00f3venes adultos cristianos cuando transicionan de la universidad al mundo laboral &#8211; y fue a una conferencia de un fin de semana. Fue una gran fuente de \u00e1nimo para ella:<\/p>\n\n<div class=\"wp-block block-core-quote\">\n<blockquote class=\"wp-block-quote is-layout-flow wp-block-quote-is-layout-flow\"><p> \u00abEn el centro estaba Jes\u00fas, dici\u00e9ndonos que el trabajo que realizamos no nos define. Como tampoco nos define nuestra n\u00f3mina mensual o la velocidad con la que progresamos en nuestra carrera profesional. Jes\u00fas nos define. Nos pide que seamos sus disc\u00edpulos en nuestros lugares de trabajo &#8211; siervos buenos, fieles y agradecidos. Nos proporciona una forma de decirle no a la tentaci\u00f3n en el lugar de trabajo y ser sal y luz.\u00bb <\/p><\/blockquote>\n<\/div>\n\n<p>En un mes, Stefanie se unir\u00e1 a 70 graduados m\u00e1s en la conferencia de Grupos Profesionales Cross-Current de IFES en Alemania. Los j\u00f3venes profesionales de toda Europa y Eurasia pasar\u00e1n cuatro d\u00edas juntos, meditando en lo que significa ser embajadores eficientes de Cristo en sus lugares de trabajo. La conferencia est\u00e1 especialmente centrada en los graduados que trabajan en los campos de la pol\u00edtica, direcci\u00f3n de empresas, ciencias medioambientales y ciencias.<\/p>\n<p>\u00danete a nosotros y oremos por ellos:<\/p>\n<ul>\n<li>Ora para que desarrollen unas amistades profundas durante la conferencia y que estos graduados sigan siendo una fuente de \u00e1nimo los unos para los otros en los a\u00f1os venideros.<\/li>\n<li>Ora para que Dios hable poderosamente a trav\u00e9s de las personas que den las charlas en la conferencia, para que los graduados vuelvan a sus lugares de trabajo mejor equipados para representar a Cristo.<\/li>\n<\/ul>\n<p>\u00a1Gracias por orar con nosotros!<\/p>","protected":false},"featured_media":2852,"template":"","area":[797,706],"theme":[1236],"class_list":["post-2256","prayerline","type-prayerline","status-publish","has-post-thumbnail","hentry","area-alemania","area-europa","theme-impacto-de-los-graduados"],"acf":[],"yoast_head":"<!-- This site is optimized with the Yoast SEO plugin v22.6 - https:\/\/yoast.com\/wordpress\/plugins\/seo\/ -->\n<title>Equipando a los graduados para ser embajadores de Cristo en el lugar de trabajo &#183; IFES Prayerline<\/title>\n<meta name=\"description\" content=\"Stefanie es una Directora Financiera en Alemania. Le encanta su trabajo, pero tiene sus retos. Est\u00e1 rodeado por personas que miden su \u00e9xito por su\" \/>\n<meta name=\"robots\" content=\"noindex, follow, max-snippet:-1, max-image-preview:large, max-video-preview:-1\" \/>\n<meta property=\"og:locale\" content=\"es_ES\" \/>\n<meta property=\"og:type\" content=\"article\" \/>\n<meta property=\"og:title\" content=\"Equipando a los graduados para ser embajadores de Cristo en el lugar de trabajo &#183; IFES Prayerline\" \/>\n<meta property=\"og:description\" content=\"Stefanie es una Directora Financiera en Alemania. Le encanta su trabajo, pero tiene sus retos. Est\u00e1 rodeado por personas que miden su \u00e9xito por su\" \/>\n<meta property=\"og:url\" content=\"https:\/\/ifesworld.org\/es\/prayerline\/equipando-a-los-graduados-para-ser-embajadores-de-cristo-en-el-lugar-de-trabajo\/\" \/>\n<meta property=\"og:site_name\" content=\"IFES\" \/>\n<meta property=\"article:modified_time\" content=\"2019-05-29T16:12:30+00:00\" \/>\n<meta property=\"og:image\" content=\"https:\/\/ifesworld.org\/wp-content\/uploads\/2018\/10\/181002-Germany.jpg\" \/>\n\t<meta property=\"og:image:width\" content=\"960\" \/>\n\t<meta property=\"og:image:height\" content=\"824\" \/>\n\t<meta property=\"og:image:type\" content=\"image\/jpeg\" \/>\n<meta name=\"twitter:card\" content=\"summary_large_image\" \/>\n<meta name=\"twitter:label1\" content=\"Tiempo de lectura\" \/>\n\t<meta name=\"twitter:data1\" content=\"2 minutos\" \/>\n<script type=\"application\/ld+json\" class=\"yoast-schema-graph\">{\"@context\":\"https:\/\/schema.org\",\"@graph\":[{\"@type\":\"WebPage\",\"@id\":\"https:\/\/ifesworld.org\/es\/prayerline\/equipando-a-los-graduados-para-ser-embajadores-de-cristo-en-el-lugar-de-trabajo\/\",\"url\":\"https:\/\/ifesworld.org\/es\/prayerline\/equipando-a-los-graduados-para-ser-embajadores-de-cristo-en-el-lugar-de-trabajo\/\",\"name\":\"Equipando a los graduados para ser embajadores de Cristo en el lugar de trabajo &#183; IFES Prayerline\",\"isPartOf\":{\"@id\":\"https:\/\/fru.ifesworld.org\/en\/#website\"},\"primaryImageOfPage\":{\"@id\":\"https:\/\/ifesworld.org\/es\/prayerline\/equipando-a-los-graduados-para-ser-embajadores-de-cristo-en-el-lugar-de-trabajo\/#primaryimage\"},\"image\":{\"@id\":\"https:\/\/ifesworld.org\/es\/prayerline\/equipando-a-los-graduados-para-ser-embajadores-de-cristo-en-el-lugar-de-trabajo\/#primaryimage\"},\"thumbnailUrl\":\"https:\/\/fru.ifesworld.org\/wp-content\/uploads\/2018\/10\/181002-Germany.jpg\",\"datePublished\":\"2018-10-02T14:00:00+00:00\",\"dateModified\":\"2019-05-29T16:12:30+00:00\",\"description\":\"Stefanie es una Directora Financiera en Alemania. Le encanta su trabajo, pero tiene sus retos. Est\u00e1 rodeado por personas que miden su \u00e9xito por su\",\"breadcrumb\":{\"@id\":\"https:\/\/ifesworld.org\/es\/prayerline\/equipando-a-los-graduados-para-ser-embajadores-de-cristo-en-el-lugar-de-trabajo\/#breadcrumb\"},\"inLanguage\":\"es\",\"potentialAction\":[{\"@type\":\"ReadAction\",\"target\":[\"https:\/\/ifesworld.org\/es\/prayerline\/equipando-a-los-graduados-para-ser-embajadores-de-cristo-en-el-lugar-de-trabajo\/\"]}]},{\"@type\":\"ImageObject\",\"inLanguage\":\"es\",\"@id\":\"https:\/\/ifesworld.org\/es\/prayerline\/equipando-a-los-graduados-para-ser-embajadores-de-cristo-en-el-lugar-de-trabajo\/#primaryimage\",\"url\":\"https:\/\/fru.ifesworld.org\/wp-content\/uploads\/2018\/10\/181002-Germany.jpg\",\"contentUrl\":\"https:\/\/fru.ifesworld.org\/wp-content\/uploads\/2018\/10\/181002-Germany.jpg\",\"width\":960,\"height\":824,\"caption\":\"181002 Germany\"},{\"@type\":\"BreadcrumbList\",\"@id\":\"https:\/\/ifesworld.org\/es\/prayerline\/equipando-a-los-graduados-para-ser-embajadores-de-cristo-en-el-lugar-de-trabajo\/#breadcrumb\",\"itemListElement\":[{\"@type\":\"ListItem\",\"position\":1,\"name\":\"Home\",\"item\":\"https:\/\/ifesworld.org\/es\/\"},{\"@type\":\"ListItem\",\"position\":2,\"name\":\"Prayerline\",\"item\":\"https:\/\/ifesworld.org\/en\/prayerline\/\"},{\"@type\":\"ListItem\",\"position\":3,\"name\":\"Equipando a los graduados para ser embajadores de Cristo en el lugar de trabajo\"}]},{\"@type\":\"WebSite\",\"@id\":\"https:\/\/fru.ifesworld.org\/en\/#website\",\"url\":\"https:\/\/fru.ifesworld.org\/en\/\",\"name\":\"IFES\",\"description\":\"A movement of students sharing and living out the good news of Jesus Christ. Locally. Nationally. Globally.\",\"publisher\":{\"@id\":\"https:\/\/fru.ifesworld.org\/en\/#organization\"},\"potentialAction\":[{\"@type\":\"SearchAction\",\"target\":{\"@type\":\"EntryPoint\",\"urlTemplate\":\"https:\/\/fru.ifesworld.org\/en\/?s={search_term_string}\"},\"query-input\":\"required name=search_term_string\"}],\"inLanguage\":\"es\"},{\"@type\":\"Organization\",\"@id\":\"https:\/\/fru.ifesworld.org\/en\/#organization\",\"name\":\"IFES \u00b7 International Fellowship of Evangelical Students\",\"url\":\"https:\/\/fru.ifesworld.org\/en\/\",\"logo\":{\"@type\":\"ImageObject\",\"inLanguage\":\"es\",\"@id\":\"https:\/\/fru.ifesworld.org\/en\/#\/schema\/logo\/image\/\",\"url\":\"https:\/\/fru.ifesworld.org\/wp-content\/uploads\/2019\/06\/ifeslogo.png\",\"contentUrl\":\"https:\/\/fru.ifesworld.org\/wp-content\/uploads\/2019\/06\/ifeslogo.png\",\"width\":262,\"height\":262,\"caption\":\"IFES \u00b7 International Fellowship of Evangelical Students\"},\"image\":{\"@id\":\"https:\/\/fru.ifesworld.org\/en\/#\/schema\/logo\/image\/\"}}]}<\/script>\n<!-- \/ Yoast SEO plugin. -->","yoast_head_json":{"title":"Equipando a los graduados para ser embajadores de Cristo en el lugar de trabajo &#183; IFES Prayerline","description":"Stefanie es una Directora Financiera en Alemania. Le encanta su trabajo, pero tiene sus retos. Est\u00e1 rodeado por personas que miden su \u00e9xito por su","robots":{"index":"noindex","follow":"follow","max-snippet":"max-snippet:-1","max-image-preview":"max-image-preview:large","max-video-preview":"max-video-preview:-1"},"og_locale":"es_ES","og_type":"article","og_title":"Equipando a los graduados para ser embajadores de Cristo en el lugar de trabajo &#183; IFES Prayerline","og_description":"Stefanie es una Directora Financiera en Alemania. Le encanta su trabajo, pero tiene sus retos. Est\u00e1 rodeado por personas que miden su \u00e9xito por su","og_url":"https:\/\/ifesworld.org\/es\/prayerline\/equipando-a-los-graduados-para-ser-embajadores-de-cristo-en-el-lugar-de-trabajo\/","og_site_name":"IFES","article_modified_time":"2019-05-29T16:12:30+00:00","og_image":[{"width":960,"height":824,"url":"https:\/\/ifesworld.org\/wp-content\/uploads\/2018\/10\/181002-Germany.jpg","type":"image\/jpeg"}],"twitter_card":"summary_large_image","twitter_misc":{"Tiempo de lectura":"2 minutos"},"schema":{"@context":"https:\/\/schema.org","@graph":[{"@type":"WebPage","@id":"https:\/\/ifesworld.org\/es\/prayerline\/equipando-a-los-graduados-para-ser-embajadores-de-cristo-en-el-lugar-de-trabajo\/","url":"https:\/\/ifesworld.org\/es\/prayerline\/equipando-a-los-graduados-para-ser-embajadores-de-cristo-en-el-lugar-de-trabajo\/","name":"Equipando a los graduados para ser embajadores de Cristo en el lugar de trabajo &#183; IFES Prayerline","isPartOf":{"@id":"https:\/\/fru.ifesworld.org\/en\/#website"},"primaryImageOfPage":{"@id":"https:\/\/ifesworld.org\/es\/prayerline\/equipando-a-los-graduados-para-ser-embajadores-de-cristo-en-el-lugar-de-trabajo\/#primaryimage"},"image":{"@id":"https:\/\/ifesworld.org\/es\/prayerline\/equipando-a-los-graduados-para-ser-embajadores-de-cristo-en-el-lugar-de-trabajo\/#primaryimage"},"thumbnailUrl":"https:\/\/fru.ifesworld.org\/wp-content\/uploads\/2018\/10\/181002-Germany.jpg","datePublished":"2018-10-02T14:00:00+00:00","dateModified":"2019-05-29T16:12:30+00:00","description":"Stefanie es una Directora Financiera en Alemania. Le encanta su trabajo, pero tiene sus retos. Est\u00e1 rodeado por personas que miden su \u00e9xito por su","breadcrumb":{"@id":"https:\/\/ifesworld.org\/es\/prayerline\/equipando-a-los-graduados-para-ser-embajadores-de-cristo-en-el-lugar-de-trabajo\/#breadcrumb"},"inLanguage":"es","potentialAction":[{"@type":"ReadAction","target":["https:\/\/ifesworld.org\/es\/prayerline\/equipando-a-los-graduados-para-ser-embajadores-de-cristo-en-el-lugar-de-trabajo\/"]}]},{"@type":"ImageObject","inLanguage":"es","@id":"https:\/\/ifesworld.org\/es\/prayerline\/equipando-a-los-graduados-para-ser-embajadores-de-cristo-en-el-lugar-de-trabajo\/#primaryimage","url":"https:\/\/fru.ifesworld.org\/wp-content\/uploads\/2018\/10\/181002-Germany.jpg","contentUrl":"https:\/\/fru.ifesworld.org\/wp-content\/uploads\/2018\/10\/181002-Germany.jpg","width":960,"height":824,"caption":"181002 Germany"},{"@type":"BreadcrumbList","@id":"https:\/\/ifesworld.org\/es\/prayerline\/equipando-a-los-graduados-para-ser-embajadores-de-cristo-en-el-lugar-de-trabajo\/#breadcrumb","itemListElement":[{"@type":"ListItem","position":1,"name":"Home","item":"https:\/\/ifesworld.org\/es\/"},{"@type":"ListItem","position":2,"name":"Prayerline","item":"https:\/\/ifesworld.org\/en\/prayerline\/"},{"@type":"ListItem","position":3,"name":"Equipando a los graduados para ser embajadores de Cristo en el lugar de trabajo"}]},{"@type":"WebSite","@id":"https:\/\/fru.ifesworld.org\/en\/#website","url":"https:\/\/fru.ifesworld.org\/en\/","name":"IFES","description":"A movement of students sharing and living out the good news of Jesus Christ. Locally. Nationally. Globally.","publisher":{"@id":"https:\/\/fru.ifesworld.org\/en\/#organization"},"potentialAction":[{"@type":"SearchAction","target":{"@type":"EntryPoint","urlTemplate":"https:\/\/fru.ifesworld.org\/en\/?s={search_term_string}"},"query-input":"required name=search_term_string"}],"inLanguage":"es"},{"@type":"Organization","@id":"https:\/\/fru.ifesworld.org\/en\/#organization","name":"IFES \u00b7 International Fellowship of Evangelical Students","url":"https:\/\/fru.ifesworld.org\/en\/","logo":{"@type":"ImageObject","inLanguage":"es","@id":"https:\/\/fru.ifesworld.org\/en\/#\/schema\/logo\/image\/","url":"https:\/\/fru.ifesworld.org\/wp-content\/uploads\/2019\/06\/ifeslogo.png","contentUrl":"https:\/\/fru.ifesworld.org\/wp-content\/uploads\/2019\/06\/ifeslogo.png","width":262,"height":262,"caption":"IFES \u00b7 International Fellowship of Evangelical Students"},"image":{"@id":"https:\/\/fru.ifesworld.org\/en\/#\/schema\/logo\/image\/"}}]}},"_links":{"self":[{"href":"https:\/\/fru.ifesworld.org\/es\/wp-json\/wp\/v2\/prayerline\/2256"}],"collection":[{"href":"https:\/\/fru.ifesworld.org\/es\/wp-json\/wp\/v2\/prayerline"}],"about":[{"href":"https:\/\/fru.ifesworld.org\/es\/wp-json\/wp\/v2\/types\/prayerline"}],"wp:featuredmedia":[{"embeddable":true,"href":"https:\/\/fru.ifesworld.org\/es\/wp-json\/wp\/v2\/media\/2852"}],"wp:attachment":[{"href":"https:\/\/fru.ifesworld.org\/es\/wp-json\/wp\/v2\/media?parent=2256"}],"wp:term":[{"taxonomy":"area","embeddable":true,"href":"https:\/\/fru.ifesworld.org\/es\/wp-json\/wp\/v2\/area?post=2256"},{"taxonomy":"theme","embeddable":true,"href":"https:\/\/fru.ifesworld.org\/es\/wp-json\/wp\/v2\/theme?post=2256"}],"curies":[{"name":"wp","href":"https:\/\/api.w.org\/{rel}","templated":true}]}}

<p>Stefanie es una Directora Financiera en Alemania. Le encanta su trabajo, pero tiene sus retos. Está rodeado por personas que miden su éxito por su salario. A veces, le piden que estire los límites de lo legal o que mire para otro lado cuando haya malas prácticas.</p>
<p>A principios de este año, Stefanie escuchó hablar de IFES Cross-Current &#8211; un grupo que apoya a los jóvenes adultos cristianos cuando transicionan de la universidad al mundo laboral &#8211; y fue a una conferencia de un fin de semana. Fue una gran fuente de ánimo para ella:</p>

<div class="wp-block block-core-quote">
<blockquote class="wp-block-quote is-layout-flow wp-block-quote-is-layout-flow"><p> «En el centro estaba Jesús, diciéndonos que el trabajo que realizamos no nos define. Como tampoco nos define nuestra nómina mensual o la velocidad con la que progresamos en nuestra carrera profesional. Jesús nos define. Nos pide que seamos sus discípulos en nuestros lugares de trabajo &#8211; siervos buenos, fieles y agradecidos. Nos proporciona una forma de decirle no a la tentación en el lugar de trabajo y ser sal y luz.» </p></blockquote>
</div>

<p>En un mes, Stefanie se unirá a 70 graduados más en la conferencia de Grupos Profesionales Cross-Current de IFES en Alemania. Los jóvenes profesionales de toda Europa y Eurasia pasarán cuatro días juntos, meditando en lo que significa ser embajadores eficientes de Cristo en sus lugares de trabajo. La conferencia está especialmente centrada en los graduados que trabajan en los campos de la política, dirección de empresas, ciencias medioambientales y ciencias.</p>
<p>Únete a nosotros y oremos por ellos:</p>
<ul>
<li>Ora para que desarrollen unas amistades profundas durante la conferencia y que estos graduados sigan siendo una fuente de ánimo los unos para los otros en los años venideros.</li>
<li>Ora para que Dios hable poderosamente a través de las personas que den las charlas en la conferencia, para que los graduados vuelvan a sus lugares de trabajo mejor equipados para representar a Cristo.</li>
</ul>
<p>¡Gracias por orar con nosotros!</p>

<!-- This site is optimized with the Yoast SEO plugin v22.6 - https://yoast.com/wordpress/plugins/seo/ -->
<title>Equipando a los graduados para ser embajadores de Cristo en el lugar de trabajo &#183; IFES Prayerline</title>
<meta name="description" content="Stefanie es una Directora Financiera en Alemania. Le encanta su trabajo, pero tiene sus retos. Está rodeado por personas que miden su éxito por su" />
<meta name="robots" content="noindex, follow, max-snippet:-1, max-image-preview:large, max-video-preview:-1" />
<meta property="og:locale" content="es_ES" />
<meta property="og:type" content="article" />
<meta property="og:title" content="Equipando a los graduados para ser embajadores de Cristo en el lugar de trabajo &#183; IFES Prayerline" />
<meta property="og:description" content="Stefanie es una Directora Financiera en Alemania. Le encanta su trabajo, pero tiene sus retos. Está rodeado por personas que miden su éxito por su" />
<meta property="og:url" content="https://ifesworld.org/es/prayerline/equipando-a-los-graduados-para-ser-embajadores-de-cristo-en-el-lugar-de-trabajo/" />
<meta property="og:site_name" content="IFES" />
<meta property="article:modified_time" content="2019-05-29T16:12:30+00:00" />
<meta property="og:image" content="https://ifesworld.org/wp-content/uploads/2018/10/181002-Germany.jpg" />
	<meta property="og:image:width" content="960" />
	<meta property="og:image:height" content="824" />
	<meta property="og:image:type" content="image/jpeg" />
<meta name="twitter:card" content="summary_large_image" />
<meta name="twitter:label1" content="Tiempo de lectura" />
	<meta name="twitter:data1" content="2 minutos" />
<script type="application/ld+json" class="yoast-schema-graph">{"@context":"https://schema.org","@graph":[{"@type":"WebPage","@id":"https://ifesworld.org/es/prayerline/equipando-a-los-graduados-para-ser-embajadores-de-cristo-en-el-lugar-de-trabajo/","url":"https://ifesworld.org/es/prayerline/equipando-a-los-graduados-para-ser-embajadores-de-cristo-en-el-lugar-de-trabajo/","name":"Equipando a los graduados para ser embajadores de Cristo en el lugar de trabajo &#183; IFES Prayerline","isPartOf":{"@id":"https://fru.ifesworld.org/en/#website"},"primaryImageOfPage":{"@id":"https://ifesworld.org/es/prayerline/equipando-a-los-graduados-para-ser-embajadores-de-cristo-en-el-lugar-de-trabajo/#primaryimage"},"image":{"@id":"https://ifesworld.org/es/prayerline/equipando-a-los-graduados-para-ser-embajadores-de-cristo-en-el-lugar-de-trabajo/#primaryimage"},"thumbnailUrl":"https://fru.ifesworld.org/wp-content/uploads/2018/10/181002-Germany.jpg","datePublished":"2018-10-02T14:00:00+00:00","dateModified":"2019-05-29T16:12:30+00:00","description":"Stefanie es una Directora Financiera en Alemania. Le encanta su trabajo, pero tiene sus retos. Está rodeado por personas que miden su éxito por su","breadcrumb":{"@id":"https://ifesworld.org/es/prayerline/equipando-a-los-graduados-para-ser-embajadores-de-cristo-en-el-lugar-de-trabajo/#breadcrumb"},"inLanguage":"es","potentialAction":[{"@type":"ReadAction","target":["https://ifesworld.org/es/prayerline/equipando-a-los-graduados-para-ser-embajadores-de-cristo-en-el-lugar-de-trabajo/"]}]},{"@type":"ImageObject","inLanguage":"es","@id":"https://ifesworld.org/es/prayerline/equipando-a-los-graduados-para-ser-embajadores-de-cristo-en-el-lugar-de-trabajo/#primaryimage","url":"https://fru.ifesworld.org/wp-content/uploads/2018/10/181002-Germany.jpg","contentUrl":"https://fru.ifesworld.org/wp-content/uploads/2018/10/181002-Germany.jpg","width":960,"height":824,"caption":"181002 Germany"},{"@type":"BreadcrumbList","@id":"https://ifesworld.org/es/prayerline/equipando-a-los-graduados-para-ser-embajadores-de-cristo-en-el-lugar-de-trabajo/#breadcrumb","itemListElement":[{"@type":"ListItem","position":1,"name":"Home","item":"https://ifesworld.org/es/"},{"@type":"ListItem","position":2,"name":"Prayerline","item":"https://ifesworld.org/en/prayerline/"},{"@type":"ListItem","position":3,"name":"Equipando a los graduados para ser embajadores de Cristo en el lugar de trabajo"}]},{"@type":"WebSite","@id":"https://fru.ifesworld.org/en/#website","url":"https://fru.ifesworld.org/en/","name":"IFES","description":"A movement of students sharing and living out the good news of Jesus Christ. Locally. Nationally. Globally.","publisher":{"@id":"https://fru.ifesworld.org/en/#organization"},"potentialAction":[{"@type":"SearchAction","target":{"@type":"EntryPoint","urlTemplate":"https://fru.ifesworld.org/en/?s={search_term_string}"},"query-input":"required name=search_term_string"}],"inLanguage":"es"},{"@type":"Organization","@id":"https://fru.ifesworld.org/en/#organization","name":"IFES · International Fellowship of Evangelical Students","url":"https://fru.ifesworld.org/en/","logo":{"@type":"ImageObject","inLanguage":"es","@id":"https://fru.ifesworld.org/en/#/schema/logo/image/","url":"https://fru.ifesworld.org/wp-content/uploads/2019/06/ifeslogo.png","contentUrl":"https://fru.ifesworld.org/wp-content/uploads/2019/06/ifeslogo.png","width":262,"height":262,"caption":"IFES · International Fellowship of Evangelical Students"},"image":{"@id":"https://fru.ifesworld.org/en/#/schema/logo/image/"}}]}</script>
<!-- / Yoast SEO plugin. -->

Stefanie es una Directora Financiera en Alemania. Le encanta su trabajo, pero tiene sus retos. Está rodeado por personas que miden su éxito por su
