{"id":2249,"date":"2018-10-30T11:30:00","date_gmt":"2018-10-30T11:30:00","guid":{"rendered":"https:\/\/fru.ifesworld.org\/prayerline\/conectando-con-la-palabra-de-dios-en-un-mundo-ajetreado\/"},"modified":"2019-05-29T15:18:28","modified_gmt":"2019-05-29T15:18:28","slug":"conectando-con-la-palabra-de-dios-en-un-mundo-ajetreado","status":"publish","type":"prayerline","link":"https:\/\/fru.ifesworld.org\/es\/prayerline\/conectando-con-la-palabra-de-dios-en-un-mundo-ajetreado\/","title":{"rendered":"Conectando con la Palabra de Dios en un mundo ajetreado"},"content":{"rendered":"<p>\u00bfC\u00f3mo va la vida? \u00a1Ajetreada!<\/p>\n<p>Es una respuesta frecuente. Parece que hoy en d\u00eda todos estamos ocupados: en el campus, en casa, en el trabajo. Y los obreros de IFES no son distintos. Correr de una reuni\u00f3n a otra, de una actividad a la siguiente. El tiempo con Dios puede minimizarse f\u00e1cilmente. Antes de que pase mucho tiempo, el tiempo de leer la Biblia se reduce hasta convertirse en una herramienta para el ministerio. Eventualmente, el cansancio, el des\u00e1nimo y la ranciedad espiritual se van asentando.<\/p>\n<p>El equipo de Compromiso con las Escrituras de IFES no quiere que esto ocurra. Una de sus prioridades es ayudar a los obreros a arraigarse de nuevo en Cristo y en sus Buenas Nuevas. Ana Miriam Peralta, obrera senior de COMPA M\u00e9xico, sabe lo crucial que resulta esto para la salud espiritual de los obreros. Por eso invit\u00f3 a alguien del equipo de Compromiso con las Escrituras para que visitaran M\u00e9xico a finales de esta semana y les ayudaran a dirigir un retiro de 3 d\u00edas para 15 obreros del sur del pa\u00eds.<\/p>\n<p>El objetivo del retiro es que los obreros pasen tiempo de calidad con Dios y que profundicen en sus relaciones los unos con los otros. No es un tiempo de planificaci\u00f3n u organizaci\u00f3n. Es m\u00e1s, habr\u00e1 per\u00edodos de silencio para meditar en los pasajes de las Escrituras, tiempos de oraci\u00f3n, para compartir la vida en comunidad y descansar.<\/p>\n<ul>\n<li>Ora para que el retiro sirva para animar y renovar las fuerzas de los 15 obreros de COMPA. Ora para que Dios les hable a trav\u00e9s de su Palabra y que les anime en su ministerio.<\/li>\n<li>Ora por los retiros que tendr\u00e1n lugar en otras regiones del mundo de IFES, especialmente por el retiro de obreros de IFES en Europa del 10 al 14 de junio de 2019.<\/li>\n<li>Ora por Sabine Kalthoff y el resto del equipo de Compromiso con las Escrituras cuando busquen despertar la pasi\u00f3n por el compromiso con las Escrituras en los movimientos nacionales. Ora para que las Escrituras sean centrales en todo testimonio y misi\u00f3n, y que est\u00e9n contextualizadas de una forma adecuada para los estudiantes de hoy en d\u00eda.<\/li>\n<\/ul>\n<p>Si tu movimiento nacional est\u00e1 interesado en organizar estos retiros o en integrar un d\u00eda de retiro en un evento establecido, <a href=\"mailto:scriptureengagement@ifesworld.org\">contacta con el equipo de Compromiso con las Escrituras.<\/a><\/p>\n<p>\u00a1Gracias por orar con nosotros!<\/p>\n","protected":false},"featured_media":2833,"template":"","area":[708,878],"theme":[],"class_list":["post-2249","prayerline","type-prayerline","status-publish","has-post-thumbnail","hentry","area-america-latina","area-mexico-america-latina"],"acf":[],"yoast_head":"<!-- This site is optimized with the Yoast SEO plugin v22.6 - https:\/\/yoast.com\/wordpress\/plugins\/seo\/ -->\n<title>Conectando con la Palabra de Dios en un mundo ajetreado &#183; IFES Prayerline<\/title>\n<meta name=\"description\" content=\"\u00bfC\u00f3mo va la vida? \u00a1Ajetreada! Es una respuesta frecuente. Parece que hoy en d\u00eda todos estamos ocupados: en el campus, en casa, en el trabajo. Y los\" \/>\n<meta name=\"robots\" content=\"noindex, follow, max-snippet:-1, max-image-preview:large, max-video-preview:-1\" \/>\n<meta property=\"og:locale\" content=\"es_ES\" \/>\n<meta property=\"og:type\" content=\"article\" \/>\n<meta property=\"og:title\" content=\"Conectando con la Palabra de Dios en un mundo ajetreado &#183; IFES Prayerline\" \/>\n<meta property=\"og:description\" content=\"\u00bfC\u00f3mo va la vida? \u00a1Ajetreada! Es una respuesta frecuente. Parece que hoy en d\u00eda todos estamos ocupados: en el campus, en casa, en el trabajo. Y los\" \/>\n<meta property=\"og:url\" content=\"https:\/\/ifesworld.org\/es\/prayerline\/conectando-con-la-palabra-de-dios-en-un-mundo-ajetreado\/\" \/>\n<meta property=\"og:site_name\" content=\"IFES\" \/>\n<meta property=\"article:modified_time\" content=\"2019-05-29T15:18:28+00:00\" \/>\n<meta property=\"og:image\" content=\"https:\/\/ifesworld.org\/wp-content\/uploads\/2018\/10\/181030-gift-habeshaw-699056-unsplash.jpg\" \/>\n\t<meta property=\"og:image:width\" content=\"1280\" \/>\n\t<meta property=\"og:image:height\" content=\"720\" \/>\n\t<meta property=\"og:image:type\" content=\"image\/jpeg\" \/>\n<meta name=\"twitter:card\" content=\"summary_large_image\" \/>\n<meta name=\"twitter:label1\" content=\"Tiempo de lectura\" \/>\n\t<meta name=\"twitter:data1\" content=\"2 minutos\" \/>\n<script type=\"application\/ld+json\" class=\"yoast-schema-graph\">{\"@context\":\"https:\/\/schema.org\",\"@graph\":[{\"@type\":\"WebPage\",\"@id\":\"https:\/\/ifesworld.org\/es\/prayerline\/conectando-con-la-palabra-de-dios-en-un-mundo-ajetreado\/\",\"url\":\"https:\/\/ifesworld.org\/es\/prayerline\/conectando-con-la-palabra-de-dios-en-un-mundo-ajetreado\/\",\"name\":\"Conectando con la Palabra de Dios en un mundo ajetreado &#183; IFES Prayerline\",\"isPartOf\":{\"@id\":\"https:\/\/fru.ifesworld.org\/en\/#website\"},\"primaryImageOfPage\":{\"@id\":\"https:\/\/ifesworld.org\/es\/prayerline\/conectando-con-la-palabra-de-dios-en-un-mundo-ajetreado\/#primaryimage\"},\"image\":{\"@id\":\"https:\/\/ifesworld.org\/es\/prayerline\/conectando-con-la-palabra-de-dios-en-un-mundo-ajetreado\/#primaryimage\"},\"thumbnailUrl\":\"https:\/\/fru.ifesworld.org\/wp-content\/uploads\/2018\/10\/181030-gift-habeshaw-699056-unsplash.jpg\",\"datePublished\":\"2018-10-30T11:30:00+00:00\",\"dateModified\":\"2019-05-29T15:18:28+00:00\",\"description\":\"\u00bfC\u00f3mo va la vida? \u00a1Ajetreada! Es una respuesta frecuente. Parece que hoy en d\u00eda todos estamos ocupados: en el campus, en casa, en el trabajo. Y los\",\"breadcrumb\":{\"@id\":\"https:\/\/ifesworld.org\/es\/prayerline\/conectando-con-la-palabra-de-dios-en-un-mundo-ajetreado\/#breadcrumb\"},\"inLanguage\":\"es\",\"potentialAction\":[{\"@type\":\"ReadAction\",\"target\":[\"https:\/\/ifesworld.org\/es\/prayerline\/conectando-con-la-palabra-de-dios-en-un-mundo-ajetreado\/\"]}]},{\"@type\":\"ImageObject\",\"inLanguage\":\"es\",\"@id\":\"https:\/\/ifesworld.org\/es\/prayerline\/conectando-con-la-palabra-de-dios-en-un-mundo-ajetreado\/#primaryimage\",\"url\":\"https:\/\/fru.ifesworld.org\/wp-content\/uploads\/2018\/10\/181030-gift-habeshaw-699056-unsplash.jpg\",\"contentUrl\":\"https:\/\/fru.ifesworld.org\/wp-content\/uploads\/2018\/10\/181030-gift-habeshaw-699056-unsplash.jpg\",\"width\":1280,\"height\":720,\"caption\":\"181030 gift-habeshaw-699056-unsplash\"},{\"@type\":\"BreadcrumbList\",\"@id\":\"https:\/\/ifesworld.org\/es\/prayerline\/conectando-con-la-palabra-de-dios-en-un-mundo-ajetreado\/#breadcrumb\",\"itemListElement\":[{\"@type\":\"ListItem\",\"position\":1,\"name\":\"Home\",\"item\":\"https:\/\/ifesworld.org\/es\/\"},{\"@type\":\"ListItem\",\"position\":2,\"name\":\"Prayerline\",\"item\":\"https:\/\/ifesworld.org\/en\/prayerline\/\"},{\"@type\":\"ListItem\",\"position\":3,\"name\":\"Conectando con la Palabra de Dios en un mundo ajetreado\"}]},{\"@type\":\"WebSite\",\"@id\":\"https:\/\/fru.ifesworld.org\/en\/#website\",\"url\":\"https:\/\/fru.ifesworld.org\/en\/\",\"name\":\"IFES\",\"description\":\"A movement of students sharing and living out the good news of Jesus Christ. Locally. Nationally. Globally.\",\"publisher\":{\"@id\":\"https:\/\/fru.ifesworld.org\/en\/#organization\"},\"potentialAction\":[{\"@type\":\"SearchAction\",\"target\":{\"@type\":\"EntryPoint\",\"urlTemplate\":\"https:\/\/fru.ifesworld.org\/en\/?s={search_term_string}\"},\"query-input\":\"required name=search_term_string\"}],\"inLanguage\":\"es\"},{\"@type\":\"Organization\",\"@id\":\"https:\/\/fru.ifesworld.org\/en\/#organization\",\"name\":\"IFES \u00b7 International Fellowship of Evangelical Students\",\"url\":\"https:\/\/fru.ifesworld.org\/en\/\",\"logo\":{\"@type\":\"ImageObject\",\"inLanguage\":\"es\",\"@id\":\"https:\/\/fru.ifesworld.org\/en\/#\/schema\/logo\/image\/\",\"url\":\"https:\/\/fru.ifesworld.org\/wp-content\/uploads\/2019\/06\/ifeslogo.png\",\"contentUrl\":\"https:\/\/fru.ifesworld.org\/wp-content\/uploads\/2019\/06\/ifeslogo.png\",\"width\":262,\"height\":262,\"caption\":\"IFES \u00b7 International Fellowship of Evangelical Students\"},\"image\":{\"@id\":\"https:\/\/fru.ifesworld.org\/en\/#\/schema\/logo\/image\/\"}}]}<\/script>\n<!-- \/ Yoast SEO plugin. -->","yoast_head_json":{"title":"Conectando con la Palabra de Dios en un mundo ajetreado &#183; IFES Prayerline","description":"\u00bfC\u00f3mo va la vida? \u00a1Ajetreada! Es una respuesta frecuente. Parece que hoy en d\u00eda todos estamos ocupados: en el campus, en casa, en el trabajo. Y los","robots":{"index":"noindex","follow":"follow","max-snippet":"max-snippet:-1","max-image-preview":"max-image-preview:large","max-video-preview":"max-video-preview:-1"},"og_locale":"es_ES","og_type":"article","og_title":"Conectando con la Palabra de Dios en un mundo ajetreado &#183; IFES Prayerline","og_description":"\u00bfC\u00f3mo va la vida? \u00a1Ajetreada! Es una respuesta frecuente. Parece que hoy en d\u00eda todos estamos ocupados: en el campus, en casa, en el trabajo. Y los","og_url":"https:\/\/ifesworld.org\/es\/prayerline\/conectando-con-la-palabra-de-dios-en-un-mundo-ajetreado\/","og_site_name":"IFES","article_modified_time":"2019-05-29T15:18:28+00:00","og_image":[{"width":1280,"height":720,"url":"https:\/\/ifesworld.org\/wp-content\/uploads\/2018\/10\/181030-gift-habeshaw-699056-unsplash.jpg","type":"image\/jpeg"}],"twitter_card":"summary_large_image","twitter_misc":{"Tiempo de lectura":"2 minutos"},"schema":{"@context":"https:\/\/schema.org","@graph":[{"@type":"WebPage","@id":"https:\/\/ifesworld.org\/es\/prayerline\/conectando-con-la-palabra-de-dios-en-un-mundo-ajetreado\/","url":"https:\/\/ifesworld.org\/es\/prayerline\/conectando-con-la-palabra-de-dios-en-un-mundo-ajetreado\/","name":"Conectando con la Palabra de Dios en un mundo ajetreado &#183; IFES Prayerline","isPartOf":{"@id":"https:\/\/fru.ifesworld.org\/en\/#website"},"primaryImageOfPage":{"@id":"https:\/\/ifesworld.org\/es\/prayerline\/conectando-con-la-palabra-de-dios-en-un-mundo-ajetreado\/#primaryimage"},"image":{"@id":"https:\/\/ifesworld.org\/es\/prayerline\/conectando-con-la-palabra-de-dios-en-un-mundo-ajetreado\/#primaryimage"},"thumbnailUrl":"https:\/\/fru.ifesworld.org\/wp-content\/uploads\/2018\/10\/181030-gift-habeshaw-699056-unsplash.jpg","datePublished":"2018-10-30T11:30:00+00:00","dateModified":"2019-05-29T15:18:28+00:00","description":"\u00bfC\u00f3mo va la vida? \u00a1Ajetreada! Es una respuesta frecuente. Parece que hoy en d\u00eda todos estamos ocupados: en el campus, en casa, en el trabajo. Y los","breadcrumb":{"@id":"https:\/\/ifesworld.org\/es\/prayerline\/conectando-con-la-palabra-de-dios-en-un-mundo-ajetreado\/#breadcrumb"},"inLanguage":"es","potentialAction":[{"@type":"ReadAction","target":["https:\/\/ifesworld.org\/es\/prayerline\/conectando-con-la-palabra-de-dios-en-un-mundo-ajetreado\/"]}]},{"@type":"ImageObject","inLanguage":"es","@id":"https:\/\/ifesworld.org\/es\/prayerline\/conectando-con-la-palabra-de-dios-en-un-mundo-ajetreado\/#primaryimage","url":"https:\/\/fru.ifesworld.org\/wp-content\/uploads\/2018\/10\/181030-gift-habeshaw-699056-unsplash.jpg","contentUrl":"https:\/\/fru.ifesworld.org\/wp-content\/uploads\/2018\/10\/181030-gift-habeshaw-699056-unsplash.jpg","width":1280,"height":720,"caption":"181030 gift-habeshaw-699056-unsplash"},{"@type":"BreadcrumbList","@id":"https:\/\/ifesworld.org\/es\/prayerline\/conectando-con-la-palabra-de-dios-en-un-mundo-ajetreado\/#breadcrumb","itemListElement":[{"@type":"ListItem","position":1,"name":"Home","item":"https:\/\/ifesworld.org\/es\/"},{"@type":"ListItem","position":2,"name":"Prayerline","item":"https:\/\/ifesworld.org\/en\/prayerline\/"},{"@type":"ListItem","position":3,"name":"Conectando con la Palabra de Dios en un mundo ajetreado"}]},{"@type":"WebSite","@id":"https:\/\/fru.ifesworld.org\/en\/#website","url":"https:\/\/fru.ifesworld.org\/en\/","name":"IFES","description":"A movement of students sharing and living out the good news of Jesus Christ. Locally. Nationally. Globally.","publisher":{"@id":"https:\/\/fru.ifesworld.org\/en\/#organization"},"potentialAction":[{"@type":"SearchAction","target":{"@type":"EntryPoint","urlTemplate":"https:\/\/fru.ifesworld.org\/en\/?s={search_term_string}"},"query-input":"required name=search_term_string"}],"inLanguage":"es"},{"@type":"Organization","@id":"https:\/\/fru.ifesworld.org\/en\/#organization","name":"IFES \u00b7 International Fellowship of Evangelical Students","url":"https:\/\/fru.ifesworld.org\/en\/","logo":{"@type":"ImageObject","inLanguage":"es","@id":"https:\/\/fru.ifesworld.org\/en\/#\/schema\/logo\/image\/","url":"https:\/\/fru.ifesworld.org\/wp-content\/uploads\/2019\/06\/ifeslogo.png","contentUrl":"https:\/\/fru.ifesworld.org\/wp-content\/uploads\/2019\/06\/ifeslogo.png","width":262,"height":262,"caption":"IFES \u00b7 International Fellowship of Evangelical Students"},"image":{"@id":"https:\/\/fru.ifesworld.org\/en\/#\/schema\/logo\/image\/"}}]}},"_links":{"self":[{"href":"https:\/\/fru.ifesworld.org\/es\/wp-json\/wp\/v2\/prayerline\/2249"}],"collection":[{"href":"https:\/\/fru.ifesworld.org\/es\/wp-json\/wp\/v2\/prayerline"}],"about":[{"href":"https:\/\/fru.ifesworld.org\/es\/wp-json\/wp\/v2\/types\/prayerline"}],"wp:featuredmedia":[{"embeddable":true,"href":"https:\/\/fru.ifesworld.org\/es\/wp-json\/wp\/v2\/media\/2833"}],"wp:attachment":[{"href":"https:\/\/fru.ifesworld.org\/es\/wp-json\/wp\/v2\/media?parent=2249"}],"wp:term":[{"taxonomy":"area","embeddable":true,"href":"https:\/\/fru.ifesworld.org\/es\/wp-json\/wp\/v2\/area?post=2249"},{"taxonomy":"theme","embeddable":true,"href":"https:\/\/fru.ifesworld.org\/es\/wp-json\/wp\/v2\/theme?post=2249"}],"curies":[{"name":"wp","href":"https:\/\/api.w.org\/{rel}","templated":true}]}}

<p>¿Cómo va la vida? ¡Ajetreada!</p>
<p>Es una respuesta frecuente. Parece que hoy en día todos estamos ocupados: en el campus, en casa, en el trabajo. Y los obreros de IFES no son distintos. Correr de una reunión a otra, de una actividad a la siguiente. El tiempo con Dios puede minimizarse fácilmente. Antes de que pase mucho tiempo, el tiempo de leer la Biblia se reduce hasta convertirse en una herramienta para el ministerio. Eventualmente, el cansancio, el desánimo y la ranciedad espiritual se van asentando.</p>
<p>El equipo de Compromiso con las Escrituras de IFES no quiere que esto ocurra. Una de sus prioridades es ayudar a los obreros a arraigarse de nuevo en Cristo y en sus Buenas Nuevas. Ana Miriam Peralta, obrera senior de COMPA México, sabe lo crucial que resulta esto para la salud espiritual de los obreros. Por eso invitó a alguien del equipo de Compromiso con las Escrituras para que visitaran México a finales de esta semana y les ayudaran a dirigir un retiro de 3 días para 15 obreros del sur del país.</p>
<p>El objetivo del retiro es que los obreros pasen tiempo de calidad con Dios y que profundicen en sus relaciones los unos con los otros. No es un tiempo de planificación u organización. Es más, habrá períodos de silencio para meditar en los pasajes de las Escrituras, tiempos de oración, para compartir la vida en comunidad y descansar.</p>
<ul>
<li>Ora para que el retiro sirva para animar y renovar las fuerzas de los 15 obreros de COMPA. Ora para que Dios les hable a través de su Palabra y que les anime en su ministerio.</li>
<li>Ora por los retiros que tendrán lugar en otras regiones del mundo de IFES, especialmente por el retiro de obreros de IFES en Europa del 10 al 14 de junio de 2019.</li>
<li>Ora por Sabine Kalthoff y el resto del equipo de Compromiso con las Escrituras cuando busquen despertar la pasión por el compromiso con las Escrituras en los movimientos nacionales. Ora para que las Escrituras sean centrales en todo testimonio y misión, y que estén contextualizadas de una forma adecuada para los estudiantes de hoy en día.</li>
</ul>
<p>Si tu movimiento nacional está interesado en organizar estos retiros o en integrar un día de retiro en un evento establecido, <a href="mailto:scriptureengagement@ifesworld.org">contacta con el equipo de Compromiso con las Escrituras.</a></p>
<p>¡Gracias por orar con nosotros!</p>

<!-- This site is optimized with the Yoast SEO plugin v22.6 - https://yoast.com/wordpress/plugins/seo/ -->
<title>Conectando con la Palabra de Dios en un mundo ajetreado &#183; IFES Prayerline</title>
<meta name="description" content="¿Cómo va la vida? ¡Ajetreada! Es una respuesta frecuente. Parece que hoy en día todos estamos ocupados: en el campus, en casa, en el trabajo. Y los" />
<meta name="robots" content="noindex, follow, max-snippet:-1, max-image-preview:large, max-video-preview:-1" />
<meta property="og:locale" content="es_ES" />
<meta property="og:type" content="article" />
<meta property="og:title" content="Conectando con la Palabra de Dios en un mundo ajetreado &#183; IFES Prayerline" />
<meta property="og:description" content="¿Cómo va la vida? ¡Ajetreada! Es una respuesta frecuente. Parece que hoy en día todos estamos ocupados: en el campus, en casa, en el trabajo. Y los" />
<meta property="og:url" content="https://ifesworld.org/es/prayerline/conectando-con-la-palabra-de-dios-en-un-mundo-ajetreado/" />
<meta property="og:site_name" content="IFES" />
<meta property="article:modified_time" content="2019-05-29T15:18:28+00:00" />
<meta property="og:image" content="https://ifesworld.org/wp-content/uploads/2018/10/181030-gift-habeshaw-699056-unsplash.jpg" />
	<meta property="og:image:width" content="1280" />
	<meta property="og:image:height" content="720" />
	<meta property="og:image:type" content="image/jpeg" />
<meta name="twitter:card" content="summary_large_image" />
<meta name="twitter:label1" content="Tiempo de lectura" />
	<meta name="twitter:data1" content="2 minutos" />
<script type="application/ld+json" class="yoast-schema-graph">{"@context":"https://schema.org","@graph":[{"@type":"WebPage","@id":"https://ifesworld.org/es/prayerline/conectando-con-la-palabra-de-dios-en-un-mundo-ajetreado/","url":"https://ifesworld.org/es/prayerline/conectando-con-la-palabra-de-dios-en-un-mundo-ajetreado/","name":"Conectando con la Palabra de Dios en un mundo ajetreado &#183; IFES Prayerline","isPartOf":{"@id":"https://fru.ifesworld.org/en/#website"},"primaryImageOfPage":{"@id":"https://ifesworld.org/es/prayerline/conectando-con-la-palabra-de-dios-en-un-mundo-ajetreado/#primaryimage"},"image":{"@id":"https://ifesworld.org/es/prayerline/conectando-con-la-palabra-de-dios-en-un-mundo-ajetreado/#primaryimage"},"thumbnailUrl":"https://fru.ifesworld.org/wp-content/uploads/2018/10/181030-gift-habeshaw-699056-unsplash.jpg","datePublished":"2018-10-30T11:30:00+00:00","dateModified":"2019-05-29T15:18:28+00:00","description":"¿Cómo va la vida? ¡Ajetreada! Es una respuesta frecuente. Parece que hoy en día todos estamos ocupados: en el campus, en casa, en el trabajo. Y los","breadcrumb":{"@id":"https://ifesworld.org/es/prayerline/conectando-con-la-palabra-de-dios-en-un-mundo-ajetreado/#breadcrumb"},"inLanguage":"es","potentialAction":[{"@type":"ReadAction","target":["https://ifesworld.org/es/prayerline/conectando-con-la-palabra-de-dios-en-un-mundo-ajetreado/"]}]},{"@type":"ImageObject","inLanguage":"es","@id":"https://ifesworld.org/es/prayerline/conectando-con-la-palabra-de-dios-en-un-mundo-ajetreado/#primaryimage","url":"https://fru.ifesworld.org/wp-content/uploads/2018/10/181030-gift-habeshaw-699056-unsplash.jpg","contentUrl":"https://fru.ifesworld.org/wp-content/uploads/2018/10/181030-gift-habeshaw-699056-unsplash.jpg","width":1280,"height":720,"caption":"181030 gift-habeshaw-699056-unsplash"},{"@type":"BreadcrumbList","@id":"https://ifesworld.org/es/prayerline/conectando-con-la-palabra-de-dios-en-un-mundo-ajetreado/#breadcrumb","itemListElement":[{"@type":"ListItem","position":1,"name":"Home","item":"https://ifesworld.org/es/"},{"@type":"ListItem","position":2,"name":"Prayerline","item":"https://ifesworld.org/en/prayerline/"},{"@type":"ListItem","position":3,"name":"Conectando con la Palabra de Dios en un mundo ajetreado"}]},{"@type":"WebSite","@id":"https://fru.ifesworld.org/en/#website","url":"https://fru.ifesworld.org/en/","name":"IFES","description":"A movement of students sharing and living out the good news of Jesus Christ. Locally. Nationally. Globally.","publisher":{"@id":"https://fru.ifesworld.org/en/#organization"},"potentialAction":[{"@type":"SearchAction","target":{"@type":"EntryPoint","urlTemplate":"https://fru.ifesworld.org/en/?s={search_term_string}"},"query-input":"required name=search_term_string"}],"inLanguage":"es"},{"@type":"Organization","@id":"https://fru.ifesworld.org/en/#organization","name":"IFES · International Fellowship of Evangelical Students","url":"https://fru.ifesworld.org/en/","logo":{"@type":"ImageObject","inLanguage":"es","@id":"https://fru.ifesworld.org/en/#/schema/logo/image/","url":"https://fru.ifesworld.org/wp-content/uploads/2019/06/ifeslogo.png","contentUrl":"https://fru.ifesworld.org/wp-content/uploads/2019/06/ifeslogo.png","width":262,"height":262,"caption":"IFES · International Fellowship of Evangelical Students"},"image":{"@id":"https://fru.ifesworld.org/en/#/schema/logo/image/"}}]}</script>
<!-- / Yoast SEO plugin. -->

¿Cómo va la vida? ¡Ajetreada! Es una respuesta frecuente. Parece que hoy en día todos estamos ocupados: en el campus, en casa, en el trabajo. Y los
