{"id":2243,"date":"2018-04-03T22:00:00","date_gmt":"2018-04-03T22:00:00","guid":{"rendered":"https:\/\/fru.ifesworld.org\/prayerline\/ora-por-un-estilo-de-vida-evangelstico-en-la-india\/"},"modified":"2019-06-05T14:29:36","modified_gmt":"2019-06-05T14:29:36","slug":"ora-por-un-estilo-de-vida-evangelstico-en-la-india","status":"publish","type":"prayerline","link":"https:\/\/fru.ifesworld.org\/es\/prayerline\/ora-por-un-estilo-de-vida-evangelstico-en-la-india\/","title":{"rendered":"Ora por un estilo de vida evangelstico en la India"},"content":{"rendered":"<p>El n\u00famero de estudiantes en la India es impresionante. Hoy en d\u00eda hay 35 millones. Los expertos predicen que para el a\u00f1o 2025 en la India habr\u00e1 m\u00e1s estudiantes que en ning\u00fan otro pa\u00eds del mundo. El campo es realmente enorme.<\/p>\n<p>En respuesta a esto, UESI India ha estado invirtiendo en el discipulado y la formaci\u00f3n para equipar a sus estudiantes y graduados para que vivan y hablen acerca de Jes\u00fas. Este a\u00f1o ya hemos celebrado talleres acerca de la evangelizaci\u00f3n por medio de conversaciones, los medios de comunicaci\u00f3n evangel\u00edsticos, el mentorazgo para l\u00edderes y las misiones.<\/p>\n<p>En la India no resulta f\u00e1cil compartir el Evangelio. El clima espiritual puede ser muy tenso, como nos comenta la obrera Athma:<\/p>\n\n<div class=\"wp-block block-core-quote\">\n<blockquote class=\"wp-block-quote is-layout-flow wp-block-quote-is-layout-flow\"><p> \u00abHay un esp\u00edritu anti-cristiano levant\u00e1ndose en algunos grupos de fundamentalismo religioso que atacan deliberadamente a los cristianos que est\u00e1n entregados a la oraci\u00f3n y a la evangelizaci\u00f3n. Ora para que los estudiantes cristianos sean vibrantes en la evangelizaci\u00f3n, convirti\u00e9ndola en nuestra forma de vida, y que seamos valientes y pacientes cuando afrontemos oposici\u00f3n.\u00bb <\/p><\/blockquote>\n<\/div>\n\n<p>UESI celebrar\u00e1 otra semana de formaci\u00f3n misionera en unas semanas. Por favor, \u00fanete a nosotros y oremos por el campamento:<\/p>\n<ul>\n<li>Ora para que se levanten muchos obreros y sean capacitados para alcanzar a los grandes campos de la India.<\/li>\n<li>Ora para que los estudiantes sean moldeados por las prioridades de Dios y que tomen unas decisiones sabias acerca de su carrera y su ministerio tras graduarse.<\/li>\n<li>Ora para que Dios les provea con recursos econ\u00f3micos y personales para el campamento.<\/li>\n<li>Ora por la obra pionera en los campus nuevos en la India.<\/li>\n<\/ul>\n<p>\u00a1Gracias por orar con nosotros!<\/p>","protected":false},"featured_media":3177,"template":"","area":[711,912],"theme":[],"class_list":["post-2243","prayerline","type-prayerline","status-publish","has-post-thumbnail","hentry","area-asia-del-sur","area-india-asia-del-sur"],"acf":[],"yoast_head":"<!-- This site is optimized with the Yoast SEO plugin v22.6 - https:\/\/yoast.com\/wordpress\/plugins\/seo\/ -->\n<title>Ora por un estilo de vida evangelstico en la India &#183; IFES Prayerline<\/title>\n<meta name=\"description\" content=\"El n\u00famero de estudiantes en la India es impresionante. Hoy en d\u00eda hay 35 millones. Los expertos predicen que para el a\u00f1o 2025 en la India habr\u00e1 m\u00e1s\" \/>\n<meta name=\"robots\" content=\"noindex, follow, max-snippet:-1, max-image-preview:large, max-video-preview:-1\" \/>\n<meta property=\"og:locale\" content=\"es_ES\" \/>\n<meta property=\"og:type\" content=\"article\" \/>\n<meta property=\"og:title\" content=\"Ora por un estilo de vida evangelstico en la India &#183; IFES Prayerline\" \/>\n<meta property=\"og:description\" content=\"El n\u00famero de estudiantes en la India es impresionante. Hoy en d\u00eda hay 35 millones. Los expertos predicen que para el a\u00f1o 2025 en la India habr\u00e1 m\u00e1s\" \/>\n<meta property=\"og:url\" content=\"https:\/\/ifesworld.org\/es\/prayerline\/ora-por-un-estilo-de-vida-evangelstico-en-la-india\/\" \/>\n<meta property=\"og:site_name\" content=\"IFES\" \/>\n<meta property=\"article:modified_time\" content=\"2019-06-05T14:29:36+00:00\" \/>\n<meta property=\"og:image\" content=\"https:\/\/ifesworld.org\/wp-content\/uploads\/2018\/04\/180403.jpg\" \/>\n\t<meta property=\"og:image:width\" content=\"640\" \/>\n\t<meta property=\"og:image:height\" content=\"360\" \/>\n\t<meta property=\"og:image:type\" content=\"image\/jpeg\" \/>\n<meta name=\"twitter:card\" content=\"summary_large_image\" \/>\n<meta name=\"twitter:label1\" content=\"Tiempo de lectura\" \/>\n\t<meta name=\"twitter:data1\" content=\"1 minuto\" \/>\n<script type=\"application\/ld+json\" class=\"yoast-schema-graph\">{\"@context\":\"https:\/\/schema.org\",\"@graph\":[{\"@type\":\"WebPage\",\"@id\":\"https:\/\/ifesworld.org\/es\/prayerline\/ora-por-un-estilo-de-vida-evangelstico-en-la-india\/\",\"url\":\"https:\/\/ifesworld.org\/es\/prayerline\/ora-por-un-estilo-de-vida-evangelstico-en-la-india\/\",\"name\":\"Ora por un estilo de vida evangelstico en la India &#183; IFES Prayerline\",\"isPartOf\":{\"@id\":\"https:\/\/fru.ifesworld.org\/en\/#website\"},\"primaryImageOfPage\":{\"@id\":\"https:\/\/ifesworld.org\/es\/prayerline\/ora-por-un-estilo-de-vida-evangelstico-en-la-india\/#primaryimage\"},\"image\":{\"@id\":\"https:\/\/ifesworld.org\/es\/prayerline\/ora-por-un-estilo-de-vida-evangelstico-en-la-india\/#primaryimage\"},\"thumbnailUrl\":\"https:\/\/fru.ifesworld.org\/wp-content\/uploads\/2018\/04\/180403.jpg\",\"datePublished\":\"2018-04-03T22:00:00+00:00\",\"dateModified\":\"2019-06-05T14:29:36+00:00\",\"description\":\"El n\u00famero de estudiantes en la India es impresionante. Hoy en d\u00eda hay 35 millones. Los expertos predicen que para el a\u00f1o 2025 en la India habr\u00e1 m\u00e1s\",\"breadcrumb\":{\"@id\":\"https:\/\/ifesworld.org\/es\/prayerline\/ora-por-un-estilo-de-vida-evangelstico-en-la-india\/#breadcrumb\"},\"inLanguage\":\"es\",\"potentialAction\":[{\"@type\":\"ReadAction\",\"target\":[\"https:\/\/ifesworld.org\/es\/prayerline\/ora-por-un-estilo-de-vida-evangelstico-en-la-india\/\"]}]},{\"@type\":\"ImageObject\",\"inLanguage\":\"es\",\"@id\":\"https:\/\/ifesworld.org\/es\/prayerline\/ora-por-un-estilo-de-vida-evangelstico-en-la-india\/#primaryimage\",\"url\":\"https:\/\/fru.ifesworld.org\/wp-content\/uploads\/2018\/04\/180403.jpg\",\"contentUrl\":\"https:\/\/fru.ifesworld.org\/wp-content\/uploads\/2018\/04\/180403.jpg\",\"width\":640,\"height\":360,\"caption\":\"180403-India\"},{\"@type\":\"BreadcrumbList\",\"@id\":\"https:\/\/ifesworld.org\/es\/prayerline\/ora-por-un-estilo-de-vida-evangelstico-en-la-india\/#breadcrumb\",\"itemListElement\":[{\"@type\":\"ListItem\",\"position\":1,\"name\":\"Home\",\"item\":\"https:\/\/ifesworld.org\/es\/\"},{\"@type\":\"ListItem\",\"position\":2,\"name\":\"Prayerline\",\"item\":\"https:\/\/ifesworld.org\/en\/prayerline\/\"},{\"@type\":\"ListItem\",\"position\":3,\"name\":\"Ora por un estilo de vida evangelstico en la India\"}]},{\"@type\":\"WebSite\",\"@id\":\"https:\/\/fru.ifesworld.org\/en\/#website\",\"url\":\"https:\/\/fru.ifesworld.org\/en\/\",\"name\":\"IFES\",\"description\":\"A movement of students sharing and living out the good news of Jesus Christ. Locally. Nationally. Globally.\",\"publisher\":{\"@id\":\"https:\/\/fru.ifesworld.org\/en\/#organization\"},\"potentialAction\":[{\"@type\":\"SearchAction\",\"target\":{\"@type\":\"EntryPoint\",\"urlTemplate\":\"https:\/\/fru.ifesworld.org\/en\/?s={search_term_string}\"},\"query-input\":\"required name=search_term_string\"}],\"inLanguage\":\"es\"},{\"@type\":\"Organization\",\"@id\":\"https:\/\/fru.ifesworld.org\/en\/#organization\",\"name\":\"IFES \u00b7 International Fellowship of Evangelical Students\",\"url\":\"https:\/\/fru.ifesworld.org\/en\/\",\"logo\":{\"@type\":\"ImageObject\",\"inLanguage\":\"es\",\"@id\":\"https:\/\/fru.ifesworld.org\/en\/#\/schema\/logo\/image\/\",\"url\":\"https:\/\/fru.ifesworld.org\/wp-content\/uploads\/2019\/06\/ifeslogo.png\",\"contentUrl\":\"https:\/\/fru.ifesworld.org\/wp-content\/uploads\/2019\/06\/ifeslogo.png\",\"width\":262,\"height\":262,\"caption\":\"IFES \u00b7 International Fellowship of Evangelical Students\"},\"image\":{\"@id\":\"https:\/\/fru.ifesworld.org\/en\/#\/schema\/logo\/image\/\"}}]}<\/script>\n<!-- \/ Yoast SEO plugin. -->","yoast_head_json":{"title":"Ora por un estilo de vida evangelstico en la India &#183; IFES Prayerline","description":"El n\u00famero de estudiantes en la India es impresionante. Hoy en d\u00eda hay 35 millones. Los expertos predicen que para el a\u00f1o 2025 en la India habr\u00e1 m\u00e1s","robots":{"index":"noindex","follow":"follow","max-snippet":"max-snippet:-1","max-image-preview":"max-image-preview:large","max-video-preview":"max-video-preview:-1"},"og_locale":"es_ES","og_type":"article","og_title":"Ora por un estilo de vida evangelstico en la India &#183; IFES Prayerline","og_description":"El n\u00famero de estudiantes en la India es impresionante. Hoy en d\u00eda hay 35 millones. Los expertos predicen que para el a\u00f1o 2025 en la India habr\u00e1 m\u00e1s","og_url":"https:\/\/ifesworld.org\/es\/prayerline\/ora-por-un-estilo-de-vida-evangelstico-en-la-india\/","og_site_name":"IFES","article_modified_time":"2019-06-05T14:29:36+00:00","og_image":[{"width":640,"height":360,"url":"https:\/\/ifesworld.org\/wp-content\/uploads\/2018\/04\/180403.jpg","type":"image\/jpeg"}],"twitter_card":"summary_large_image","twitter_misc":{"Tiempo de lectura":"1 minuto"},"schema":{"@context":"https:\/\/schema.org","@graph":[{"@type":"WebPage","@id":"https:\/\/ifesworld.org\/es\/prayerline\/ora-por-un-estilo-de-vida-evangelstico-en-la-india\/","url":"https:\/\/ifesworld.org\/es\/prayerline\/ora-por-un-estilo-de-vida-evangelstico-en-la-india\/","name":"Ora por un estilo de vida evangelstico en la India &#183; IFES Prayerline","isPartOf":{"@id":"https:\/\/fru.ifesworld.org\/en\/#website"},"primaryImageOfPage":{"@id":"https:\/\/ifesworld.org\/es\/prayerline\/ora-por-un-estilo-de-vida-evangelstico-en-la-india\/#primaryimage"},"image":{"@id":"https:\/\/ifesworld.org\/es\/prayerline\/ora-por-un-estilo-de-vida-evangelstico-en-la-india\/#primaryimage"},"thumbnailUrl":"https:\/\/fru.ifesworld.org\/wp-content\/uploads\/2018\/04\/180403.jpg","datePublished":"2018-04-03T22:00:00+00:00","dateModified":"2019-06-05T14:29:36+00:00","description":"El n\u00famero de estudiantes en la India es impresionante. Hoy en d\u00eda hay 35 millones. Los expertos predicen que para el a\u00f1o 2025 en la India habr\u00e1 m\u00e1s","breadcrumb":{"@id":"https:\/\/ifesworld.org\/es\/prayerline\/ora-por-un-estilo-de-vida-evangelstico-en-la-india\/#breadcrumb"},"inLanguage":"es","potentialAction":[{"@type":"ReadAction","target":["https:\/\/ifesworld.org\/es\/prayerline\/ora-por-un-estilo-de-vida-evangelstico-en-la-india\/"]}]},{"@type":"ImageObject","inLanguage":"es","@id":"https:\/\/ifesworld.org\/es\/prayerline\/ora-por-un-estilo-de-vida-evangelstico-en-la-india\/#primaryimage","url":"https:\/\/fru.ifesworld.org\/wp-content\/uploads\/2018\/04\/180403.jpg","contentUrl":"https:\/\/fru.ifesworld.org\/wp-content\/uploads\/2018\/04\/180403.jpg","width":640,"height":360,"caption":"180403-India"},{"@type":"BreadcrumbList","@id":"https:\/\/ifesworld.org\/es\/prayerline\/ora-por-un-estilo-de-vida-evangelstico-en-la-india\/#breadcrumb","itemListElement":[{"@type":"ListItem","position":1,"name":"Home","item":"https:\/\/ifesworld.org\/es\/"},{"@type":"ListItem","position":2,"name":"Prayerline","item":"https:\/\/ifesworld.org\/en\/prayerline\/"},{"@type":"ListItem","position":3,"name":"Ora por un estilo de vida evangelstico en la India"}]},{"@type":"WebSite","@id":"https:\/\/fru.ifesworld.org\/en\/#website","url":"https:\/\/fru.ifesworld.org\/en\/","name":"IFES","description":"A movement of students sharing and living out the good news of Jesus Christ. Locally. Nationally. Globally.","publisher":{"@id":"https:\/\/fru.ifesworld.org\/en\/#organization"},"potentialAction":[{"@type":"SearchAction","target":{"@type":"EntryPoint","urlTemplate":"https:\/\/fru.ifesworld.org\/en\/?s={search_term_string}"},"query-input":"required name=search_term_string"}],"inLanguage":"es"},{"@type":"Organization","@id":"https:\/\/fru.ifesworld.org\/en\/#organization","name":"IFES \u00b7 International Fellowship of Evangelical Students","url":"https:\/\/fru.ifesworld.org\/en\/","logo":{"@type":"ImageObject","inLanguage":"es","@id":"https:\/\/fru.ifesworld.org\/en\/#\/schema\/logo\/image\/","url":"https:\/\/fru.ifesworld.org\/wp-content\/uploads\/2019\/06\/ifeslogo.png","contentUrl":"https:\/\/fru.ifesworld.org\/wp-content\/uploads\/2019\/06\/ifeslogo.png","width":262,"height":262,"caption":"IFES \u00b7 International Fellowship of Evangelical Students"},"image":{"@id":"https:\/\/fru.ifesworld.org\/en\/#\/schema\/logo\/image\/"}}]}},"_links":{"self":[{"href":"https:\/\/fru.ifesworld.org\/es\/wp-json\/wp\/v2\/prayerline\/2243"}],"collection":[{"href":"https:\/\/fru.ifesworld.org\/es\/wp-json\/wp\/v2\/prayerline"}],"about":[{"href":"https:\/\/fru.ifesworld.org\/es\/wp-json\/wp\/v2\/types\/prayerline"}],"wp:featuredmedia":[{"embeddable":true,"href":"https:\/\/fru.ifesworld.org\/es\/wp-json\/wp\/v2\/media\/3177"}],"wp:attachment":[{"href":"https:\/\/fru.ifesworld.org\/es\/wp-json\/wp\/v2\/media?parent=2243"}],"wp:term":[{"taxonomy":"area","embeddable":true,"href":"https:\/\/fru.ifesworld.org\/es\/wp-json\/wp\/v2\/area?post=2243"},{"taxonomy":"theme","embeddable":true,"href":"https:\/\/fru.ifesworld.org\/es\/wp-json\/wp\/v2\/theme?post=2243"}],"curies":[{"name":"wp","href":"https:\/\/api.w.org\/{rel}","templated":true}]}}

<p>El número de estudiantes en la India es impresionante. Hoy en día hay 35 millones. Los expertos predicen que para el año 2025 en la India habrá más estudiantes que en ningún otro país del mundo. El campo es realmente enorme.</p>
<p>En respuesta a esto, UESI India ha estado invirtiendo en el discipulado y la formación para equipar a sus estudiantes y graduados para que vivan y hablen acerca de Jesús. Este año ya hemos celebrado talleres acerca de la evangelización por medio de conversaciones, los medios de comunicación evangelísticos, el mentorazgo para líderes y las misiones.</p>
<p>En la India no resulta fácil compartir el Evangelio. El clima espiritual puede ser muy tenso, como nos comenta la obrera Athma:</p>

<div class="wp-block block-core-quote">
<blockquote class="wp-block-quote is-layout-flow wp-block-quote-is-layout-flow"><p> «Hay un espíritu anti-cristiano levantándose en algunos grupos de fundamentalismo religioso que atacan deliberadamente a los cristianos que están entregados a la oración y a la evangelización. Ora para que los estudiantes cristianos sean vibrantes en la evangelización, convirtiéndola en nuestra forma de vida, y que seamos valientes y pacientes cuando afrontemos oposición.» </p></blockquote>
</div>

<p>UESI celebrará otra semana de formación misionera en unas semanas. Por favor, únete a nosotros y oremos por el campamento:</p>
<ul>
<li>Ora para que se levanten muchos obreros y sean capacitados para alcanzar a los grandes campos de la India.</li>
<li>Ora para que los estudiantes sean moldeados por las prioridades de Dios y que tomen unas decisiones sabias acerca de su carrera y su ministerio tras graduarse.</li>
<li>Ora para que Dios les provea con recursos económicos y personales para el campamento.</li>
<li>Ora por la obra pionera en los campus nuevos en la India.</li>
</ul>
<p>¡Gracias por orar con nosotros!</p>

<!-- This site is optimized with the Yoast SEO plugin v22.6 - https://yoast.com/wordpress/plugins/seo/ -->
<title>Ora por un estilo de vida evangelstico en la India &#183; IFES Prayerline</title>
<meta name="description" content="El número de estudiantes en la India es impresionante. Hoy en día hay 35 millones. Los expertos predicen que para el año 2025 en la India habrá más" />
<meta name="robots" content="noindex, follow, max-snippet:-1, max-image-preview:large, max-video-preview:-1" />
<meta property="og:locale" content="es_ES" />
<meta property="og:type" content="article" />
<meta property="og:title" content="Ora por un estilo de vida evangelstico en la India &#183; IFES Prayerline" />
<meta property="og:description" content="El número de estudiantes en la India es impresionante. Hoy en día hay 35 millones. Los expertos predicen que para el año 2025 en la India habrá más" />
<meta property="og:url" content="https://ifesworld.org/es/prayerline/ora-por-un-estilo-de-vida-evangelstico-en-la-india/" />
<meta property="og:site_name" content="IFES" />
<meta property="article:modified_time" content="2019-06-05T14:29:36+00:00" />
<meta property="og:image" content="https://ifesworld.org/wp-content/uploads/2018/04/180403.jpg" />
	<meta property="og:image:width" content="640" />
	<meta property="og:image:height" content="360" />
	<meta property="og:image:type" content="image/jpeg" />
<meta name="twitter:card" content="summary_large_image" />
<meta name="twitter:label1" content="Tiempo de lectura" />
	<meta name="twitter:data1" content="1 minuto" />
<script type="application/ld+json" class="yoast-schema-graph">{"@context":"https://schema.org","@graph":[{"@type":"WebPage","@id":"https://ifesworld.org/es/prayerline/ora-por-un-estilo-de-vida-evangelstico-en-la-india/","url":"https://ifesworld.org/es/prayerline/ora-por-un-estilo-de-vida-evangelstico-en-la-india/","name":"Ora por un estilo de vida evangelstico en la India &#183; IFES Prayerline","isPartOf":{"@id":"https://fru.ifesworld.org/en/#website"},"primaryImageOfPage":{"@id":"https://ifesworld.org/es/prayerline/ora-por-un-estilo-de-vida-evangelstico-en-la-india/#primaryimage"},"image":{"@id":"https://ifesworld.org/es/prayerline/ora-por-un-estilo-de-vida-evangelstico-en-la-india/#primaryimage"},"thumbnailUrl":"https://fru.ifesworld.org/wp-content/uploads/2018/04/180403.jpg","datePublished":"2018-04-03T22:00:00+00:00","dateModified":"2019-06-05T14:29:36+00:00","description":"El número de estudiantes en la India es impresionante. Hoy en día hay 35 millones. Los expertos predicen que para el año 2025 en la India habrá más","breadcrumb":{"@id":"https://ifesworld.org/es/prayerline/ora-por-un-estilo-de-vida-evangelstico-en-la-india/#breadcrumb"},"inLanguage":"es","potentialAction":[{"@type":"ReadAction","target":["https://ifesworld.org/es/prayerline/ora-por-un-estilo-de-vida-evangelstico-en-la-india/"]}]},{"@type":"ImageObject","inLanguage":"es","@id":"https://ifesworld.org/es/prayerline/ora-por-un-estilo-de-vida-evangelstico-en-la-india/#primaryimage","url":"https://fru.ifesworld.org/wp-content/uploads/2018/04/180403.jpg","contentUrl":"https://fru.ifesworld.org/wp-content/uploads/2018/04/180403.jpg","width":640,"height":360,"caption":"180403-India"},{"@type":"BreadcrumbList","@id":"https://ifesworld.org/es/prayerline/ora-por-un-estilo-de-vida-evangelstico-en-la-india/#breadcrumb","itemListElement":[{"@type":"ListItem","position":1,"name":"Home","item":"https://ifesworld.org/es/"},{"@type":"ListItem","position":2,"name":"Prayerline","item":"https://ifesworld.org/en/prayerline/"},{"@type":"ListItem","position":3,"name":"Ora por un estilo de vida evangelstico en la India"}]},{"@type":"WebSite","@id":"https://fru.ifesworld.org/en/#website","url":"https://fru.ifesworld.org/en/","name":"IFES","description":"A movement of students sharing and living out the good news of Jesus Christ. Locally. Nationally. Globally.","publisher":{"@id":"https://fru.ifesworld.org/en/#organization"},"potentialAction":[{"@type":"SearchAction","target":{"@type":"EntryPoint","urlTemplate":"https://fru.ifesworld.org/en/?s={search_term_string}"},"query-input":"required name=search_term_string"}],"inLanguage":"es"},{"@type":"Organization","@id":"https://fru.ifesworld.org/en/#organization","name":"IFES · International Fellowship of Evangelical Students","url":"https://fru.ifesworld.org/en/","logo":{"@type":"ImageObject","inLanguage":"es","@id":"https://fru.ifesworld.org/en/#/schema/logo/image/","url":"https://fru.ifesworld.org/wp-content/uploads/2019/06/ifeslogo.png","contentUrl":"https://fru.ifesworld.org/wp-content/uploads/2019/06/ifeslogo.png","width":262,"height":262,"caption":"IFES · International Fellowship of Evangelical Students"},"image":{"@id":"https://fru.ifesworld.org/en/#/schema/logo/image/"}}]}</script>
<!-- / Yoast SEO plugin. -->

El número de estudiantes en la India es impresionante. Hoy en día hay 35 millones. Los expertos predicen que para el año 2025 en la India habrá más
