{"id":2238,"date":"2018-04-10T22:00:00","date_gmt":"2018-04-10T22:00:00","guid":{"rendered":"https:\/\/fru.ifesworld.org\/prayerline\/ora-por-la-conferencia-de-estudiantes-de-eurasia\/"},"modified":"2019-06-05T14:20:39","modified_gmt":"2019-06-05T14:20:39","slug":"ora-por-la-conferencia-de-estudiantes-de-eurasia","status":"publish","type":"prayerline","link":"https:\/\/fru.ifesworld.org\/es\/prayerline\/ora-por-la-conferencia-de-estudiantes-de-eurasia\/","title":{"rendered":"Ora por la conferencia de estudiantes de Eurasia"},"content":{"rendered":"<p>El mayor reto que afrontamos es conectar con los estudiantes cristianos. Muchos son la primera generaci\u00f3n de hijos de familias cristianas cuyos padres llegaron a la fe en la d\u00e9cada de los 90, tras la ca\u00edda del comunismo. Estos estudiantes tienden a mostrar apat\u00eda en relaci\u00f3n con la fe, aunque se consideran cristianos. Nuestro deseo es que sus corazones se llenen de fuego por querer conocer a Cristo y compartirle en sus campus. Saben que \u00abdeber\u00edan\u00bb, pero antes de aprender c\u00f3mo hacerlo deben desear hacerlo. Nuestra conferencia estudiantil de finales de mes se centrar\u00e1 en tres temas: \u00abNo quiero&#8230;. Orar, leer mi Biblia, compartir el Evangelio\u00bb, e invertiremos tiempo en ver lo que dice la Biblia acerca de estos sentimientos.<\/p>\n<p>Esperamos tener entre 10 y 20 j\u00f3venes, la mayor\u00eda de ellos estudiantes universitarios y de \u00faltimo a\u00f1o de la escuela secundaria, aunque esto depende de que sus pastores les permitan asistir.<\/p>\n<p>Por favor, ora para que:<\/p>\n<ul>\n<li>Los estudiantes puedan asistir.<\/li>\n<li>El Esp\u00edritu Santo les rete a conocer mejor a Cristo, a leer su palabra, a orar y a predicar acerca de \u00c9l a sus amigos.<\/li>\n<li>Como resultado veamos a un movimiento de estudiantes transformados por el Evangelio, deseosos de vivir una vida que glorifique a Cristo.<\/li>\n<li>Conozcamos a m\u00e1s estudiantes varones que deseen reunirse para hacer discipulado 1-a-1.<\/li>\n<\/ul>\n<p>\u00a1Gracias por orar con nosotros!<\/p>\n","protected":false},"featured_media":3173,"template":"","area":[705],"theme":[],"class_list":["post-2238","prayerline","type-prayerline","status-publish","has-post-thumbnail","hentry","area-eurasia-2"],"acf":[],"yoast_head":"<!-- This site is optimized with the Yoast SEO plugin v22.6 - https:\/\/yoast.com\/wordpress\/plugins\/seo\/ -->\n<title>Ora por la conferencia de estudiantes de Eurasia &#183; IFES Prayerline<\/title>\n<meta name=\"description\" content=\"El mayor reto que afrontamos es conectar con los estudiantes cristianos. Muchos son la primera generaci\u00f3n de hijos de familias cristianas cuyos padres\" \/>\n<meta name=\"robots\" content=\"noindex, follow, max-snippet:-1, max-image-preview:large, max-video-preview:-1\" \/>\n<meta property=\"og:locale\" content=\"es_ES\" \/>\n<meta property=\"og:type\" content=\"article\" \/>\n<meta property=\"og:title\" content=\"Ora por la conferencia de estudiantes de Eurasia &#183; IFES Prayerline\" \/>\n<meta property=\"og:description\" content=\"El mayor reto que afrontamos es conectar con los estudiantes cristianos. Muchos son la primera generaci\u00f3n de hijos de familias cristianas cuyos padres\" \/>\n<meta property=\"og:url\" content=\"https:\/\/ifesworld.org\/es\/prayerline\/ora-por-la-conferencia-de-estudiantes-de-eurasia\/\" \/>\n<meta property=\"og:site_name\" content=\"IFES\" \/>\n<meta property=\"article:modified_time\" content=\"2019-06-05T14:20:39+00:00\" \/>\n<meta property=\"og:image\" content=\"https:\/\/ifesworld.org\/wp-content\/uploads\/2018\/04\/180410.jpg\" \/>\n\t<meta property=\"og:image:width\" content=\"1280\" \/>\n\t<meta property=\"og:image:height\" content=\"720\" \/>\n\t<meta property=\"og:image:type\" content=\"image\/jpeg\" \/>\n<meta name=\"twitter:card\" content=\"summary_large_image\" \/>\n<meta name=\"twitter:label1\" content=\"Tiempo de lectura\" \/>\n\t<meta name=\"twitter:data1\" content=\"1 minuto\" \/>\n<script type=\"application\/ld+json\" class=\"yoast-schema-graph\">{\"@context\":\"https:\/\/schema.org\",\"@graph\":[{\"@type\":\"WebPage\",\"@id\":\"https:\/\/ifesworld.org\/es\/prayerline\/ora-por-la-conferencia-de-estudiantes-de-eurasia\/\",\"url\":\"https:\/\/ifesworld.org\/es\/prayerline\/ora-por-la-conferencia-de-estudiantes-de-eurasia\/\",\"name\":\"Ora por la conferencia de estudiantes de Eurasia &#183; IFES Prayerline\",\"isPartOf\":{\"@id\":\"https:\/\/fru.ifesworld.org\/en\/#website\"},\"primaryImageOfPage\":{\"@id\":\"https:\/\/ifesworld.org\/es\/prayerline\/ora-por-la-conferencia-de-estudiantes-de-eurasia\/#primaryimage\"},\"image\":{\"@id\":\"https:\/\/ifesworld.org\/es\/prayerline\/ora-por-la-conferencia-de-estudiantes-de-eurasia\/#primaryimage\"},\"thumbnailUrl\":\"https:\/\/fru.ifesworld.org\/wp-content\/uploads\/2018\/04\/180410.jpg\",\"datePublished\":\"2018-04-10T22:00:00+00:00\",\"dateModified\":\"2019-06-05T14:20:39+00:00\",\"description\":\"El mayor reto que afrontamos es conectar con los estudiantes cristianos. Muchos son la primera generaci\u00f3n de hijos de familias cristianas cuyos padres\",\"breadcrumb\":{\"@id\":\"https:\/\/ifesworld.org\/es\/prayerline\/ora-por-la-conferencia-de-estudiantes-de-eurasia\/#breadcrumb\"},\"inLanguage\":\"es\",\"potentialAction\":[{\"@type\":\"ReadAction\",\"target\":[\"https:\/\/ifesworld.org\/es\/prayerline\/ora-por-la-conferencia-de-estudiantes-de-eurasia\/\"]}]},{\"@type\":\"ImageObject\",\"inLanguage\":\"es\",\"@id\":\"https:\/\/ifesworld.org\/es\/prayerline\/ora-por-la-conferencia-de-estudiantes-de-eurasia\/#primaryimage\",\"url\":\"https:\/\/fru.ifesworld.org\/wp-content\/uploads\/2018\/04\/180410.jpg\",\"contentUrl\":\"https:\/\/fru.ifesworld.org\/wp-content\/uploads\/2018\/04\/180410.jpg\",\"width\":1280,\"height\":720,\"caption\":\"180410-Eurasia\"},{\"@type\":\"BreadcrumbList\",\"@id\":\"https:\/\/ifesworld.org\/es\/prayerline\/ora-por-la-conferencia-de-estudiantes-de-eurasia\/#breadcrumb\",\"itemListElement\":[{\"@type\":\"ListItem\",\"position\":1,\"name\":\"Home\",\"item\":\"https:\/\/ifesworld.org\/es\/\"},{\"@type\":\"ListItem\",\"position\":2,\"name\":\"Prayerline\",\"item\":\"https:\/\/ifesworld.org\/en\/prayerline\/\"},{\"@type\":\"ListItem\",\"position\":3,\"name\":\"Ora por la conferencia de estudiantes de Eurasia\"}]},{\"@type\":\"WebSite\",\"@id\":\"https:\/\/fru.ifesworld.org\/en\/#website\",\"url\":\"https:\/\/fru.ifesworld.org\/en\/\",\"name\":\"IFES\",\"description\":\"A movement of students sharing and living out the good news of Jesus Christ. Locally. Nationally. Globally.\",\"publisher\":{\"@id\":\"https:\/\/fru.ifesworld.org\/en\/#organization\"},\"potentialAction\":[{\"@type\":\"SearchAction\",\"target\":{\"@type\":\"EntryPoint\",\"urlTemplate\":\"https:\/\/fru.ifesworld.org\/en\/?s={search_term_string}\"},\"query-input\":\"required name=search_term_string\"}],\"inLanguage\":\"es\"},{\"@type\":\"Organization\",\"@id\":\"https:\/\/fru.ifesworld.org\/en\/#organization\",\"name\":\"IFES \u00b7 International Fellowship of Evangelical Students\",\"url\":\"https:\/\/fru.ifesworld.org\/en\/\",\"logo\":{\"@type\":\"ImageObject\",\"inLanguage\":\"es\",\"@id\":\"https:\/\/fru.ifesworld.org\/en\/#\/schema\/logo\/image\/\",\"url\":\"https:\/\/fru.ifesworld.org\/wp-content\/uploads\/2019\/06\/ifeslogo.png\",\"contentUrl\":\"https:\/\/fru.ifesworld.org\/wp-content\/uploads\/2019\/06\/ifeslogo.png\",\"width\":262,\"height\":262,\"caption\":\"IFES \u00b7 International Fellowship of Evangelical Students\"},\"image\":{\"@id\":\"https:\/\/fru.ifesworld.org\/en\/#\/schema\/logo\/image\/\"}}]}<\/script>\n<!-- \/ Yoast SEO plugin. -->","yoast_head_json":{"title":"Ora por la conferencia de estudiantes de Eurasia &#183; IFES Prayerline","description":"El mayor reto que afrontamos es conectar con los estudiantes cristianos. Muchos son la primera generaci\u00f3n de hijos de familias cristianas cuyos padres","robots":{"index":"noindex","follow":"follow","max-snippet":"max-snippet:-1","max-image-preview":"max-image-preview:large","max-video-preview":"max-video-preview:-1"},"og_locale":"es_ES","og_type":"article","og_title":"Ora por la conferencia de estudiantes de Eurasia &#183; IFES Prayerline","og_description":"El mayor reto que afrontamos es conectar con los estudiantes cristianos. Muchos son la primera generaci\u00f3n de hijos de familias cristianas cuyos padres","og_url":"https:\/\/ifesworld.org\/es\/prayerline\/ora-por-la-conferencia-de-estudiantes-de-eurasia\/","og_site_name":"IFES","article_modified_time":"2019-06-05T14:20:39+00:00","og_image":[{"width":1280,"height":720,"url":"https:\/\/ifesworld.org\/wp-content\/uploads\/2018\/04\/180410.jpg","type":"image\/jpeg"}],"twitter_card":"summary_large_image","twitter_misc":{"Tiempo de lectura":"1 minuto"},"schema":{"@context":"https:\/\/schema.org","@graph":[{"@type":"WebPage","@id":"https:\/\/ifesworld.org\/es\/prayerline\/ora-por-la-conferencia-de-estudiantes-de-eurasia\/","url":"https:\/\/ifesworld.org\/es\/prayerline\/ora-por-la-conferencia-de-estudiantes-de-eurasia\/","name":"Ora por la conferencia de estudiantes de Eurasia &#183; IFES Prayerline","isPartOf":{"@id":"https:\/\/fru.ifesworld.org\/en\/#website"},"primaryImageOfPage":{"@id":"https:\/\/ifesworld.org\/es\/prayerline\/ora-por-la-conferencia-de-estudiantes-de-eurasia\/#primaryimage"},"image":{"@id":"https:\/\/ifesworld.org\/es\/prayerline\/ora-por-la-conferencia-de-estudiantes-de-eurasia\/#primaryimage"},"thumbnailUrl":"https:\/\/fru.ifesworld.org\/wp-content\/uploads\/2018\/04\/180410.jpg","datePublished":"2018-04-10T22:00:00+00:00","dateModified":"2019-06-05T14:20:39+00:00","description":"El mayor reto que afrontamos es conectar con los estudiantes cristianos. Muchos son la primera generaci\u00f3n de hijos de familias cristianas cuyos padres","breadcrumb":{"@id":"https:\/\/ifesworld.org\/es\/prayerline\/ora-por-la-conferencia-de-estudiantes-de-eurasia\/#breadcrumb"},"inLanguage":"es","potentialAction":[{"@type":"ReadAction","target":["https:\/\/ifesworld.org\/es\/prayerline\/ora-por-la-conferencia-de-estudiantes-de-eurasia\/"]}]},{"@type":"ImageObject","inLanguage":"es","@id":"https:\/\/ifesworld.org\/es\/prayerline\/ora-por-la-conferencia-de-estudiantes-de-eurasia\/#primaryimage","url":"https:\/\/fru.ifesworld.org\/wp-content\/uploads\/2018\/04\/180410.jpg","contentUrl":"https:\/\/fru.ifesworld.org\/wp-content\/uploads\/2018\/04\/180410.jpg","width":1280,"height":720,"caption":"180410-Eurasia"},{"@type":"BreadcrumbList","@id":"https:\/\/ifesworld.org\/es\/prayerline\/ora-por-la-conferencia-de-estudiantes-de-eurasia\/#breadcrumb","itemListElement":[{"@type":"ListItem","position":1,"name":"Home","item":"https:\/\/ifesworld.org\/es\/"},{"@type":"ListItem","position":2,"name":"Prayerline","item":"https:\/\/ifesworld.org\/en\/prayerline\/"},{"@type":"ListItem","position":3,"name":"Ora por la conferencia de estudiantes de Eurasia"}]},{"@type":"WebSite","@id":"https:\/\/fru.ifesworld.org\/en\/#website","url":"https:\/\/fru.ifesworld.org\/en\/","name":"IFES","description":"A movement of students sharing and living out the good news of Jesus Christ. Locally. Nationally. Globally.","publisher":{"@id":"https:\/\/fru.ifesworld.org\/en\/#organization"},"potentialAction":[{"@type":"SearchAction","target":{"@type":"EntryPoint","urlTemplate":"https:\/\/fru.ifesworld.org\/en\/?s={search_term_string}"},"query-input":"required name=search_term_string"}],"inLanguage":"es"},{"@type":"Organization","@id":"https:\/\/fru.ifesworld.org\/en\/#organization","name":"IFES \u00b7 International Fellowship of Evangelical Students","url":"https:\/\/fru.ifesworld.org\/en\/","logo":{"@type":"ImageObject","inLanguage":"es","@id":"https:\/\/fru.ifesworld.org\/en\/#\/schema\/logo\/image\/","url":"https:\/\/fru.ifesworld.org\/wp-content\/uploads\/2019\/06\/ifeslogo.png","contentUrl":"https:\/\/fru.ifesworld.org\/wp-content\/uploads\/2019\/06\/ifeslogo.png","width":262,"height":262,"caption":"IFES \u00b7 International Fellowship of Evangelical Students"},"image":{"@id":"https:\/\/fru.ifesworld.org\/en\/#\/schema\/logo\/image\/"}}]}},"_links":{"self":[{"href":"https:\/\/fru.ifesworld.org\/es\/wp-json\/wp\/v2\/prayerline\/2238"}],"collection":[{"href":"https:\/\/fru.ifesworld.org\/es\/wp-json\/wp\/v2\/prayerline"}],"about":[{"href":"https:\/\/fru.ifesworld.org\/es\/wp-json\/wp\/v2\/types\/prayerline"}],"wp:featuredmedia":[{"embeddable":true,"href":"https:\/\/fru.ifesworld.org\/es\/wp-json\/wp\/v2\/media\/3173"}],"wp:attachment":[{"href":"https:\/\/fru.ifesworld.org\/es\/wp-json\/wp\/v2\/media?parent=2238"}],"wp:term":[{"taxonomy":"area","embeddable":true,"href":"https:\/\/fru.ifesworld.org\/es\/wp-json\/wp\/v2\/area?post=2238"},{"taxonomy":"theme","embeddable":true,"href":"https:\/\/fru.ifesworld.org\/es\/wp-json\/wp\/v2\/theme?post=2238"}],"curies":[{"name":"wp","href":"https:\/\/api.w.org\/{rel}","templated":true}]}}

<p>El mayor reto que afrontamos es conectar con los estudiantes cristianos. Muchos son la primera generación de hijos de familias cristianas cuyos padres llegaron a la fe en la década de los 90, tras la caída del comunismo. Estos estudiantes tienden a mostrar apatía en relación con la fe, aunque se consideran cristianos. Nuestro deseo es que sus corazones se llenen de fuego por querer conocer a Cristo y compartirle en sus campus. Saben que «deberían», pero antes de aprender cómo hacerlo deben desear hacerlo. Nuestra conferencia estudiantil de finales de mes se centrará en tres temas: «No quiero&#8230;. Orar, leer mi Biblia, compartir el Evangelio», e invertiremos tiempo en ver lo que dice la Biblia acerca de estos sentimientos.</p>
<p>Esperamos tener entre 10 y 20 jóvenes, la mayoría de ellos estudiantes universitarios y de último año de la escuela secundaria, aunque esto depende de que sus pastores les permitan asistir.</p>
<p>Por favor, ora para que:</p>
<ul>
<li>Los estudiantes puedan asistir.</li>
<li>El Espíritu Santo les rete a conocer mejor a Cristo, a leer su palabra, a orar y a predicar acerca de Él a sus amigos.</li>
<li>Como resultado veamos a un movimiento de estudiantes transformados por el Evangelio, deseosos de vivir una vida que glorifique a Cristo.</li>
<li>Conozcamos a más estudiantes varones que deseen reunirse para hacer discipulado 1-a-1.</li>
</ul>
<p>¡Gracias por orar con nosotros!</p>

<!-- This site is optimized with the Yoast SEO plugin v22.6 - https://yoast.com/wordpress/plugins/seo/ -->
<title>Ora por la conferencia de estudiantes de Eurasia &#183; IFES Prayerline</title>
<meta name="description" content="El mayor reto que afrontamos es conectar con los estudiantes cristianos. Muchos son la primera generación de hijos de familias cristianas cuyos padres" />
<meta name="robots" content="noindex, follow, max-snippet:-1, max-image-preview:large, max-video-preview:-1" />
<meta property="og:locale" content="es_ES" />
<meta property="og:type" content="article" />
<meta property="og:title" content="Ora por la conferencia de estudiantes de Eurasia &#183; IFES Prayerline" />
<meta property="og:description" content="El mayor reto que afrontamos es conectar con los estudiantes cristianos. Muchos son la primera generación de hijos de familias cristianas cuyos padres" />
<meta property="og:url" content="https://ifesworld.org/es/prayerline/ora-por-la-conferencia-de-estudiantes-de-eurasia/" />
<meta property="og:site_name" content="IFES" />
<meta property="article:modified_time" content="2019-06-05T14:20:39+00:00" />
<meta property="og:image" content="https://ifesworld.org/wp-content/uploads/2018/04/180410.jpg" />
	<meta property="og:image:width" content="1280" />
	<meta property="og:image:height" content="720" />
	<meta property="og:image:type" content="image/jpeg" />
<meta name="twitter:card" content="summary_large_image" />
<meta name="twitter:label1" content="Tiempo de lectura" />
	<meta name="twitter:data1" content="1 minuto" />
<script type="application/ld+json" class="yoast-schema-graph">{"@context":"https://schema.org","@graph":[{"@type":"WebPage","@id":"https://ifesworld.org/es/prayerline/ora-por-la-conferencia-de-estudiantes-de-eurasia/","url":"https://ifesworld.org/es/prayerline/ora-por-la-conferencia-de-estudiantes-de-eurasia/","name":"Ora por la conferencia de estudiantes de Eurasia &#183; IFES Prayerline","isPartOf":{"@id":"https://fru.ifesworld.org/en/#website"},"primaryImageOfPage":{"@id":"https://ifesworld.org/es/prayerline/ora-por-la-conferencia-de-estudiantes-de-eurasia/#primaryimage"},"image":{"@id":"https://ifesworld.org/es/prayerline/ora-por-la-conferencia-de-estudiantes-de-eurasia/#primaryimage"},"thumbnailUrl":"https://fru.ifesworld.org/wp-content/uploads/2018/04/180410.jpg","datePublished":"2018-04-10T22:00:00+00:00","dateModified":"2019-06-05T14:20:39+00:00","description":"El mayor reto que afrontamos es conectar con los estudiantes cristianos. Muchos son la primera generación de hijos de familias cristianas cuyos padres","breadcrumb":{"@id":"https://ifesworld.org/es/prayerline/ora-por-la-conferencia-de-estudiantes-de-eurasia/#breadcrumb"},"inLanguage":"es","potentialAction":[{"@type":"ReadAction","target":["https://ifesworld.org/es/prayerline/ora-por-la-conferencia-de-estudiantes-de-eurasia/"]}]},{"@type":"ImageObject","inLanguage":"es","@id":"https://ifesworld.org/es/prayerline/ora-por-la-conferencia-de-estudiantes-de-eurasia/#primaryimage","url":"https://fru.ifesworld.org/wp-content/uploads/2018/04/180410.jpg","contentUrl":"https://fru.ifesworld.org/wp-content/uploads/2018/04/180410.jpg","width":1280,"height":720,"caption":"180410-Eurasia"},{"@type":"BreadcrumbList","@id":"https://ifesworld.org/es/prayerline/ora-por-la-conferencia-de-estudiantes-de-eurasia/#breadcrumb","itemListElement":[{"@type":"ListItem","position":1,"name":"Home","item":"https://ifesworld.org/es/"},{"@type":"ListItem","position":2,"name":"Prayerline","item":"https://ifesworld.org/en/prayerline/"},{"@type":"ListItem","position":3,"name":"Ora por la conferencia de estudiantes de Eurasia"}]},{"@type":"WebSite","@id":"https://fru.ifesworld.org/en/#website","url":"https://fru.ifesworld.org/en/","name":"IFES","description":"A movement of students sharing and living out the good news of Jesus Christ. Locally. Nationally. Globally.","publisher":{"@id":"https://fru.ifesworld.org/en/#organization"},"potentialAction":[{"@type":"SearchAction","target":{"@type":"EntryPoint","urlTemplate":"https://fru.ifesworld.org/en/?s={search_term_string}"},"query-input":"required name=search_term_string"}],"inLanguage":"es"},{"@type":"Organization","@id":"https://fru.ifesworld.org/en/#organization","name":"IFES · International Fellowship of Evangelical Students","url":"https://fru.ifesworld.org/en/","logo":{"@type":"ImageObject","inLanguage":"es","@id":"https://fru.ifesworld.org/en/#/schema/logo/image/","url":"https://fru.ifesworld.org/wp-content/uploads/2019/06/ifeslogo.png","contentUrl":"https://fru.ifesworld.org/wp-content/uploads/2019/06/ifeslogo.png","width":262,"height":262,"caption":"IFES · International Fellowship of Evangelical Students"},"image":{"@id":"https://fru.ifesworld.org/en/#/schema/logo/image/"}}]}</script>
<!-- / Yoast SEO plugin. -->

El mayor reto que afrontamos es conectar con los estudiantes cristianos. Muchos son la primera generación de hijos de familias cristianas cuyos padres
