{"id":16463,"date":"2021-09-07T06:14:00","date_gmt":"2021-09-07T05:14:00","guid":{"rendered":"https:\/\/fru.ifesworld.org\/?post_type=prayerline&#038;p=16463"},"modified":"2021-09-01T12:15:46","modified_gmt":"2021-09-01T11:15:46","slug":"empezo-con-dos","status":"publish","type":"prayerline","link":"https:\/\/fru.ifesworld.org\/es\/prayerline\/empezo-con-dos\/","title":{"rendered":"Empez\u00f3 con dos"},"content":{"rendered":"<div class=\"wp-block block-core-paragraph\">\n<p>Jonathan y Soen se arrodillaron en el rinc\u00f3n de una peque\u00f1a habitaci\u00f3n. Sus cabezas, inclinadas.&nbsp;&nbsp;Sus manos, juntas. Sus ojos se llenaron de l\u00e1grimas mientras oraban fervientemente a Dios.&nbsp;&nbsp;&nbsp;<\/p>\n<\/div>\n\n<div class=\"wp-block block-core-paragraph\">\n<p>Ambos eran de Indonesia y estaban estudiando en Australia.&nbsp;&nbsp;Se hab\u00edan conocido en el Congreso de la Comunidad Cristiana Internacional que hab\u00eda tenido lugar en el Instituto B\u00edblico de Melbourne.&nbsp;&nbsp;All\u00ed, hab\u00edan experimentado el ministerio estudiantil como nunca lo hab\u00edan hecho, lo que les hizo ver cu\u00e1nto necesitaba Indonesia algo parecido.&nbsp;<\/p>\n<\/div>\n\n<div class=\"wp-block block-core-paragraph\">\n<p>Ahora, hab\u00eda llegado el momento de regresar a casa.&nbsp;&nbsp;Los dos oraron a Dios para que los usara en Indonesia como \u00c9l quisiera, incluso para empezar un ministerio estudiantil.&nbsp;&nbsp;Era el a\u00f1o 1963.&nbsp;<\/p>\n<\/div>\n\n<div class=\"wp-block block-core-paragraph\">\n<p>8 a\u00f1os m\u00e1s tarde, en 1971,&nbsp;<a href=\"https:\/\/perkantas.net\/\" target=\"_blank\" rel=\"noreferrer noopener\">Perkantas<\/a>&nbsp;fue oficialmente reconocido como movimiento.&nbsp;&nbsp;Sin embargo, es importante recordar que su historia empez\u00f3 mucho antes, con la fe de dos hombres j\u00f3venes que se ofrecieron a s\u00ed mismos para el servicio a Dios.&nbsp;&nbsp;&nbsp;<\/p>\n<\/div>\n\n<div class=\"wp-block block-core-paragraph\">\n<p>En julio, Perkantas celebr\u00f3 su 50\u00ba aniversario. Un movimiento que empez\u00f3 con dos personas fue celebrado por unas 1400 personas a trav\u00e9s de Zoom y de la retransmisi\u00f3n en directo del acontecimiento. En esta celebraci\u00f3n que dur\u00f3 varios d\u00edas y que incluy\u00f3 discursos, oraciones, competiciones de TikTok, canciones originales de los estudiantes y palabras de \u00e1nimo procedentes de movimientos vecinos (como los de Corea del Sur y Australia), tambi\u00e9n se organiz\u00f3 un webinario especial. Este webinario trat\u00f3 la tendencia a decaer de los movimientos cristianos despu\u00e9s de sus primeros 50 a\u00f1os.&nbsp;&nbsp;Perkantas sabe que ahora no es el momento de ser complaciente. De hecho, en el tiempo que precedi\u00f3 a la celebraci\u00f3n, pasaron cincuenta d\u00edas en oraci\u00f3n.&nbsp;&nbsp;Atribuyeron a Dios el reconocimiento por haber llegado tan lejos y le pidieron que los guiara en los pr\u00f3ximos 50 a\u00f1os.&nbsp;&nbsp;&nbsp;<\/p>\n<\/div>\n\n<div class=\"wp-block block-core-paragraph\">\n<p>Ahora piden tus oraciones. \u00danete a nosotros en oraci\u00f3n esta semana por este movimiento que quiere ser una bendici\u00f3n para las naciones.&nbsp;&nbsp;<\/p>\n<\/div>\n\n<div class=\"wp-block block-core-list\">\n<ul><li>Da gracias a Dios por el crecimiento de Perkantas en los \u00faltimos 50 a\u00f1os.&nbsp;&nbsp;Ora para que siga fiel a la visi\u00f3n sobre la que fue fundado el movimiento.&nbsp;&nbsp;&nbsp;<\/li><li>Ora para que este movimiento est\u00e9 protegido de los factores comunes que llevan a muchas organizaciones cristianas a decaer despu\u00e9s de los primeros 50 a\u00f1os.&nbsp;&nbsp;Ora para que sigan creciendo, aprendiendo y sirviendo a Dios durante muchos a\u00f1os m\u00e1s.&nbsp;&nbsp;<\/li><\/ul>\n<\/div>\n\n<div class=\"wp-block block-core-list\">\n<ul><li>Ora por Perkantas a medida que se prepara para organizar la Asamblea Mundial en 2023.&nbsp;&nbsp;<\/li><li>Ora por los pioneros de todo el mundo que se encuentran ahora mismo&nbsp;<a href=\"https:\/\/fru.ifesworld.org\/en\/pioneer\/?switch_language=en\" target=\"_blank\" rel=\"noreferrer noopener\">abriendo caminos<\/a>&nbsp;en movimientos nuevos.&nbsp;&nbsp;Ora para que dentro de 50 a\u00f1os sean capaces de mirar atr\u00e1s con agradecimiento, as\u00ed como Perkantas.<\/li><\/ul>\n<\/div>","protected":false},"featured_media":0,"template":"","area":[703,745],"theme":[],"class_list":["post-16463","prayerline","type-prayerline","status-publish","hentry","area-asia-del-este","area-indonesia-asia-del-este"],"acf":[],"yoast_head":"<!-- This site is optimized with the Yoast SEO plugin v22.6 - https:\/\/yoast.com\/wordpress\/plugins\/seo\/ -->\n<title>Empez\u00f3 con dos &#183; IFES Prayerline<\/title>\n<meta name=\"description\" content=\"Jonathan y Soen se arrodillaron en el rinc\u00f3n de una peque\u00f1a habitaci\u00f3n. Sus cabezas, inclinadas.&nbsp;&nbsp;Sus manos, juntas. Sus ojos se llenaron de\" \/>\n<meta name=\"robots\" content=\"noindex, follow, max-snippet:-1, max-image-preview:large, max-video-preview:-1\" \/>\n<meta property=\"og:locale\" content=\"es_ES\" \/>\n<meta property=\"og:type\" content=\"article\" \/>\n<meta property=\"og:title\" content=\"Empez\u00f3 con dos &#183; IFES Prayerline\" \/>\n<meta property=\"og:description\" content=\"Jonathan y Soen se arrodillaron en el rinc\u00f3n de una peque\u00f1a habitaci\u00f3n. Sus cabezas, inclinadas.&nbsp;&nbsp;Sus manos, juntas. Sus ojos se llenaron de\" \/>\n<meta property=\"og:url\" content=\"https:\/\/ifesworld.org\/es\/prayerline\/empezo-con-dos\/\" \/>\n<meta property=\"og:site_name\" content=\"IFES\" \/>\n<meta property=\"article:modified_time\" content=\"2021-09-01T11:15:46+00:00\" \/>\n<meta property=\"og:image\" content=\"https:\/\/ifesworld.org\/wp-content\/uploads\/2021\/09\/210907-Perkantas.jpg\" \/>\n\t<meta property=\"og:image:width\" content=\"820\" \/>\n\t<meta property=\"og:image:height\" content=\"312\" \/>\n\t<meta property=\"og:image:type\" content=\"image\/jpeg\" \/>\n<meta name=\"twitter:card\" content=\"summary_large_image\" \/>\n<meta name=\"twitter:label1\" content=\"Tiempo de lectura\" \/>\n\t<meta name=\"twitter:data1\" content=\"2 minutos\" \/>\n<script type=\"application\/ld+json\" class=\"yoast-schema-graph\">{\"@context\":\"https:\/\/schema.org\",\"@graph\":[{\"@type\":\"WebPage\",\"@id\":\"https:\/\/ifesworld.org\/es\/prayerline\/empezo-con-dos\/\",\"url\":\"https:\/\/ifesworld.org\/es\/prayerline\/empezo-con-dos\/\",\"name\":\"Empez\u00f3 con dos &#183; IFES Prayerline\",\"isPartOf\":{\"@id\":\"https:\/\/fru.ifesworld.org\/en\/#website\"},\"datePublished\":\"2021-09-07T05:14:00+00:00\",\"dateModified\":\"2021-09-01T11:15:46+00:00\",\"description\":\"Jonathan y Soen se arrodillaron en el rinc\u00f3n de una peque\u00f1a habitaci\u00f3n. Sus cabezas, inclinadas.&nbsp;&nbsp;Sus manos, juntas. Sus ojos se llenaron de\",\"breadcrumb\":{\"@id\":\"https:\/\/ifesworld.org\/es\/prayerline\/empezo-con-dos\/#breadcrumb\"},\"inLanguage\":\"es\",\"potentialAction\":[{\"@type\":\"ReadAction\",\"target\":[\"https:\/\/ifesworld.org\/es\/prayerline\/empezo-con-dos\/\"]}]},{\"@type\":\"BreadcrumbList\",\"@id\":\"https:\/\/ifesworld.org\/es\/prayerline\/empezo-con-dos\/#breadcrumb\",\"itemListElement\":[{\"@type\":\"ListItem\",\"position\":1,\"name\":\"Home\",\"item\":\"https:\/\/ifesworld.org\/es\/\"},{\"@type\":\"ListItem\",\"position\":2,\"name\":\"Prayerline\",\"item\":\"https:\/\/ifesworld.org\/en\/prayerline\/\"},{\"@type\":\"ListItem\",\"position\":3,\"name\":\"Empez\u00f3 con dos\"}]},{\"@type\":\"WebSite\",\"@id\":\"https:\/\/fru.ifesworld.org\/en\/#website\",\"url\":\"https:\/\/fru.ifesworld.org\/en\/\",\"name\":\"IFES\",\"description\":\"A movement of students sharing and living out the good news of Jesus Christ. Locally. Nationally. Globally.\",\"publisher\":{\"@id\":\"https:\/\/fru.ifesworld.org\/en\/#organization\"},\"potentialAction\":[{\"@type\":\"SearchAction\",\"target\":{\"@type\":\"EntryPoint\",\"urlTemplate\":\"https:\/\/fru.ifesworld.org\/en\/?s={search_term_string}\"},\"query-input\":\"required name=search_term_string\"}],\"inLanguage\":\"es\"},{\"@type\":\"Organization\",\"@id\":\"https:\/\/fru.ifesworld.org\/en\/#organization\",\"name\":\"IFES \u00b7 International Fellowship of Evangelical Students\",\"url\":\"https:\/\/fru.ifesworld.org\/en\/\",\"logo\":{\"@type\":\"ImageObject\",\"inLanguage\":\"es\",\"@id\":\"https:\/\/fru.ifesworld.org\/en\/#\/schema\/logo\/image\/\",\"url\":\"https:\/\/fru.ifesworld.org\/wp-content\/uploads\/2019\/06\/ifeslogo.png\",\"contentUrl\":\"https:\/\/fru.ifesworld.org\/wp-content\/uploads\/2019\/06\/ifeslogo.png\",\"width\":262,\"height\":262,\"caption\":\"IFES \u00b7 International Fellowship of Evangelical Students\"},\"image\":{\"@id\":\"https:\/\/fru.ifesworld.org\/en\/#\/schema\/logo\/image\/\"}}]}<\/script>\n<!-- \/ Yoast SEO plugin. -->","yoast_head_json":{"title":"Empez\u00f3 con dos &#183; IFES Prayerline","description":"Jonathan y Soen se arrodillaron en el rinc\u00f3n de una peque\u00f1a habitaci\u00f3n. Sus cabezas, inclinadas.&nbsp;&nbsp;Sus manos, juntas. Sus ojos se llenaron de","robots":{"index":"noindex","follow":"follow","max-snippet":"max-snippet:-1","max-image-preview":"max-image-preview:large","max-video-preview":"max-video-preview:-1"},"og_locale":"es_ES","og_type":"article","og_title":"Empez\u00f3 con dos &#183; IFES Prayerline","og_description":"Jonathan y Soen se arrodillaron en el rinc\u00f3n de una peque\u00f1a habitaci\u00f3n. Sus cabezas, inclinadas.&nbsp;&nbsp;Sus manos, juntas. Sus ojos se llenaron de","og_url":"https:\/\/ifesworld.org\/es\/prayerline\/empezo-con-dos\/","og_site_name":"IFES","article_modified_time":"2021-09-01T11:15:46+00:00","og_image":[{"width":820,"height":312,"url":"https:\/\/ifesworld.org\/wp-content\/uploads\/2021\/09\/210907-Perkantas.jpg","type":"image\/jpeg"}],"twitter_card":"summary_large_image","twitter_misc":{"Tiempo de lectura":"2 minutos"},"schema":{"@context":"https:\/\/schema.org","@graph":[{"@type":"WebPage","@id":"https:\/\/ifesworld.org\/es\/prayerline\/empezo-con-dos\/","url":"https:\/\/ifesworld.org\/es\/prayerline\/empezo-con-dos\/","name":"Empez\u00f3 con dos &#183; IFES Prayerline","isPartOf":{"@id":"https:\/\/fru.ifesworld.org\/en\/#website"},"datePublished":"2021-09-07T05:14:00+00:00","dateModified":"2021-09-01T11:15:46+00:00","description":"Jonathan y Soen se arrodillaron en el rinc\u00f3n de una peque\u00f1a habitaci\u00f3n. Sus cabezas, inclinadas.&nbsp;&nbsp;Sus manos, juntas. Sus ojos se llenaron de","breadcrumb":{"@id":"https:\/\/ifesworld.org\/es\/prayerline\/empezo-con-dos\/#breadcrumb"},"inLanguage":"es","potentialAction":[{"@type":"ReadAction","target":["https:\/\/ifesworld.org\/es\/prayerline\/empezo-con-dos\/"]}]},{"@type":"BreadcrumbList","@id":"https:\/\/ifesworld.org\/es\/prayerline\/empezo-con-dos\/#breadcrumb","itemListElement":[{"@type":"ListItem","position":1,"name":"Home","item":"https:\/\/ifesworld.org\/es\/"},{"@type":"ListItem","position":2,"name":"Prayerline","item":"https:\/\/ifesworld.org\/en\/prayerline\/"},{"@type":"ListItem","position":3,"name":"Empez\u00f3 con dos"}]},{"@type":"WebSite","@id":"https:\/\/fru.ifesworld.org\/en\/#website","url":"https:\/\/fru.ifesworld.org\/en\/","name":"IFES","description":"A movement of students sharing and living out the good news of Jesus Christ. Locally. Nationally. Globally.","publisher":{"@id":"https:\/\/fru.ifesworld.org\/en\/#organization"},"potentialAction":[{"@type":"SearchAction","target":{"@type":"EntryPoint","urlTemplate":"https:\/\/fru.ifesworld.org\/en\/?s={search_term_string}"},"query-input":"required name=search_term_string"}],"inLanguage":"es"},{"@type":"Organization","@id":"https:\/\/fru.ifesworld.org\/en\/#organization","name":"IFES \u00b7 International Fellowship of Evangelical Students","url":"https:\/\/fru.ifesworld.org\/en\/","logo":{"@type":"ImageObject","inLanguage":"es","@id":"https:\/\/fru.ifesworld.org\/en\/#\/schema\/logo\/image\/","url":"https:\/\/fru.ifesworld.org\/wp-content\/uploads\/2019\/06\/ifeslogo.png","contentUrl":"https:\/\/fru.ifesworld.org\/wp-content\/uploads\/2019\/06\/ifeslogo.png","width":262,"height":262,"caption":"IFES \u00b7 International Fellowship of Evangelical Students"},"image":{"@id":"https:\/\/fru.ifesworld.org\/en\/#\/schema\/logo\/image\/"}}]}},"_links":{"self":[{"href":"https:\/\/fru.ifesworld.org\/es\/wp-json\/wp\/v2\/prayerline\/16463"}],"collection":[{"href":"https:\/\/fru.ifesworld.org\/es\/wp-json\/wp\/v2\/prayerline"}],"about":[{"href":"https:\/\/fru.ifesworld.org\/es\/wp-json\/wp\/v2\/types\/prayerline"}],"wp:attachment":[{"href":"https:\/\/fru.ifesworld.org\/es\/wp-json\/wp\/v2\/media?parent=16463"}],"wp:term":[{"taxonomy":"area","embeddable":true,"href":"https:\/\/fru.ifesworld.org\/es\/wp-json\/wp\/v2\/area?post=16463"},{"taxonomy":"theme","embeddable":true,"href":"https:\/\/fru.ifesworld.org\/es\/wp-json\/wp\/v2\/theme?post=16463"}],"curies":[{"name":"wp","href":"https:\/\/api.w.org\/{rel}","templated":true}]}}

Empezó con dos

<div class="wp-block block-core-paragraph">
<p>Jonathan y Soen se arrodillaron en el rincón de una pequeña habitación. Sus cabezas, inclinadas.&nbsp;&nbsp;Sus manos, juntas. Sus ojos se llenaron de lágrimas mientras oraban fervientemente a Dios.&nbsp;&nbsp;&nbsp;</p>
</div>

<div class="wp-block block-core-paragraph">
<p>Ambos eran de Indonesia y estaban estudiando en Australia.&nbsp;&nbsp;Se habían conocido en el Congreso de la Comunidad Cristiana Internacional que había tenido lugar en el Instituto Bíblico de Melbourne.&nbsp;&nbsp;Allí, habían experimentado el ministerio estudiantil como nunca lo habían hecho, lo que les hizo ver cuánto necesitaba Indonesia algo parecido.&nbsp;</p>
</div>

<div class="wp-block block-core-paragraph">
<p>Ahora, había llegado el momento de regresar a casa.&nbsp;&nbsp;Los dos oraron a Dios para que los usara en Indonesia como Él quisiera, incluso para empezar un ministerio estudiantil.&nbsp;&nbsp;Era el año 1963.&nbsp;</p>
</div>

<div class="wp-block block-core-paragraph">
<p>8 años más tarde, en 1971,&nbsp;<a href="https://perkantas.net/" target="_blank" rel="noreferrer noopener">Perkantas</a>&nbsp;fue oficialmente reconocido como movimiento.&nbsp;&nbsp;Sin embargo, es importante recordar que su historia empezó mucho antes, con la fe de dos hombres jóvenes que se ofrecieron a sí mismos para el servicio a Dios.&nbsp;&nbsp;&nbsp;</p>
</div>

<div class="wp-block block-core-paragraph">
<p>En julio, Perkantas celebró su 50º aniversario. Un movimiento que empezó con dos personas fue celebrado por unas 1400 personas a través de Zoom y de la retransmisión en directo del acontecimiento. En esta celebración que duró varios días y que incluyó discursos, oraciones, competiciones de TikTok, canciones originales de los estudiantes y palabras de ánimo procedentes de movimientos vecinos (como los de Corea del Sur y Australia), también se organizó un webinario especial. Este webinario trató la tendencia a decaer de los movimientos cristianos después de sus primeros 50 años.&nbsp;&nbsp;Perkantas sabe que ahora no es el momento de ser complaciente. De hecho, en el tiempo que precedió a la celebración, pasaron cincuenta días en oración.&nbsp;&nbsp;Atribuyeron a Dios el reconocimiento por haber llegado tan lejos y le pidieron que los guiara en los próximos 50 años.&nbsp;&nbsp;&nbsp;</p>
</div>

<div class="wp-block block-core-paragraph">
<p>Ahora piden tus oraciones. Únete a nosotros en oración esta semana por este movimiento que quiere ser una bendición para las naciones.&nbsp;&nbsp;</p>
</div>

<div class="wp-block block-core-list">
<ul><li>Da gracias a Dios por el crecimiento de Perkantas en los últimos 50 años.&nbsp;&nbsp;Ora para que siga fiel a la visión sobre la que fue fundado el movimiento.&nbsp;&nbsp;&nbsp;</li><li>Ora para que este movimiento esté protegido de los factores comunes que llevan a muchas organizaciones cristianas a decaer después de los primeros 50 años.&nbsp;&nbsp;Ora para que sigan creciendo, aprendiendo y sirviendo a Dios durante muchos años más.&nbsp;&nbsp;</li></ul>
</div>

<div class="wp-block block-core-list">
<ul><li>Ora por Perkantas a medida que se prepara para organizar la Asamblea Mundial en 2023.&nbsp;&nbsp;</li><li>Ora por los pioneros de todo el mundo que se encuentran ahora mismo&nbsp;<a href="https://fru.ifesworld.org/en/pioneer/?switch_language=en" target="_blank" rel="noreferrer noopener">abriendo caminos</a>&nbsp;en movimientos nuevos.&nbsp;&nbsp;Ora para que dentro de 50 años sean capaces de mirar atrás con agradecimiento, así como Perkantas.</li></ul>
</div>

<!-- This site is optimized with the Yoast SEO plugin v22.6 - https://yoast.com/wordpress/plugins/seo/ -->
<title>Empezó con dos &#183; IFES Prayerline</title>
<meta name="description" content="Jonathan y Soen se arrodillaron en el rincón de una pequeña habitación. Sus cabezas, inclinadas.&nbsp;&nbsp;Sus manos, juntas. Sus ojos se llenaron de" />
<meta name="robots" content="noindex, follow, max-snippet:-1, max-image-preview:large, max-video-preview:-1" />
<meta property="og:locale" content="es_ES" />
<meta property="og:type" content="article" />
<meta property="og:title" content="Empezó con dos &#183; IFES Prayerline" />
<meta property="og:description" content="Jonathan y Soen se arrodillaron en el rincón de una pequeña habitación. Sus cabezas, inclinadas.&nbsp;&nbsp;Sus manos, juntas. Sus ojos se llenaron de" />
<meta property="og:url" content="https://ifesworld.org/es/prayerline/empezo-con-dos/" />
<meta property="og:site_name" content="IFES" />
<meta property="article:modified_time" content="2021-09-01T11:15:46+00:00" />
<meta property="og:image" content="https://ifesworld.org/wp-content/uploads/2021/09/210907-Perkantas.jpg" />
	<meta property="og:image:width" content="820" />
	<meta property="og:image:height" content="312" />
	<meta property="og:image:type" content="image/jpeg" />
<meta name="twitter:card" content="summary_large_image" />
<meta name="twitter:label1" content="Tiempo de lectura" />
	<meta name="twitter:data1" content="2 minutos" />
<script type="application/ld+json" class="yoast-schema-graph">{"@context":"https://schema.org","@graph":[{"@type":"WebPage","@id":"https://ifesworld.org/es/prayerline/empezo-con-dos/","url":"https://ifesworld.org/es/prayerline/empezo-con-dos/","name":"Empezó con dos &#183; IFES Prayerline","isPartOf":{"@id":"https://fru.ifesworld.org/en/#website"},"datePublished":"2021-09-07T05:14:00+00:00","dateModified":"2021-09-01T11:15:46+00:00","description":"Jonathan y Soen se arrodillaron en el rincón de una pequeña habitación. Sus cabezas, inclinadas.&nbsp;&nbsp;Sus manos, juntas. Sus ojos se llenaron de","breadcrumb":{"@id":"https://ifesworld.org/es/prayerline/empezo-con-dos/#breadcrumb"},"inLanguage":"es","potentialAction":[{"@type":"ReadAction","target":["https://ifesworld.org/es/prayerline/empezo-con-dos/"]}]},{"@type":"BreadcrumbList","@id":"https://ifesworld.org/es/prayerline/empezo-con-dos/#breadcrumb","itemListElement":[{"@type":"ListItem","position":1,"name":"Home","item":"https://ifesworld.org/es/"},{"@type":"ListItem","position":2,"name":"Prayerline","item":"https://ifesworld.org/en/prayerline/"},{"@type":"ListItem","position":3,"name":"Empezó con dos"}]},{"@type":"WebSite","@id":"https://fru.ifesworld.org/en/#website","url":"https://fru.ifesworld.org/en/","name":"IFES","description":"A movement of students sharing and living out the good news of Jesus Christ. Locally. Nationally. Globally.","publisher":{"@id":"https://fru.ifesworld.org/en/#organization"},"potentialAction":[{"@type":"SearchAction","target":{"@type":"EntryPoint","urlTemplate":"https://fru.ifesworld.org/en/?s={search_term_string}"},"query-input":"required name=search_term_string"}],"inLanguage":"es"},{"@type":"Organization","@id":"https://fru.ifesworld.org/en/#organization","name":"IFES · International Fellowship of Evangelical Students","url":"https://fru.ifesworld.org/en/","logo":{"@type":"ImageObject","inLanguage":"es","@id":"https://fru.ifesworld.org/en/#/schema/logo/image/","url":"https://fru.ifesworld.org/wp-content/uploads/2019/06/ifeslogo.png","contentUrl":"https://fru.ifesworld.org/wp-content/uploads/2019/06/ifeslogo.png","width":262,"height":262,"caption":"IFES · International Fellowship of Evangelical Students"},"image":{"@id":"https://fru.ifesworld.org/en/#/schema/logo/image/"}}]}</script>
<!-- / Yoast SEO plugin. -->

Empezó con dos &#183; IFES Prayerline

Jonathan y Soen se arrodillaron en el rincón de una pequeña habitación. Sus cabezas, inclinadas.&nbsp;&nbsp;Sus manos, juntas. Sus ojos se llenaron de
