{"id":16353,"date":"2021-08-31T03:38:00","date_gmt":"2021-08-31T02:38:00","guid":{"rendered":"https:\/\/fru.ifesworld.org\/?post_type=prayerline&#038;p=16353"},"modified":"2021-08-20T15:39:51","modified_gmt":"2021-08-20T14:39:51","slug":"pioneros-virtuales-en-ecuador","status":"publish","type":"prayerline","link":"https:\/\/fru.ifesworld.org\/es\/prayerline\/pioneros-virtuales-en-ecuador\/","title":{"rendered":"PIONEROS VIRTUALES EN ECUADOR"},"content":{"rendered":"<div class=\"wp-block block-core-paragraph\">\n<p><em>El&nbsp;Prayerline&nbsp;de esta semana est\u00e1 escrito por nuestra invitada&nbsp;Guadalupe Mu\u00f1oz, responsable del trabajo con Grupos Pioneros en la CECE Ecuador.&nbsp;<\/em>&nbsp;<\/p>\n<\/div>\n\n<div class=\"wp-block block-core-paragraph\">\n<p>Cuando me embarqu\u00e9 en este Ministerio, jam\u00e1s pens\u00e9 en usar la virtualidad como forma de establecer nuevos Grupos Universitarios, pero la pandemia lo cambi\u00f3 todo, incluso la&nbsp;forma de hacer misi\u00f3n.&nbsp;<\/p>\n<\/div>\n\n<div class=\"wp-block block-core-paragraph\">\n<p>En abril del 2020, gracias a los eventos virtuales que realizamos por el aniversario de nuestro movimiento, nos contactaron estudiantes de universidades y ciudades donde la CECE no hab\u00eda tenido trabajo previo debido a su localizaci\u00f3n&nbsp;o por falta de contactos dentro de la universidad.&nbsp;&nbsp;<\/p>\n<\/div>\n\n<div class=\"wp-block block-core-paragraph\">\n<p>En mayo 2020 iniciamos una serie de talleres virtuales para Grupos Pioneros, conformada por seis sesiones de estudio y una sesi\u00f3n de planificaci\u00f3n para quienes estaban interesados en iniciar un grupo en&nbsp;su universidad. Tuvimos dos rondas de talleres, de los cuales nacieron cinco Grupos Universitarios: ESPOL, UG-Administraci\u00f3n (ambos en la ciudad de Guayaquil), IKIAM (Regi\u00f3n Amaz\u00f3nica del Ecuador), UNEMI (Milagro), ESPE (Latacunga). Estos talleres tambi\u00e9n&nbsp;fortalecieron un grupo fr\u00e1gil en la ciudad de Ambato. Todos estos grupos siguen reuni\u00e9ndose y ahora ya est\u00e1n consolidados.&nbsp;<\/p>\n<\/div>\n\n<div class=\"wp-block block-core-paragraph\">\n<p>Quiero contarles sobre UNEMI y Juan, uno de los coordinadores de este grupo. Cuando Juan se contact\u00f3 con nosotros, estaba muy feliz al saber que contar\u00eda con una comunidad de fe en su universidad. R\u00e1pidamente \u00e9l involucr\u00f3 en la misi\u00f3n a su mejor amiga, Andrea y ahora, se re\u00fanen semanalmente a trav\u00e9s de&nbsp;Zoom&nbsp;con un promedio de seis participantes. Juan y Andrea ya han participado en un evento de formaci\u00f3n estudiantil y en un campamento nacional. El compromiso de Juan es tal, que ahora tambi\u00e9n participa con peque\u00f1as responsabilidades a nivel nacional. Su anhelo es mostrar el Evangelio de Jesucristo a cada compa\u00f1ero de su aula. A pesar de que a\u00fan no los conoce en persona, ha superado los obst\u00e1culos para generar relaciones significativas con ellos de forma virtual.&nbsp;<\/p>\n<\/div>\n\n<div class=\"wp-block block-core-paragraph\">\n<p>Te invito a orar por:&nbsp;<\/p>\n<\/div>\n\n<div class=\"wp-block block-core-list\">\n<ul><li> Los nuevos contactos a quienes Dios llamar\u00e1 a su ministerio en las universidades del Ecuador.\u00a0<\/li><li>Por coordinadores que, al igual que Juan, se apasionen por compartir el Evangelio de Jes\u00fas a sus compa\u00f1eros de aula, incluso sin conocerlos en persona.\u00a0<\/li><li>Por el retorno a las clases en una modalidad h\u00edbrida (parcialmente virtual, parcialmente presencial). Ora para que podamos adaptarnos a los cambios que vendr\u00e1n, en especial con los grupos que comenzaron de forma virtual.\u00a0<\/li><\/ul>\n<\/div>","protected":false},"featured_media":0,"template":"","area":[708,873,873,708],"theme":[],"class_list":["post-16353","prayerline","type-prayerline","status-publish","hentry","area-america-latina","area-ecuador-america-latina"],"acf":[],"yoast_head":"<!-- This site is optimized with the Yoast SEO plugin v22.6 - https:\/\/yoast.com\/wordpress\/plugins\/seo\/ -->\n<title>PIONEROS VIRTUALES EN ECUADOR &#183; IFES Prayerline<\/title>\n<meta name=\"description\" content=\"El&nbsp;Prayerline&nbsp;de esta semana est\u00e1 escrito por nuestra invitada&nbsp;Guadalupe Mu\u00f1oz, responsable del trabajo con Grupos Pioneros en la CECE\" \/>\n<meta name=\"robots\" content=\"noindex, follow, max-snippet:-1, max-image-preview:large, max-video-preview:-1\" \/>\n<meta property=\"og:locale\" content=\"es_ES\" \/>\n<meta property=\"og:type\" content=\"article\" \/>\n<meta property=\"og:title\" content=\"PIONEROS VIRTUALES EN ECUADOR &#183; IFES Prayerline\" \/>\n<meta property=\"og:description\" content=\"El&nbsp;Prayerline&nbsp;de esta semana est\u00e1 escrito por nuestra invitada&nbsp;Guadalupe Mu\u00f1oz, responsable del trabajo con Grupos Pioneros en la CECE\" \/>\n<meta property=\"og:url\" content=\"https:\/\/ifesworld.org\/es\/prayerline\/pioneros-virtuales-en-ecuador\/\" \/>\n<meta property=\"og:site_name\" content=\"IFES\" \/>\n<meta property=\"article:modified_time\" content=\"2021-08-20T14:39:51+00:00\" \/>\n<meta property=\"og:image\" content=\"https:\/\/ifesworld.org\/wp-content\/uploads\/2021\/08\/BNG-Latin-America-1.jpg\" \/>\n\t<meta property=\"og:image:width\" content=\"1280\" \/>\n\t<meta property=\"og:image:height\" content=\"490\" \/>\n\t<meta property=\"og:image:type\" content=\"image\/jpeg\" \/>\n<meta name=\"twitter:card\" content=\"summary_large_image\" \/>\n<meta name=\"twitter:label1\" content=\"Tiempo de lectura\" \/>\n\t<meta name=\"twitter:data1\" content=\"2 minutos\" \/>\n<script type=\"application\/ld+json\" class=\"yoast-schema-graph\">{\"@context\":\"https:\/\/schema.org\",\"@graph\":[{\"@type\":\"WebPage\",\"@id\":\"https:\/\/ifesworld.org\/es\/prayerline\/pioneros-virtuales-en-ecuador\/\",\"url\":\"https:\/\/ifesworld.org\/es\/prayerline\/pioneros-virtuales-en-ecuador\/\",\"name\":\"PIONEROS VIRTUALES EN ECUADOR &#183; IFES Prayerline\",\"isPartOf\":{\"@id\":\"https:\/\/fru.ifesworld.org\/en\/#website\"},\"datePublished\":\"2021-08-31T02:38:00+00:00\",\"dateModified\":\"2021-08-20T14:39:51+00:00\",\"description\":\"El&nbsp;Prayerline&nbsp;de esta semana est\u00e1 escrito por nuestra invitada&nbsp;Guadalupe Mu\u00f1oz, responsable del trabajo con Grupos Pioneros en la CECE\",\"breadcrumb\":{\"@id\":\"https:\/\/ifesworld.org\/es\/prayerline\/pioneros-virtuales-en-ecuador\/#breadcrumb\"},\"inLanguage\":\"es\",\"potentialAction\":[{\"@type\":\"ReadAction\",\"target\":[\"https:\/\/ifesworld.org\/es\/prayerline\/pioneros-virtuales-en-ecuador\/\"]}]},{\"@type\":\"BreadcrumbList\",\"@id\":\"https:\/\/ifesworld.org\/es\/prayerline\/pioneros-virtuales-en-ecuador\/#breadcrumb\",\"itemListElement\":[{\"@type\":\"ListItem\",\"position\":1,\"name\":\"Home\",\"item\":\"https:\/\/ifesworld.org\/es\/\"},{\"@type\":\"ListItem\",\"position\":2,\"name\":\"Prayerline\",\"item\":\"https:\/\/ifesworld.org\/en\/prayerline\/\"},{\"@type\":\"ListItem\",\"position\":3,\"name\":\"PIONEROS VIRTUALES EN ECUADOR\"}]},{\"@type\":\"WebSite\",\"@id\":\"https:\/\/fru.ifesworld.org\/en\/#website\",\"url\":\"https:\/\/fru.ifesworld.org\/en\/\",\"name\":\"IFES\",\"description\":\"A movement of students sharing and living out the good news of Jesus Christ. Locally. Nationally. Globally.\",\"publisher\":{\"@id\":\"https:\/\/fru.ifesworld.org\/en\/#organization\"},\"potentialAction\":[{\"@type\":\"SearchAction\",\"target\":{\"@type\":\"EntryPoint\",\"urlTemplate\":\"https:\/\/fru.ifesworld.org\/en\/?s={search_term_string}\"},\"query-input\":\"required name=search_term_string\"}],\"inLanguage\":\"es\"},{\"@type\":\"Organization\",\"@id\":\"https:\/\/fru.ifesworld.org\/en\/#organization\",\"name\":\"IFES \u00b7 International Fellowship of Evangelical Students\",\"url\":\"https:\/\/fru.ifesworld.org\/en\/\",\"logo\":{\"@type\":\"ImageObject\",\"inLanguage\":\"es\",\"@id\":\"https:\/\/fru.ifesworld.org\/en\/#\/schema\/logo\/image\/\",\"url\":\"https:\/\/fru.ifesworld.org\/wp-content\/uploads\/2019\/06\/ifeslogo.png\",\"contentUrl\":\"https:\/\/fru.ifesworld.org\/wp-content\/uploads\/2019\/06\/ifeslogo.png\",\"width\":262,\"height\":262,\"caption\":\"IFES \u00b7 International Fellowship of Evangelical Students\"},\"image\":{\"@id\":\"https:\/\/fru.ifesworld.org\/en\/#\/schema\/logo\/image\/\"}}]}<\/script>\n<!-- \/ Yoast SEO plugin. -->","yoast_head_json":{"title":"PIONEROS VIRTUALES EN ECUADOR &#183; IFES Prayerline","description":"El&nbsp;Prayerline&nbsp;de esta semana est\u00e1 escrito por nuestra invitada&nbsp;Guadalupe Mu\u00f1oz, responsable del trabajo con Grupos Pioneros en la CECE","robots":{"index":"noindex","follow":"follow","max-snippet":"max-snippet:-1","max-image-preview":"max-image-preview:large","max-video-preview":"max-video-preview:-1"},"og_locale":"es_ES","og_type":"article","og_title":"PIONEROS VIRTUALES EN ECUADOR &#183; IFES Prayerline","og_description":"El&nbsp;Prayerline&nbsp;de esta semana est\u00e1 escrito por nuestra invitada&nbsp;Guadalupe Mu\u00f1oz, responsable del trabajo con Grupos Pioneros en la CECE","og_url":"https:\/\/ifesworld.org\/es\/prayerline\/pioneros-virtuales-en-ecuador\/","og_site_name":"IFES","article_modified_time":"2021-08-20T14:39:51+00:00","og_image":[{"width":1280,"height":490,"url":"https:\/\/ifesworld.org\/wp-content\/uploads\/2021\/08\/BNG-Latin-America-1.jpg","type":"image\/jpeg"}],"twitter_card":"summary_large_image","twitter_misc":{"Tiempo de lectura":"2 minutos"},"schema":{"@context":"https:\/\/schema.org","@graph":[{"@type":"WebPage","@id":"https:\/\/ifesworld.org\/es\/prayerline\/pioneros-virtuales-en-ecuador\/","url":"https:\/\/ifesworld.org\/es\/prayerline\/pioneros-virtuales-en-ecuador\/","name":"PIONEROS VIRTUALES EN ECUADOR &#183; IFES Prayerline","isPartOf":{"@id":"https:\/\/fru.ifesworld.org\/en\/#website"},"datePublished":"2021-08-31T02:38:00+00:00","dateModified":"2021-08-20T14:39:51+00:00","description":"El&nbsp;Prayerline&nbsp;de esta semana est\u00e1 escrito por nuestra invitada&nbsp;Guadalupe Mu\u00f1oz, responsable del trabajo con Grupos Pioneros en la CECE","breadcrumb":{"@id":"https:\/\/ifesworld.org\/es\/prayerline\/pioneros-virtuales-en-ecuador\/#breadcrumb"},"inLanguage":"es","potentialAction":[{"@type":"ReadAction","target":["https:\/\/ifesworld.org\/es\/prayerline\/pioneros-virtuales-en-ecuador\/"]}]},{"@type":"BreadcrumbList","@id":"https:\/\/ifesworld.org\/es\/prayerline\/pioneros-virtuales-en-ecuador\/#breadcrumb","itemListElement":[{"@type":"ListItem","position":1,"name":"Home","item":"https:\/\/ifesworld.org\/es\/"},{"@type":"ListItem","position":2,"name":"Prayerline","item":"https:\/\/ifesworld.org\/en\/prayerline\/"},{"@type":"ListItem","position":3,"name":"PIONEROS VIRTUALES EN ECUADOR"}]},{"@type":"WebSite","@id":"https:\/\/fru.ifesworld.org\/en\/#website","url":"https:\/\/fru.ifesworld.org\/en\/","name":"IFES","description":"A movement of students sharing and living out the good news of Jesus Christ. Locally. Nationally. Globally.","publisher":{"@id":"https:\/\/fru.ifesworld.org\/en\/#organization"},"potentialAction":[{"@type":"SearchAction","target":{"@type":"EntryPoint","urlTemplate":"https:\/\/fru.ifesworld.org\/en\/?s={search_term_string}"},"query-input":"required name=search_term_string"}],"inLanguage":"es"},{"@type":"Organization","@id":"https:\/\/fru.ifesworld.org\/en\/#organization","name":"IFES \u00b7 International Fellowship of Evangelical Students","url":"https:\/\/fru.ifesworld.org\/en\/","logo":{"@type":"ImageObject","inLanguage":"es","@id":"https:\/\/fru.ifesworld.org\/en\/#\/schema\/logo\/image\/","url":"https:\/\/fru.ifesworld.org\/wp-content\/uploads\/2019\/06\/ifeslogo.png","contentUrl":"https:\/\/fru.ifesworld.org\/wp-content\/uploads\/2019\/06\/ifeslogo.png","width":262,"height":262,"caption":"IFES \u00b7 International Fellowship of Evangelical Students"},"image":{"@id":"https:\/\/fru.ifesworld.org\/en\/#\/schema\/logo\/image\/"}}]}},"_links":{"self":[{"href":"https:\/\/fru.ifesworld.org\/es\/wp-json\/wp\/v2\/prayerline\/16353"}],"collection":[{"href":"https:\/\/fru.ifesworld.org\/es\/wp-json\/wp\/v2\/prayerline"}],"about":[{"href":"https:\/\/fru.ifesworld.org\/es\/wp-json\/wp\/v2\/types\/prayerline"}],"wp:attachment":[{"href":"https:\/\/fru.ifesworld.org\/es\/wp-json\/wp\/v2\/media?parent=16353"}],"wp:term":[{"taxonomy":"area","embeddable":true,"href":"https:\/\/fru.ifesworld.org\/es\/wp-json\/wp\/v2\/area?post=16353"},{"taxonomy":"theme","embeddable":true,"href":"https:\/\/fru.ifesworld.org\/es\/wp-json\/wp\/v2\/theme?post=16353"}],"curies":[{"name":"wp","href":"https:\/\/api.w.org\/{rel}","templated":true}]}}

<div class="wp-block block-core-paragraph">
<p><em>El&nbsp;Prayerline&nbsp;de esta semana está escrito por nuestra invitada&nbsp;Guadalupe Muñoz, responsable del trabajo con Grupos Pioneros en la CECE Ecuador.&nbsp;</em>&nbsp;</p>
</div>

<div class="wp-block block-core-paragraph">
<p>Cuando me embarqué en este Ministerio, jamás pensé en usar la virtualidad como forma de establecer nuevos Grupos Universitarios, pero la pandemia lo cambió todo, incluso la&nbsp;forma de hacer misión.&nbsp;</p>
</div>

<div class="wp-block block-core-paragraph">
<p>En abril del 2020, gracias a los eventos virtuales que realizamos por el aniversario de nuestro movimiento, nos contactaron estudiantes de universidades y ciudades donde la CECE no había tenido trabajo previo debido a su localización&nbsp;o por falta de contactos dentro de la universidad.&nbsp;&nbsp;</p>
</div>

<div class="wp-block block-core-paragraph">
<p>En mayo 2020 iniciamos una serie de talleres virtuales para Grupos Pioneros, conformada por seis sesiones de estudio y una sesión de planificación para quienes estaban interesados en iniciar un grupo en&nbsp;su universidad. Tuvimos dos rondas de talleres, de los cuales nacieron cinco Grupos Universitarios: ESPOL, UG-Administración (ambos en la ciudad de Guayaquil), IKIAM (Región Amazónica del Ecuador), UNEMI (Milagro), ESPE (Latacunga). Estos talleres también&nbsp;fortalecieron un grupo frágil en la ciudad de Ambato. Todos estos grupos siguen reuniéndose y ahora ya están consolidados.&nbsp;</p>
</div>

<div class="wp-block block-core-paragraph">
<p>Quiero contarles sobre UNEMI y Juan, uno de los coordinadores de este grupo. Cuando Juan se contactó con nosotros, estaba muy feliz al saber que contaría con una comunidad de fe en su universidad. Rápidamente él involucró en la misión a su mejor amiga, Andrea y ahora, se reúnen semanalmente a través de&nbsp;Zoom&nbsp;con un promedio de seis participantes. Juan y Andrea ya han participado en un evento de formación estudiantil y en un campamento nacional. El compromiso de Juan es tal, que ahora también participa con pequeñas responsabilidades a nivel nacional. Su anhelo es mostrar el Evangelio de Jesucristo a cada compañero de su aula. A pesar de que aún no los conoce en persona, ha superado los obstáculos para generar relaciones significativas con ellos de forma virtual.&nbsp;</p>
</div>

<div class="wp-block block-core-paragraph">
<p>Te invito a orar por:&nbsp;</p>
</div>

<div class="wp-block block-core-list">
<ul><li> Los nuevos contactos a quienes Dios llamará a su ministerio en las universidades del Ecuador. </li><li>Por coordinadores que, al igual que Juan, se apasionen por compartir el Evangelio de Jesús a sus compañeros de aula, incluso sin conocerlos en persona. </li><li>Por el retorno a las clases en una modalidad híbrida (parcialmente virtual, parcialmente presencial). Ora para que podamos adaptarnos a los cambios que vendrán, en especial con los grupos que comenzaron de forma virtual. </li></ul>
</div>

<!-- This site is optimized with the Yoast SEO plugin v22.6 - https://yoast.com/wordpress/plugins/seo/ -->
<title>PIONEROS VIRTUALES EN ECUADOR &#183; IFES Prayerline</title>
<meta name="description" content="El&nbsp;Prayerline&nbsp;de esta semana está escrito por nuestra invitada&nbsp;Guadalupe Muñoz, responsable del trabajo con Grupos Pioneros en la CECE" />
<meta name="robots" content="noindex, follow, max-snippet:-1, max-image-preview:large, max-video-preview:-1" />
<meta property="og:locale" content="es_ES" />
<meta property="og:type" content="article" />
<meta property="og:title" content="PIONEROS VIRTUALES EN ECUADOR &#183; IFES Prayerline" />
<meta property="og:description" content="El&nbsp;Prayerline&nbsp;de esta semana está escrito por nuestra invitada&nbsp;Guadalupe Muñoz, responsable del trabajo con Grupos Pioneros en la CECE" />
<meta property="og:url" content="https://ifesworld.org/es/prayerline/pioneros-virtuales-en-ecuador/" />
<meta property="og:site_name" content="IFES" />
<meta property="article:modified_time" content="2021-08-20T14:39:51+00:00" />
<meta property="og:image" content="https://ifesworld.org/wp-content/uploads/2021/08/BNG-Latin-America-1.jpg" />
	<meta property="og:image:width" content="1280" />
	<meta property="og:image:height" content="490" />
	<meta property="og:image:type" content="image/jpeg" />
<meta name="twitter:card" content="summary_large_image" />
<meta name="twitter:label1" content="Tiempo de lectura" />
	<meta name="twitter:data1" content="2 minutos" />
<script type="application/ld+json" class="yoast-schema-graph">{"@context":"https://schema.org","@graph":[{"@type":"WebPage","@id":"https://ifesworld.org/es/prayerline/pioneros-virtuales-en-ecuador/","url":"https://ifesworld.org/es/prayerline/pioneros-virtuales-en-ecuador/","name":"PIONEROS VIRTUALES EN ECUADOR &#183; IFES Prayerline","isPartOf":{"@id":"https://fru.ifesworld.org/en/#website"},"datePublished":"2021-08-31T02:38:00+00:00","dateModified":"2021-08-20T14:39:51+00:00","description":"El&nbsp;Prayerline&nbsp;de esta semana está escrito por nuestra invitada&nbsp;Guadalupe Muñoz, responsable del trabajo con Grupos Pioneros en la CECE","breadcrumb":{"@id":"https://ifesworld.org/es/prayerline/pioneros-virtuales-en-ecuador/#breadcrumb"},"inLanguage":"es","potentialAction":[{"@type":"ReadAction","target":["https://ifesworld.org/es/prayerline/pioneros-virtuales-en-ecuador/"]}]},{"@type":"BreadcrumbList","@id":"https://ifesworld.org/es/prayerline/pioneros-virtuales-en-ecuador/#breadcrumb","itemListElement":[{"@type":"ListItem","position":1,"name":"Home","item":"https://ifesworld.org/es/"},{"@type":"ListItem","position":2,"name":"Prayerline","item":"https://ifesworld.org/en/prayerline/"},{"@type":"ListItem","position":3,"name":"PIONEROS VIRTUALES EN ECUADOR"}]},{"@type":"WebSite","@id":"https://fru.ifesworld.org/en/#website","url":"https://fru.ifesworld.org/en/","name":"IFES","description":"A movement of students sharing and living out the good news of Jesus Christ. Locally. Nationally. Globally.","publisher":{"@id":"https://fru.ifesworld.org/en/#organization"},"potentialAction":[{"@type":"SearchAction","target":{"@type":"EntryPoint","urlTemplate":"https://fru.ifesworld.org/en/?s={search_term_string}"},"query-input":"required name=search_term_string"}],"inLanguage":"es"},{"@type":"Organization","@id":"https://fru.ifesworld.org/en/#organization","name":"IFES · International Fellowship of Evangelical Students","url":"https://fru.ifesworld.org/en/","logo":{"@type":"ImageObject","inLanguage":"es","@id":"https://fru.ifesworld.org/en/#/schema/logo/image/","url":"https://fru.ifesworld.org/wp-content/uploads/2019/06/ifeslogo.png","contentUrl":"https://fru.ifesworld.org/wp-content/uploads/2019/06/ifeslogo.png","width":262,"height":262,"caption":"IFES · International Fellowship of Evangelical Students"},"image":{"@id":"https://fru.ifesworld.org/en/#/schema/logo/image/"}}]}</script>
<!-- / Yoast SEO plugin. -->

El&nbsp;Prayerline&nbsp;de esta semana está escrito por nuestra invitada&nbsp;Guadalupe Muñoz, responsable del trabajo con Grupos Pioneros en la CECE
