{"id":16349,"date":"2021-08-24T06:03:00","date_gmt":"2021-08-24T05:03:00","guid":{"rendered":"https:\/\/fru.ifesworld.org\/?post_type=prayerline&#038;p=16349"},"modified":"2021-08-20T12:04:15","modified_gmt":"2021-08-20T11:04:15","slug":"dios-arruina-un-plan-perfecto","status":"publish","type":"prayerline","link":"https:\/\/fru.ifesworld.org\/es\/prayerline\/dios-arruina-un-plan-perfecto\/","title":{"rendered":"Dios arruina un plan perfecto"},"content":{"rendered":"<div class=\"wp-block block-core-quote\">\n<blockquote class=\"wp-block-quote is-layout-flow wp-block-quote-is-layout-flow\"><p><em>Dios, \u00bfpor qu\u00e9 arruinaste el plan perfecto?\u00a0<\/em>\u00a0<\/p><\/blockquote>\n<\/div>\n\n<div class=\"wp-block block-core-paragraph\">\n<p>Todo estaba planeado. Despu\u00e9s de varios a\u00f1os, el movimiento en Tonga por fin iba a empezar de nuevo. En 2019, Sam, un obrero de&nbsp;InterVarsity&nbsp;USA con origen tongano asisti\u00f3 a la Asamblea Mundial. All\u00ed se hizo amigo de varios estudiantes del Pac\u00edfico Sur. Uno de esos estudiantes era de Tonga y hab\u00eda estado orando para que alguien reiniciara el ministerio de IFES all\u00ed. Durante su participaci\u00f3n en la Asamblea Mundial, Sam se sinti\u00f3 conmovido por los estudiantes de Tonga, y decidi\u00f3 trasladarse all\u00ed para servir como obrero de IFES; el primero despu\u00e9s de muchos a\u00f1os.&nbsp;<\/p>\n<\/div>\n\n<div class=\"wp-block block-core-paragraph\">\n<p>Y luego lleg\u00f3 la COVID-19. Las fronteras de Tonga se cerraron, por lo que Sam no pudo obtener un visado.&nbsp;&nbsp;<\/p>\n<\/div>\n\n<div class=\"wp-block block-core-quote\">\n<blockquote class=\"wp-block-quote is-layout-flow wp-block-quote-is-layout-flow\"><p><em>\u00bfQu\u00e9 hacemos ahora, Dios?<\/em>\u00a0<\/p><\/blockquote>\n<\/div>\n\n<div class=\"wp-block block-core-paragraph\">\n<p>Hab\u00eda que empezar de cero. Sam segu\u00eda deseando servir, pero no sab\u00eda d\u00f3nde.&nbsp;<\/p>\n<\/div>\n\n<div class=\"wp-block block-core-paragraph\">\n<p>Pero todo se aclar\u00f3 en el tiempo de Dios. En cuanto a Guam, se hab\u00eda planeado la llegada de un obrero, pero este plan se hab\u00eda interrumpido debido a la pandemia. Laura y Kurt Thiel, de&nbsp;InterVarsity&nbsp;Link, comenzaron a pedir a todos sus conocidos que se unieran a las reuniones virtuales de oraci\u00f3n por Guam. Sam fue invitado a esas reuniones. Y poco a poco comprendi\u00f3 que Dios ten\u00eda un nuevo prop\u00f3sito para \u00e9l. Como Guam es un territorio de Estados Unidos, Sam pod\u00eda entrar sin visado.&nbsp;&nbsp;<\/p>\n<\/div>\n\n<div class=\"wp-block block-core-paragraph\">\n<p>La necesidad era a\u00fan mayor que en Tonga porque nunca hab\u00eda habido un movimiento estudiantil IFES en Guam. Y Dios estaba proveyendo a la persona adecuada. Sam tuvo un tiempo de preparaci\u00f3n, y ahora ya se encuentra en Guam. Recientemente ha organizado la primera reuni\u00f3n con tres estudiantes que est\u00e1n orando y reflexionando sobre c\u00f3mo podr\u00eda funcionar un movimiento all\u00ed. Si bien el proceso rumbo a Guam fue dif\u00edcil, ahora queda claro que los planes de Sam siempre estuvieron en las manos de Dios. Tenemos fe en que Dios seguir\u00e1 construyendo un movimiento s\u00f3lido en Guam a trav\u00e9s de obreros fieles como Sam. Ora con nosotros por el nuevo comienzo en Guam.&nbsp;<\/p>\n<\/div>\n\n<div class=\"wp-block block-core-list\">\n<ul><li>Alaba a Dios por haber tra\u00eddo a Sam para establecer un grupo en Guam. Ora para que Dios le d\u00e9 sabidur\u00eda y fuerza, y para que lo gu\u00ede mientras realiza esta importante misi\u00f3n.&nbsp;<\/li><\/ul>\n<\/div>\n\n<div class=\"wp-block block-core-list\">\n<ul><li>Ora por los tres estudiantes que est\u00e1n orando por el ministerio estudiantil en Guam. Ora para que se conviertan en l\u00edderes en sus campus. Ora para que inspiren a otros para que formen parte de su grupo.&nbsp;<\/li><li>Ora por Tonga, para&nbsp;que&nbsp;en el momento adecuado, Dios provea a alguien para reiniciar el ministerio all\u00ed.&nbsp;<\/li><\/ul>\n<\/div>","protected":false},"featured_media":0,"template":"","area":[922,712],"theme":[],"class_list":["post-16349","prayerline","type-prayerline","status-publish","hentry","area-guam-pacifico-sur","area-pacifico-sur"],"acf":[],"yoast_head":"<!-- This site is optimized with the Yoast SEO plugin v22.6 - https:\/\/yoast.com\/wordpress\/plugins\/seo\/ -->\n<title>Dios arruina un plan perfecto &#183; IFES Prayerline<\/title>\n<meta name=\"description\" content=\"Dios, \u00bfpor qu\u00e9 arruinaste el plan perfecto?\u00a0\u00a0 Todo estaba planeado. Despu\u00e9s de varios a\u00f1os, el movimiento en Tonga por fin iba a empezar de nuevo. En\" \/>\n<meta name=\"robots\" content=\"noindex, follow, max-snippet:-1, max-image-preview:large, max-video-preview:-1\" \/>\n<meta property=\"og:locale\" content=\"es_ES\" \/>\n<meta property=\"og:type\" content=\"article\" \/>\n<meta property=\"og:title\" content=\"Dios arruina un plan perfecto &#183; IFES Prayerline\" \/>\n<meta property=\"og:description\" content=\"Dios, \u00bfpor qu\u00e9 arruinaste el plan perfecto?\u00a0\u00a0 Todo estaba planeado. Despu\u00e9s de varios a\u00f1os, el movimiento en Tonga por fin iba a empezar de nuevo. En\" \/>\n<meta property=\"og:url\" content=\"https:\/\/ifesworld.org\/es\/prayerline\/dios-arruina-un-plan-perfecto\/\" \/>\n<meta property=\"og:site_name\" content=\"IFES\" \/>\n<meta property=\"article:modified_time\" content=\"2021-08-20T11:04:15+00:00\" \/>\n<meta property=\"og:image\" content=\"https:\/\/ifesworld.org\/wp-content\/uploads\/2021\/08\/Guam-1.jpg\" \/>\n\t<meta property=\"og:image:width\" content=\"1600\" \/>\n\t<meta property=\"og:image:height\" content=\"1200\" \/>\n\t<meta property=\"og:image:type\" content=\"image\/jpeg\" \/>\n<meta name=\"twitter:card\" content=\"summary_large_image\" \/>\n<meta name=\"twitter:label1\" content=\"Tiempo de lectura\" \/>\n\t<meta name=\"twitter:data1\" content=\"2 minutos\" \/>\n<script type=\"application\/ld+json\" class=\"yoast-schema-graph\">{\"@context\":\"https:\/\/schema.org\",\"@graph\":[{\"@type\":\"WebPage\",\"@id\":\"https:\/\/ifesworld.org\/es\/prayerline\/dios-arruina-un-plan-perfecto\/\",\"url\":\"https:\/\/ifesworld.org\/es\/prayerline\/dios-arruina-un-plan-perfecto\/\",\"name\":\"Dios arruina un plan perfecto &#183; IFES Prayerline\",\"isPartOf\":{\"@id\":\"https:\/\/fru.ifesworld.org\/en\/#website\"},\"datePublished\":\"2021-08-24T05:03:00+00:00\",\"dateModified\":\"2021-08-20T11:04:15+00:00\",\"description\":\"Dios, \u00bfpor qu\u00e9 arruinaste el plan perfecto?\u00a0\u00a0 Todo estaba planeado. Despu\u00e9s de varios a\u00f1os, el movimiento en Tonga por fin iba a empezar de nuevo. En\",\"breadcrumb\":{\"@id\":\"https:\/\/ifesworld.org\/es\/prayerline\/dios-arruina-un-plan-perfecto\/#breadcrumb\"},\"inLanguage\":\"es\",\"potentialAction\":[{\"@type\":\"ReadAction\",\"target\":[\"https:\/\/ifesworld.org\/es\/prayerline\/dios-arruina-un-plan-perfecto\/\"]}]},{\"@type\":\"BreadcrumbList\",\"@id\":\"https:\/\/ifesworld.org\/es\/prayerline\/dios-arruina-un-plan-perfecto\/#breadcrumb\",\"itemListElement\":[{\"@type\":\"ListItem\",\"position\":1,\"name\":\"Home\",\"item\":\"https:\/\/ifesworld.org\/es\/\"},{\"@type\":\"ListItem\",\"position\":2,\"name\":\"Prayerline\",\"item\":\"https:\/\/ifesworld.org\/en\/prayerline\/\"},{\"@type\":\"ListItem\",\"position\":3,\"name\":\"Dios arruina un plan perfecto\"}]},{\"@type\":\"WebSite\",\"@id\":\"https:\/\/fru.ifesworld.org\/en\/#website\",\"url\":\"https:\/\/fru.ifesworld.org\/en\/\",\"name\":\"IFES\",\"description\":\"A movement of students sharing and living out the good news of Jesus Christ. Locally. Nationally. Globally.\",\"publisher\":{\"@id\":\"https:\/\/fru.ifesworld.org\/en\/#organization\"},\"potentialAction\":[{\"@type\":\"SearchAction\",\"target\":{\"@type\":\"EntryPoint\",\"urlTemplate\":\"https:\/\/fru.ifesworld.org\/en\/?s={search_term_string}\"},\"query-input\":\"required name=search_term_string\"}],\"inLanguage\":\"es\"},{\"@type\":\"Organization\",\"@id\":\"https:\/\/fru.ifesworld.org\/en\/#organization\",\"name\":\"IFES \u00b7 International Fellowship of Evangelical Students\",\"url\":\"https:\/\/fru.ifesworld.org\/en\/\",\"logo\":{\"@type\":\"ImageObject\",\"inLanguage\":\"es\",\"@id\":\"https:\/\/fru.ifesworld.org\/en\/#\/schema\/logo\/image\/\",\"url\":\"https:\/\/fru.ifesworld.org\/wp-content\/uploads\/2019\/06\/ifeslogo.png\",\"contentUrl\":\"https:\/\/fru.ifesworld.org\/wp-content\/uploads\/2019\/06\/ifeslogo.png\",\"width\":262,\"height\":262,\"caption\":\"IFES \u00b7 International Fellowship of Evangelical Students\"},\"image\":{\"@id\":\"https:\/\/fru.ifesworld.org\/en\/#\/schema\/logo\/image\/\"}}]}<\/script>\n<!-- \/ Yoast SEO plugin. -->","yoast_head_json":{"title":"Dios arruina un plan perfecto &#183; IFES Prayerline","description":"Dios, \u00bfpor qu\u00e9 arruinaste el plan perfecto?\u00a0\u00a0 Todo estaba planeado. Despu\u00e9s de varios a\u00f1os, el movimiento en Tonga por fin iba a empezar de nuevo. En","robots":{"index":"noindex","follow":"follow","max-snippet":"max-snippet:-1","max-image-preview":"max-image-preview:large","max-video-preview":"max-video-preview:-1"},"og_locale":"es_ES","og_type":"article","og_title":"Dios arruina un plan perfecto &#183; IFES Prayerline","og_description":"Dios, \u00bfpor qu\u00e9 arruinaste el plan perfecto?\u00a0\u00a0 Todo estaba planeado. Despu\u00e9s de varios a\u00f1os, el movimiento en Tonga por fin iba a empezar de nuevo. En","og_url":"https:\/\/ifesworld.org\/es\/prayerline\/dios-arruina-un-plan-perfecto\/","og_site_name":"IFES","article_modified_time":"2021-08-20T11:04:15+00:00","og_image":[{"width":1600,"height":1200,"url":"https:\/\/ifesworld.org\/wp-content\/uploads\/2021\/08\/Guam-1.jpg","type":"image\/jpeg"}],"twitter_card":"summary_large_image","twitter_misc":{"Tiempo de lectura":"2 minutos"},"schema":{"@context":"https:\/\/schema.org","@graph":[{"@type":"WebPage","@id":"https:\/\/ifesworld.org\/es\/prayerline\/dios-arruina-un-plan-perfecto\/","url":"https:\/\/ifesworld.org\/es\/prayerline\/dios-arruina-un-plan-perfecto\/","name":"Dios arruina un plan perfecto &#183; IFES Prayerline","isPartOf":{"@id":"https:\/\/fru.ifesworld.org\/en\/#website"},"datePublished":"2021-08-24T05:03:00+00:00","dateModified":"2021-08-20T11:04:15+00:00","description":"Dios, \u00bfpor qu\u00e9 arruinaste el plan perfecto?\u00a0\u00a0 Todo estaba planeado. Despu\u00e9s de varios a\u00f1os, el movimiento en Tonga por fin iba a empezar de nuevo. En","breadcrumb":{"@id":"https:\/\/ifesworld.org\/es\/prayerline\/dios-arruina-un-plan-perfecto\/#breadcrumb"},"inLanguage":"es","potentialAction":[{"@type":"ReadAction","target":["https:\/\/ifesworld.org\/es\/prayerline\/dios-arruina-un-plan-perfecto\/"]}]},{"@type":"BreadcrumbList","@id":"https:\/\/ifesworld.org\/es\/prayerline\/dios-arruina-un-plan-perfecto\/#breadcrumb","itemListElement":[{"@type":"ListItem","position":1,"name":"Home","item":"https:\/\/ifesworld.org\/es\/"},{"@type":"ListItem","position":2,"name":"Prayerline","item":"https:\/\/ifesworld.org\/en\/prayerline\/"},{"@type":"ListItem","position":3,"name":"Dios arruina un plan perfecto"}]},{"@type":"WebSite","@id":"https:\/\/fru.ifesworld.org\/en\/#website","url":"https:\/\/fru.ifesworld.org\/en\/","name":"IFES","description":"A movement of students sharing and living out the good news of Jesus Christ. Locally. Nationally. Globally.","publisher":{"@id":"https:\/\/fru.ifesworld.org\/en\/#organization"},"potentialAction":[{"@type":"SearchAction","target":{"@type":"EntryPoint","urlTemplate":"https:\/\/fru.ifesworld.org\/en\/?s={search_term_string}"},"query-input":"required name=search_term_string"}],"inLanguage":"es"},{"@type":"Organization","@id":"https:\/\/fru.ifesworld.org\/en\/#organization","name":"IFES \u00b7 International Fellowship of Evangelical Students","url":"https:\/\/fru.ifesworld.org\/en\/","logo":{"@type":"ImageObject","inLanguage":"es","@id":"https:\/\/fru.ifesworld.org\/en\/#\/schema\/logo\/image\/","url":"https:\/\/fru.ifesworld.org\/wp-content\/uploads\/2019\/06\/ifeslogo.png","contentUrl":"https:\/\/fru.ifesworld.org\/wp-content\/uploads\/2019\/06\/ifeslogo.png","width":262,"height":262,"caption":"IFES \u00b7 International Fellowship of Evangelical Students"},"image":{"@id":"https:\/\/fru.ifesworld.org\/en\/#\/schema\/logo\/image\/"}}]}},"_links":{"self":[{"href":"https:\/\/fru.ifesworld.org\/es\/wp-json\/wp\/v2\/prayerline\/16349"}],"collection":[{"href":"https:\/\/fru.ifesworld.org\/es\/wp-json\/wp\/v2\/prayerline"}],"about":[{"href":"https:\/\/fru.ifesworld.org\/es\/wp-json\/wp\/v2\/types\/prayerline"}],"wp:attachment":[{"href":"https:\/\/fru.ifesworld.org\/es\/wp-json\/wp\/v2\/media?parent=16349"}],"wp:term":[{"taxonomy":"area","embeddable":true,"href":"https:\/\/fru.ifesworld.org\/es\/wp-json\/wp\/v2\/area?post=16349"},{"taxonomy":"theme","embeddable":true,"href":"https:\/\/fru.ifesworld.org\/es\/wp-json\/wp\/v2\/theme?post=16349"}],"curies":[{"name":"wp","href":"https:\/\/api.w.org\/{rel}","templated":true}]}}

<div class="wp-block block-core-quote">
<blockquote class="wp-block-quote is-layout-flow wp-block-quote-is-layout-flow"><p><em>Dios, ¿por qué arruinaste el plan perfecto? </em> </p></blockquote>
</div>

<div class="wp-block block-core-paragraph">
<p>Todo estaba planeado. Después de varios años, el movimiento en Tonga por fin iba a empezar de nuevo. En 2019, Sam, un obrero de&nbsp;InterVarsity&nbsp;USA con origen tongano asistió a la Asamblea Mundial. Allí se hizo amigo de varios estudiantes del Pacífico Sur. Uno de esos estudiantes era de Tonga y había estado orando para que alguien reiniciara el ministerio de IFES allí. Durante su participación en la Asamblea Mundial, Sam se sintió conmovido por los estudiantes de Tonga, y decidió trasladarse allí para servir como obrero de IFES; el primero después de muchos años.&nbsp;</p>
</div>

<div class="wp-block block-core-paragraph">
<p>Y luego llegó la COVID-19. Las fronteras de Tonga se cerraron, por lo que Sam no pudo obtener un visado.&nbsp;&nbsp;</p>
</div>

<div class="wp-block block-core-quote">
<blockquote class="wp-block-quote is-layout-flow wp-block-quote-is-layout-flow"><p><em>¿Qué hacemos ahora, Dios?</em> </p></blockquote>
</div>

<div class="wp-block block-core-paragraph">
<p>Había que empezar de cero. Sam seguía deseando servir, pero no sabía dónde.&nbsp;</p>
</div>

<div class="wp-block block-core-paragraph">
<p>Pero todo se aclaró en el tiempo de Dios. En cuanto a Guam, se había planeado la llegada de un obrero, pero este plan se había interrumpido debido a la pandemia. Laura y Kurt Thiel, de&nbsp;InterVarsity&nbsp;Link, comenzaron a pedir a todos sus conocidos que se unieran a las reuniones virtuales de oración por Guam. Sam fue invitado a esas reuniones. Y poco a poco comprendió que Dios tenía un nuevo propósito para él. Como Guam es un territorio de Estados Unidos, Sam podía entrar sin visado.&nbsp;&nbsp;</p>
</div>

<div class="wp-block block-core-paragraph">
<p>La necesidad era aún mayor que en Tonga porque nunca había habido un movimiento estudiantil IFES en Guam. Y Dios estaba proveyendo a la persona adecuada. Sam tuvo un tiempo de preparación, y ahora ya se encuentra en Guam. Recientemente ha organizado la primera reunión con tres estudiantes que están orando y reflexionando sobre cómo podría funcionar un movimiento allí. Si bien el proceso rumbo a Guam fue difícil, ahora queda claro que los planes de Sam siempre estuvieron en las manos de Dios. Tenemos fe en que Dios seguirá construyendo un movimiento sólido en Guam a través de obreros fieles como Sam. Ora con nosotros por el nuevo comienzo en Guam.&nbsp;</p>
</div>

<div class="wp-block block-core-list">
<ul><li>Alaba a Dios por haber traído a Sam para establecer un grupo en Guam. Ora para que Dios le dé sabiduría y fuerza, y para que lo guíe mientras realiza esta importante misión.&nbsp;</li></ul>
</div>

<div class="wp-block block-core-list">
<ul><li>Ora por los tres estudiantes que están orando por el ministerio estudiantil en Guam. Ora para que se conviertan en líderes en sus campus. Ora para que inspiren a otros para que formen parte de su grupo.&nbsp;</li><li>Ora por Tonga, para&nbsp;que&nbsp;en el momento adecuado, Dios provea a alguien para reiniciar el ministerio allí.&nbsp;</li></ul>
</div>

<!-- This site is optimized with the Yoast SEO plugin v22.6 - https://yoast.com/wordpress/plugins/seo/ -->
<title>Dios arruina un plan perfecto &#183; IFES Prayerline</title>
<meta name="description" content="Dios, ¿por qué arruinaste el plan perfecto?   Todo estaba planeado. Después de varios años, el movimiento en Tonga por fin iba a empezar de nuevo. En" />
<meta name="robots" content="noindex, follow, max-snippet:-1, max-image-preview:large, max-video-preview:-1" />
<meta property="og:locale" content="es_ES" />
<meta property="og:type" content="article" />
<meta property="og:title" content="Dios arruina un plan perfecto &#183; IFES Prayerline" />
<meta property="og:description" content="Dios, ¿por qué arruinaste el plan perfecto?   Todo estaba planeado. Después de varios años, el movimiento en Tonga por fin iba a empezar de nuevo. En" />
<meta property="og:url" content="https://ifesworld.org/es/prayerline/dios-arruina-un-plan-perfecto/" />
<meta property="og:site_name" content="IFES" />
<meta property="article:modified_time" content="2021-08-20T11:04:15+00:00" />
<meta property="og:image" content="https://ifesworld.org/wp-content/uploads/2021/08/Guam-1.jpg" />
	<meta property="og:image:width" content="1600" />
	<meta property="og:image:height" content="1200" />
	<meta property="og:image:type" content="image/jpeg" />
<meta name="twitter:card" content="summary_large_image" />
<meta name="twitter:label1" content="Tiempo de lectura" />
	<meta name="twitter:data1" content="2 minutos" />
<script type="application/ld+json" class="yoast-schema-graph">{"@context":"https://schema.org","@graph":[{"@type":"WebPage","@id":"https://ifesworld.org/es/prayerline/dios-arruina-un-plan-perfecto/","url":"https://ifesworld.org/es/prayerline/dios-arruina-un-plan-perfecto/","name":"Dios arruina un plan perfecto &#183; IFES Prayerline","isPartOf":{"@id":"https://fru.ifesworld.org/en/#website"},"datePublished":"2021-08-24T05:03:00+00:00","dateModified":"2021-08-20T11:04:15+00:00","description":"Dios, ¿por qué arruinaste el plan perfecto?   Todo estaba planeado. Después de varios años, el movimiento en Tonga por fin iba a empezar de nuevo. En","breadcrumb":{"@id":"https://ifesworld.org/es/prayerline/dios-arruina-un-plan-perfecto/#breadcrumb"},"inLanguage":"es","potentialAction":[{"@type":"ReadAction","target":["https://ifesworld.org/es/prayerline/dios-arruina-un-plan-perfecto/"]}]},{"@type":"BreadcrumbList","@id":"https://ifesworld.org/es/prayerline/dios-arruina-un-plan-perfecto/#breadcrumb","itemListElement":[{"@type":"ListItem","position":1,"name":"Home","item":"https://ifesworld.org/es/"},{"@type":"ListItem","position":2,"name":"Prayerline","item":"https://ifesworld.org/en/prayerline/"},{"@type":"ListItem","position":3,"name":"Dios arruina un plan perfecto"}]},{"@type":"WebSite","@id":"https://fru.ifesworld.org/en/#website","url":"https://fru.ifesworld.org/en/","name":"IFES","description":"A movement of students sharing and living out the good news of Jesus Christ. Locally. Nationally. Globally.","publisher":{"@id":"https://fru.ifesworld.org/en/#organization"},"potentialAction":[{"@type":"SearchAction","target":{"@type":"EntryPoint","urlTemplate":"https://fru.ifesworld.org/en/?s={search_term_string}"},"query-input":"required name=search_term_string"}],"inLanguage":"es"},{"@type":"Organization","@id":"https://fru.ifesworld.org/en/#organization","name":"IFES · International Fellowship of Evangelical Students","url":"https://fru.ifesworld.org/en/","logo":{"@type":"ImageObject","inLanguage":"es","@id":"https://fru.ifesworld.org/en/#/schema/logo/image/","url":"https://fru.ifesworld.org/wp-content/uploads/2019/06/ifeslogo.png","contentUrl":"https://fru.ifesworld.org/wp-content/uploads/2019/06/ifeslogo.png","width":262,"height":262,"caption":"IFES · International Fellowship of Evangelical Students"},"image":{"@id":"https://fru.ifesworld.org/en/#/schema/logo/image/"}}]}</script>
<!-- / Yoast SEO plugin. -->

Dios, ¿por qué arruinaste el plan perfecto?   Todo estaba planeado. Después de varios años, el movimiento en Tonga por fin iba a empezar de nuevo. En
