{"id":16217,"date":"2021-08-10T10:29:46","date_gmt":"2021-08-10T09:29:46","guid":{"rendered":"https:\/\/fru.ifesworld.org\/?post_type=prayerline&#038;p=16217"},"modified":"2021-08-10T10:29:47","modified_gmt":"2021-08-10T09:29:47","slug":"edificarse-juntos-como-piedras-vivas","status":"publish","type":"prayerline","link":"https:\/\/fru.ifesworld.org\/es\/prayerline\/edificarse-juntos-como-piedras-vivas\/","title":{"rendered":"Edificarse juntos como Piedras Vivas\u00a0"},"content":{"rendered":"<div class=\"wp-block block-core-paragraph\">\n<p>Durante los \u00faltimos 12 a\u00f1os, nuestra comunidad ha avanzado tras una misma visi\u00f3n llamada Piedras Vivas. Estamos agradecidos a Dios por las formas en que lo hemos visto obrar en estos 12 a\u00f1os para ayudar a los estudiantes y a los movimientos nacionales a crecer y fortalecerse.&nbsp;En 2008 \u00e9ramos 136 movimientos en 130 pa\u00edses. Ahora somos 160 movimientos nacionales afiliados, con obras en curso en m\u00e1s de 180 pa\u00edses. Como nunca antes, nos hemos unido tras un mismo objetivo: alcanzar a la universidad para hablar de Jes\u00fas.&nbsp;&nbsp;<\/p>\n<\/div>\n\n<div class=\"wp-block block-core-paragraph\">\n<p>Piedras Vivas nos permiti\u00f3 tener un mismo lenguaje para hablar del ministerio estudiantil. De ah\u00ed surgieron iniciativas como Compromiso con las Escrituras, Evangelizaci\u00f3n Creativa y Conectar con la Universidad. Estas iniciativas han ayudado a los estudiantes a implicarse en el ministerio. Los estudiantes est\u00e1n aprendiendo a descubrir las Escrituras por s\u00ed mismos. Est\u00e1n pensando en c\u00f3mo alcanzar a sus amigos con un evangelismo creativo. Tambi\u00e9n est\u00e1n desarrollando sus capacidades de liderazgo y se est\u00e1n enfrentando a problemas culturales dif\u00edciles. Con la ayuda del Desarrollo de la Gobernanza y el Desarrollo del Apoyo Aut\u00f3ctono, los movimientos est\u00e1n desarrollando una gobernanza sostenible y la financiaci\u00f3n de las asociaciones locales. Y gracias a Abriendo Nuevos Caminos, est\u00e1n llevando el evangelio a nuevos campus en todo el mundo.&nbsp;&nbsp;<\/p>\n<\/div>\n\n<div class=\"wp-block block-core-paragraph\">\n<p>En resumen, Piedras Vivas ha ayudado a nuestra comunidad a construir y fortalecer las bases firmes del ministerio estudiantil. Y ahora, estamos ansiosos por ver c\u00f3mo estas bases ayudar\u00e1n a los movimientos a prosperar en una nueva temporada. Actualmente estamos finalizando nuestra pr\u00f3xima estrategia, que refleja los cambios en el contexto ministerial de la \u00faltima d\u00e9cada, a la vez que se aferra a los valores y prioridades esenciales de IFES.&nbsp;&nbsp;<\/p>\n<\/div>\n\n<div class=\"wp-block block-core-paragraph\">\n<p>A medida que avanzamos hacia esta apasionante nueva etapa, necesitamos muchas oraciones. Esta semana, por favor, alaba a Dios junto con nosotros por las muchas maneras en que ha utilizado a Piedras Vivas durante los \u00faltimos doce a\u00f1os, y ora por la visi\u00f3n que est\u00e1 desarrollando la comunidad.&nbsp;&nbsp;<\/p>\n<\/div>\n\n<div class=\"wp-block block-core-list\">\n<ul><li>Alaba a Dios porque Piedras Vivas permiti\u00f3 que muchos movimientos se mantuvieran estables durante la pandemia.&nbsp;&nbsp;<\/li><li>Alaba a Dios por el fiel trabajo del equipo de obreros s\u00e9nior de IFES. Se reunieron virtualmente durante varios meses para desarrollar la nueva estrategia.&nbsp;&nbsp;<\/li><li>Ora por la visi\u00f3n renovada de IFES, para que Dios bendiga esta nueva temporada y vaya delante de nosotros.&nbsp;&nbsp;<\/li><li>Ora para que nuestra comunidad prospere gracias a la contribuci\u00f3n de Piedras Vivas y al nuevo per\u00edodo de estrategia.&nbsp;&nbsp;<\/li><\/ul>\n<\/div>\n\n<div class=\"wp-block block-core-paragraph\">\n<p><em>Si quieres leer nuestro informe completo sobre la celebraci\u00f3n de Piedras Vivas,&nbsp;<\/em><a href=\"https:\/\/mcusercontent.com\/39dc49d0fe69777a6d2894521\/files\/91df2ce8-3879-d766-8d95-280a9bc20725\/Living_Stones_Report_UK.pdf\" target=\"_blank\" rel=\"noreferrer noopener\"><em>haz&nbsp;clic aqu\u00ed<\/em><\/a><em>.&nbsp;<\/em>&nbsp;<\/p>\n<\/div>","protected":false},"featured_media":0,"template":"","area":[],"theme":[],"class_list":["post-16217","prayerline","type-prayerline","status-publish","hentry"],"acf":[],"yoast_head":"<!-- This site is optimized with the Yoast SEO plugin v22.6 - https:\/\/yoast.com\/wordpress\/plugins\/seo\/ -->\n<title>Edificarse juntos como Piedras Vivas\u00a0 &#183; IFES Prayerline<\/title>\n<meta name=\"description\" content=\"Durante los \u00faltimos 12 a\u00f1os, nuestra comunidad ha avanzado tras una misma visi\u00f3n llamada Piedras Vivas. Estamos agradecidos a Dios por las formas en que\" \/>\n<meta name=\"robots\" content=\"noindex, follow, max-snippet:-1, max-image-preview:large, max-video-preview:-1\" \/>\n<meta property=\"og:locale\" content=\"es_ES\" \/>\n<meta property=\"og:type\" content=\"article\" \/>\n<meta property=\"og:title\" content=\"Edificarse juntos como Piedras Vivas\u00a0 &#183; IFES Prayerline\" \/>\n<meta property=\"og:description\" content=\"Durante los \u00faltimos 12 a\u00f1os, nuestra comunidad ha avanzado tras una misma visi\u00f3n llamada Piedras Vivas. Estamos agradecidos a Dios por las formas en que\" \/>\n<meta property=\"og:url\" content=\"https:\/\/ifesworld.org\/es\/prayerline\/edificarse-juntos-como-piedras-vivas\/\" \/>\n<meta property=\"og:site_name\" content=\"IFES\" \/>\n<meta property=\"article:modified_time\" content=\"2021-08-10T09:29:47+00:00\" \/>\n<meta property=\"og:image\" content=\"https:\/\/ifesworld.org\/wp-content\/uploads\/2021\/08\/Capture-decran-2021-08-04-101027.jpg\" \/>\n\t<meta property=\"og:image:width\" content=\"1390\" \/>\n\t<meta property=\"og:image:height\" content=\"921\" \/>\n\t<meta property=\"og:image:type\" content=\"image\/jpeg\" \/>\n<meta name=\"twitter:card\" content=\"summary_large_image\" \/>\n<meta name=\"twitter:label1\" content=\"Tiempo de lectura\" \/>\n\t<meta name=\"twitter:data1\" content=\"2 minutos\" \/>\n<script type=\"application\/ld+json\" class=\"yoast-schema-graph\">{\"@context\":\"https:\/\/schema.org\",\"@graph\":[{\"@type\":\"WebPage\",\"@id\":\"https:\/\/ifesworld.org\/es\/prayerline\/edificarse-juntos-como-piedras-vivas\/\",\"url\":\"https:\/\/ifesworld.org\/es\/prayerline\/edificarse-juntos-como-piedras-vivas\/\",\"name\":\"Edificarse juntos como Piedras Vivas\u00a0 &#183; IFES Prayerline\",\"isPartOf\":{\"@id\":\"https:\/\/fru.ifesworld.org\/en\/#website\"},\"datePublished\":\"2021-08-10T09:29:46+00:00\",\"dateModified\":\"2021-08-10T09:29:47+00:00\",\"description\":\"Durante los \u00faltimos 12 a\u00f1os, nuestra comunidad ha avanzado tras una misma visi\u00f3n llamada Piedras Vivas. Estamos agradecidos a Dios por las formas en que\",\"breadcrumb\":{\"@id\":\"https:\/\/ifesworld.org\/es\/prayerline\/edificarse-juntos-como-piedras-vivas\/#breadcrumb\"},\"inLanguage\":\"es\",\"potentialAction\":[{\"@type\":\"ReadAction\",\"target\":[\"https:\/\/ifesworld.org\/es\/prayerline\/edificarse-juntos-como-piedras-vivas\/\"]}]},{\"@type\":\"BreadcrumbList\",\"@id\":\"https:\/\/ifesworld.org\/es\/prayerline\/edificarse-juntos-como-piedras-vivas\/#breadcrumb\",\"itemListElement\":[{\"@type\":\"ListItem\",\"position\":1,\"name\":\"Home\",\"item\":\"https:\/\/ifesworld.org\/es\/\"},{\"@type\":\"ListItem\",\"position\":2,\"name\":\"Prayerline\",\"item\":\"https:\/\/ifesworld.org\/en\/prayerline\/\"},{\"@type\":\"ListItem\",\"position\":3,\"name\":\"Edificarse juntos como Piedras Vivas\u00a0\"}]},{\"@type\":\"WebSite\",\"@id\":\"https:\/\/fru.ifesworld.org\/en\/#website\",\"url\":\"https:\/\/fru.ifesworld.org\/en\/\",\"name\":\"IFES\",\"description\":\"A movement of students sharing and living out the good news of Jesus Christ. Locally. Nationally. Globally.\",\"publisher\":{\"@id\":\"https:\/\/fru.ifesworld.org\/en\/#organization\"},\"potentialAction\":[{\"@type\":\"SearchAction\",\"target\":{\"@type\":\"EntryPoint\",\"urlTemplate\":\"https:\/\/fru.ifesworld.org\/en\/?s={search_term_string}\"},\"query-input\":\"required name=search_term_string\"}],\"inLanguage\":\"es\"},{\"@type\":\"Organization\",\"@id\":\"https:\/\/fru.ifesworld.org\/en\/#organization\",\"name\":\"IFES \u00b7 International Fellowship of Evangelical Students\",\"url\":\"https:\/\/fru.ifesworld.org\/en\/\",\"logo\":{\"@type\":\"ImageObject\",\"inLanguage\":\"es\",\"@id\":\"https:\/\/fru.ifesworld.org\/en\/#\/schema\/logo\/image\/\",\"url\":\"https:\/\/fru.ifesworld.org\/wp-content\/uploads\/2019\/06\/ifeslogo.png\",\"contentUrl\":\"https:\/\/fru.ifesworld.org\/wp-content\/uploads\/2019\/06\/ifeslogo.png\",\"width\":262,\"height\":262,\"caption\":\"IFES \u00b7 International Fellowship of Evangelical Students\"},\"image\":{\"@id\":\"https:\/\/fru.ifesworld.org\/en\/#\/schema\/logo\/image\/\"}}]}<\/script>\n<!-- \/ Yoast SEO plugin. -->","yoast_head_json":{"title":"Edificarse juntos como Piedras Vivas\u00a0 &#183; IFES Prayerline","description":"Durante los \u00faltimos 12 a\u00f1os, nuestra comunidad ha avanzado tras una misma visi\u00f3n llamada Piedras Vivas. Estamos agradecidos a Dios por las formas en que","robots":{"index":"noindex","follow":"follow","max-snippet":"max-snippet:-1","max-image-preview":"max-image-preview:large","max-video-preview":"max-video-preview:-1"},"og_locale":"es_ES","og_type":"article","og_title":"Edificarse juntos como Piedras Vivas\u00a0 &#183; IFES Prayerline","og_description":"Durante los \u00faltimos 12 a\u00f1os, nuestra comunidad ha avanzado tras una misma visi\u00f3n llamada Piedras Vivas. Estamos agradecidos a Dios por las formas en que","og_url":"https:\/\/ifesworld.org\/es\/prayerline\/edificarse-juntos-como-piedras-vivas\/","og_site_name":"IFES","article_modified_time":"2021-08-10T09:29:47+00:00","og_image":[{"width":1390,"height":921,"url":"https:\/\/ifesworld.org\/wp-content\/uploads\/2021\/08\/Capture-decran-2021-08-04-101027.jpg","type":"image\/jpeg"}],"twitter_card":"summary_large_image","twitter_misc":{"Tiempo de lectura":"2 minutos"},"schema":{"@context":"https:\/\/schema.org","@graph":[{"@type":"WebPage","@id":"https:\/\/ifesworld.org\/es\/prayerline\/edificarse-juntos-como-piedras-vivas\/","url":"https:\/\/ifesworld.org\/es\/prayerline\/edificarse-juntos-como-piedras-vivas\/","name":"Edificarse juntos como Piedras Vivas\u00a0 &#183; IFES Prayerline","isPartOf":{"@id":"https:\/\/fru.ifesworld.org\/en\/#website"},"datePublished":"2021-08-10T09:29:46+00:00","dateModified":"2021-08-10T09:29:47+00:00","description":"Durante los \u00faltimos 12 a\u00f1os, nuestra comunidad ha avanzado tras una misma visi\u00f3n llamada Piedras Vivas. Estamos agradecidos a Dios por las formas en que","breadcrumb":{"@id":"https:\/\/ifesworld.org\/es\/prayerline\/edificarse-juntos-como-piedras-vivas\/#breadcrumb"},"inLanguage":"es","potentialAction":[{"@type":"ReadAction","target":["https:\/\/ifesworld.org\/es\/prayerline\/edificarse-juntos-como-piedras-vivas\/"]}]},{"@type":"BreadcrumbList","@id":"https:\/\/ifesworld.org\/es\/prayerline\/edificarse-juntos-como-piedras-vivas\/#breadcrumb","itemListElement":[{"@type":"ListItem","position":1,"name":"Home","item":"https:\/\/ifesworld.org\/es\/"},{"@type":"ListItem","position":2,"name":"Prayerline","item":"https:\/\/ifesworld.org\/en\/prayerline\/"},{"@type":"ListItem","position":3,"name":"Edificarse juntos como Piedras Vivas\u00a0"}]},{"@type":"WebSite","@id":"https:\/\/fru.ifesworld.org\/en\/#website","url":"https:\/\/fru.ifesworld.org\/en\/","name":"IFES","description":"A movement of students sharing and living out the good news of Jesus Christ. Locally. Nationally. Globally.","publisher":{"@id":"https:\/\/fru.ifesworld.org\/en\/#organization"},"potentialAction":[{"@type":"SearchAction","target":{"@type":"EntryPoint","urlTemplate":"https:\/\/fru.ifesworld.org\/en\/?s={search_term_string}"},"query-input":"required name=search_term_string"}],"inLanguage":"es"},{"@type":"Organization","@id":"https:\/\/fru.ifesworld.org\/en\/#organization","name":"IFES \u00b7 International Fellowship of Evangelical Students","url":"https:\/\/fru.ifesworld.org\/en\/","logo":{"@type":"ImageObject","inLanguage":"es","@id":"https:\/\/fru.ifesworld.org\/en\/#\/schema\/logo\/image\/","url":"https:\/\/fru.ifesworld.org\/wp-content\/uploads\/2019\/06\/ifeslogo.png","contentUrl":"https:\/\/fru.ifesworld.org\/wp-content\/uploads\/2019\/06\/ifeslogo.png","width":262,"height":262,"caption":"IFES \u00b7 International Fellowship of Evangelical Students"},"image":{"@id":"https:\/\/fru.ifesworld.org\/en\/#\/schema\/logo\/image\/"}}]}},"_links":{"self":[{"href":"https:\/\/fru.ifesworld.org\/es\/wp-json\/wp\/v2\/prayerline\/16217"}],"collection":[{"href":"https:\/\/fru.ifesworld.org\/es\/wp-json\/wp\/v2\/prayerline"}],"about":[{"href":"https:\/\/fru.ifesworld.org\/es\/wp-json\/wp\/v2\/types\/prayerline"}],"wp:attachment":[{"href":"https:\/\/fru.ifesworld.org\/es\/wp-json\/wp\/v2\/media?parent=16217"}],"wp:term":[{"taxonomy":"area","embeddable":true,"href":"https:\/\/fru.ifesworld.org\/es\/wp-json\/wp\/v2\/area?post=16217"},{"taxonomy":"theme","embeddable":true,"href":"https:\/\/fru.ifesworld.org\/es\/wp-json\/wp\/v2\/theme?post=16217"}],"curies":[{"name":"wp","href":"https:\/\/api.w.org\/{rel}","templated":true}]}}

<div class="wp-block block-core-paragraph">
<p>Durante los últimos 12 años, nuestra comunidad ha avanzado tras una misma visión llamada Piedras Vivas. Estamos agradecidos a Dios por las formas en que lo hemos visto obrar en estos 12 años para ayudar a los estudiantes y a los movimientos nacionales a crecer y fortalecerse.&nbsp;En 2008 éramos 136 movimientos en 130 países. Ahora somos 160 movimientos nacionales afiliados, con obras en curso en más de 180 países. Como nunca antes, nos hemos unido tras un mismo objetivo: alcanzar a la universidad para hablar de Jesús.&nbsp;&nbsp;</p>
</div>

<div class="wp-block block-core-paragraph">
<p>Piedras Vivas nos permitió tener un mismo lenguaje para hablar del ministerio estudiantil. De ahí surgieron iniciativas como Compromiso con las Escrituras, Evangelización Creativa y Conectar con la Universidad. Estas iniciativas han ayudado a los estudiantes a implicarse en el ministerio. Los estudiantes están aprendiendo a descubrir las Escrituras por sí mismos. Están pensando en cómo alcanzar a sus amigos con un evangelismo creativo. También están desarrollando sus capacidades de liderazgo y se están enfrentando a problemas culturales difíciles. Con la ayuda del Desarrollo de la Gobernanza y el Desarrollo del Apoyo Autóctono, los movimientos están desarrollando una gobernanza sostenible y la financiación de las asociaciones locales. Y gracias a Abriendo Nuevos Caminos, están llevando el evangelio a nuevos campus en todo el mundo.&nbsp;&nbsp;</p>
</div>

<div class="wp-block block-core-paragraph">
<p>En resumen, Piedras Vivas ha ayudado a nuestra comunidad a construir y fortalecer las bases firmes del ministerio estudiantil. Y ahora, estamos ansiosos por ver cómo estas bases ayudarán a los movimientos a prosperar en una nueva temporada. Actualmente estamos finalizando nuestra próxima estrategia, que refleja los cambios en el contexto ministerial de la última década, a la vez que se aferra a los valores y prioridades esenciales de IFES.&nbsp;&nbsp;</p>
</div>

<div class="wp-block block-core-paragraph">
<p>A medida que avanzamos hacia esta apasionante nueva etapa, necesitamos muchas oraciones. Esta semana, por favor, alaba a Dios junto con nosotros por las muchas maneras en que ha utilizado a Piedras Vivas durante los últimos doce años, y ora por la visión que está desarrollando la comunidad.&nbsp;&nbsp;</p>
</div>

<div class="wp-block block-core-list">
<ul><li>Alaba a Dios porque Piedras Vivas permitió que muchos movimientos se mantuvieran estables durante la pandemia.&nbsp;&nbsp;</li><li>Alaba a Dios por el fiel trabajo del equipo de obreros sénior de IFES. Se reunieron virtualmente durante varios meses para desarrollar la nueva estrategia.&nbsp;&nbsp;</li><li>Ora por la visión renovada de IFES, para que Dios bendiga esta nueva temporada y vaya delante de nosotros.&nbsp;&nbsp;</li><li>Ora para que nuestra comunidad prospere gracias a la contribución de Piedras Vivas y al nuevo período de estrategia.&nbsp;&nbsp;</li></ul>
</div>

<div class="wp-block block-core-paragraph">
<p><em>Si quieres leer nuestro informe completo sobre la celebración de Piedras Vivas,&nbsp;</em><a href="https://mcusercontent.com/39dc49d0fe69777a6d2894521/files/91df2ce8-3879-d766-8d95-280a9bc20725/Living_Stones_Report_UK.pdf" target="_blank" rel="noreferrer noopener"><em>haz&nbsp;clic aquí</em></a><em>.&nbsp;</em>&nbsp;</p>
</div>

<!-- This site is optimized with the Yoast SEO plugin v22.6 - https://yoast.com/wordpress/plugins/seo/ -->
<title>Edificarse juntos como Piedras Vivas  &#183; IFES Prayerline</title>
<meta name="description" content="Durante los últimos 12 años, nuestra comunidad ha avanzado tras una misma visión llamada Piedras Vivas. Estamos agradecidos a Dios por las formas en que" />
<meta name="robots" content="noindex, follow, max-snippet:-1, max-image-preview:large, max-video-preview:-1" />
<meta property="og:locale" content="es_ES" />
<meta property="og:type" content="article" />
<meta property="og:title" content="Edificarse juntos como Piedras Vivas  &#183; IFES Prayerline" />
<meta property="og:description" content="Durante los últimos 12 años, nuestra comunidad ha avanzado tras una misma visión llamada Piedras Vivas. Estamos agradecidos a Dios por las formas en que" />
<meta property="og:url" content="https://ifesworld.org/es/prayerline/edificarse-juntos-como-piedras-vivas/" />
<meta property="og:site_name" content="IFES" />
<meta property="article:modified_time" content="2021-08-10T09:29:47+00:00" />
<meta property="og:image" content="https://ifesworld.org/wp-content/uploads/2021/08/Capture-decran-2021-08-04-101027.jpg" />
	<meta property="og:image:width" content="1390" />
	<meta property="og:image:height" content="921" />
	<meta property="og:image:type" content="image/jpeg" />
<meta name="twitter:card" content="summary_large_image" />
<meta name="twitter:label1" content="Tiempo de lectura" />
	<meta name="twitter:data1" content="2 minutos" />
<script type="application/ld+json" class="yoast-schema-graph">{"@context":"https://schema.org","@graph":[{"@type":"WebPage","@id":"https://ifesworld.org/es/prayerline/edificarse-juntos-como-piedras-vivas/","url":"https://ifesworld.org/es/prayerline/edificarse-juntos-como-piedras-vivas/","name":"Edificarse juntos como Piedras Vivas  &#183; IFES Prayerline","isPartOf":{"@id":"https://fru.ifesworld.org/en/#website"},"datePublished":"2021-08-10T09:29:46+00:00","dateModified":"2021-08-10T09:29:47+00:00","description":"Durante los últimos 12 años, nuestra comunidad ha avanzado tras una misma visión llamada Piedras Vivas. Estamos agradecidos a Dios por las formas en que","breadcrumb":{"@id":"https://ifesworld.org/es/prayerline/edificarse-juntos-como-piedras-vivas/#breadcrumb"},"inLanguage":"es","potentialAction":[{"@type":"ReadAction","target":["https://ifesworld.org/es/prayerline/edificarse-juntos-como-piedras-vivas/"]}]},{"@type":"BreadcrumbList","@id":"https://ifesworld.org/es/prayerline/edificarse-juntos-como-piedras-vivas/#breadcrumb","itemListElement":[{"@type":"ListItem","position":1,"name":"Home","item":"https://ifesworld.org/es/"},{"@type":"ListItem","position":2,"name":"Prayerline","item":"https://ifesworld.org/en/prayerline/"},{"@type":"ListItem","position":3,"name":"Edificarse juntos como Piedras Vivas "}]},{"@type":"WebSite","@id":"https://fru.ifesworld.org/en/#website","url":"https://fru.ifesworld.org/en/","name":"IFES","description":"A movement of students sharing and living out the good news of Jesus Christ. Locally. Nationally. Globally.","publisher":{"@id":"https://fru.ifesworld.org/en/#organization"},"potentialAction":[{"@type":"SearchAction","target":{"@type":"EntryPoint","urlTemplate":"https://fru.ifesworld.org/en/?s={search_term_string}"},"query-input":"required name=search_term_string"}],"inLanguage":"es"},{"@type":"Organization","@id":"https://fru.ifesworld.org/en/#organization","name":"IFES · International Fellowship of Evangelical Students","url":"https://fru.ifesworld.org/en/","logo":{"@type":"ImageObject","inLanguage":"es","@id":"https://fru.ifesworld.org/en/#/schema/logo/image/","url":"https://fru.ifesworld.org/wp-content/uploads/2019/06/ifeslogo.png","contentUrl":"https://fru.ifesworld.org/wp-content/uploads/2019/06/ifeslogo.png","width":262,"height":262,"caption":"IFES · International Fellowship of Evangelical Students"},"image":{"@id":"https://fru.ifesworld.org/en/#/schema/logo/image/"}}]}</script>
<!-- / Yoast SEO plugin. -->

Durante los últimos 12 años, nuestra comunidad ha avanzado tras una misma visión llamada Piedras Vivas. Estamos agradecidos a Dios por las formas en que
