{"id":14881,"date":"2021-03-02T05:50:00","date_gmt":"2021-03-02T05:50:00","guid":{"rendered":"https:\/\/fru.ifesworld.org\/?post_type=prayerline&#038;p=14881"},"modified":"2023-10-24T20:23:47","modified_gmt":"2023-10-24T19:23:47","slug":"pan-en-la-mesa","status":"publish","type":"prayerline","link":"https:\/\/fru.ifesworld.org\/es\/prayerline\/pan-en-la-mesa\/","title":{"rendered":"Pan en la mesa"},"content":{"rendered":"<div class=\"wp-block block-core-verse\">\n<pre class=\"wp-block-verse\">\u201cAy\u00fadense unos a otros a llevar sus cargas, y as\u00ed cumplir\u00e1n la ley de Cristo\u201d. G\u00e1latas 6:2&nbsp;<\/pre>\n<\/div>\n\n<div class=\"wp-block block-core-verse\">\n<pre class=\"wp-block-verse\">\u201cAyuden a los hermanos necesitados\u201d.&nbsp;\u201cPractiquen la hospitalidad\u201d. Romanos 12:13&nbsp;<\/pre>\n<\/div>\n\n<div class=\"wp-block block-core-verse\">\n<pre class=\"wp-block-verse\">\u201cAn\u00edmense y edif\u00edquense unos a otros, tal como lo vienen haciendo\u201d. 1 Tesalonicenses 5:11&nbsp;<\/pre>\n<\/div>\n\n<div class=\"wp-block block-core-paragraph\">\n<p>Movimientos que apoyan a otros movimientos.\u00a0Es lo que Cristo nos llama a hacer e IFES est\u00e1 en una posici\u00f3n \u00fanica para coordinarlo. A causa de la COVID-19, muchos movimientos han sufrido econ\u00f3micamente.\u00a0Algunos han tenido que renunciar a su espacio de oficina porque no pod\u00edan pagar el alquiler y otros, incluso, han tenido que despedir a obreros. Es por este motivo que el antiguo Secretario General Jamil y los Secretarios Asociados crearon el Fondo Solidario a principios de oto\u00f1o de 2020.\u00a0\u00a0<\/p>\n<\/div>\n\n<div class=\"wp-block block-core-paragraph\">\n<p>Este fondo foment\u00f3 donativos procedentes de movimientos con m\u00e1s recursos econ\u00f3micos, para que pudiesen ser repartidos entre los movimientos m\u00e1s afectados econ\u00f3micamente por la COVID-19. De esta forma, tanto los movimientos nacionales como el personal de IFES han podido demostrar solidaridad a los movimientos y asegurarse de que pueden continuar con su ministerio durante y despu\u00e9s de la pandemia.&nbsp;Estos donativos, combinados con los destinados al fondo global para responder a la COVID-19, han sido vitales para sostener el ministerio en varios pa\u00edses. Para SULTAM Lesotho, recibir una subvenci\u00f3n del Fondo Solidario supuso poder recuperar a obreros que hab\u00edan sido despedidos y, as\u00ed, asegurar el pan en su mesa.&nbsp;Tambi\u00e9n supuso que los gastos diarios de comunicaci\u00f3n y electricidad de la oficina quedaran cubiertos, por lo que la administraci\u00f3n pudo seguir funcionando adecuadamente.&nbsp;&nbsp;<\/p>\n<\/div>\n\n<div class=\"wp-block block-core-paragraph\">\n<p>Una vez que estas necesidades b\u00e1sicas quedaron cubiertas por el Fondo Solidario, SULTAM pudo volver a centrarse en el ministerio.&nbsp;&nbsp;<\/p>\n<\/div>\n\n<div class=\"wp-block block-core-quote is-style-default\">\n<blockquote class=\"wp-block-quote is-style-default is-layout-flow wp-block-quote-is-layout-flow\"><div class=\"wp-block block-core-paragraph\">\n<p><em>\u201cCon m\u00e1s manos disponibles, podremos alcanzar m\u00e1s campus a la vez. Por consiguiente, podr\u00e1n lograrse los objetivos ministeriales\u201d<\/em><\/p>\n<\/div><cite><em>afirma Metsing Waza Moholane, obrero de SULTAM.&nbsp;&nbsp;<\/em><\/cite><\/blockquote>\n<\/div>\n\n<div class=\"wp-block block-core-paragraph\">\n<p>Gracias a la subvenci\u00f3n, el movimiento tambi\u00e9n pudo llevar a cabo un seminario sobre el matrimonio y coordinar a los graduados para que organizaran un programa comunitario para ni\u00f1os.&nbsp;Adem\u00e1s, siguieron dando mentorazgo a estudiantes en la Palabra de Dios.&nbsp;<\/p>\n<\/div>\n\n<div class=\"wp-block block-core-paragraph\">\n<p>Esta semana, da gracias a Dios por la comunidad de movimientos que trabajan juntos para apoyar el ministerio estudiantil de todo el mundo.&nbsp;&nbsp;<\/p>\n<\/div>\n\n<div class=\"wp-block block-core-list\">\n<ul><div class=\"wp-block block-core-list-item\">\n<li>Alaba a Dios por su provisi\u00f3n mediante el Fondo Solidario.&nbsp;&nbsp;<\/li>\n<\/div>\n\n<div class=\"wp-block block-core-list-item\">\n<li>Ora con nosotros por todos aquellos movimientos que han sufrido econ\u00f3micamente en el \u00faltimo a\u00f1o y ora para que Dios siga proveyendo.&nbsp;<\/li>\n<\/div>\n\n<div class=\"wp-block block-core-list-item\">\n<li>Ora por SULTAM Lesotho, para que Dios abra puertas a favor de su situaci\u00f3n financiera y les provea de m\u00e1s colaboraciones econ\u00f3micas.&nbsp;Ora tambi\u00e9n por sabidur\u00eda a medida que contin\u00faan con su ministerio durante la pandemia.&nbsp;&nbsp;<\/li>\n<\/div><\/ul>\n<\/div>","protected":false},"featured_media":0,"template":"","area":[704,766],"theme":[],"class_list":["post-14881","prayerline","type-prayerline","status-publish","hentry","area-africa-anglofona-y-lusofona","area-lesotho-africa-anglofona-y-lusofona"],"acf":[],"yoast_head":"<!-- This site is optimized with the Yoast SEO plugin v22.6 - https:\/\/yoast.com\/wordpress\/plugins\/seo\/ -->\n<title>Pan en la mesa &#183; IFES Prayerline<\/title>\n<meta name=\"description\" content=\"\u201cAy\u00fadense unos a otros a llevar sus cargas, y as\u00ed cumplir\u00e1n la ley de Cristo\u201d. G\u00e1latas 6:2&nbsp; \u201cAyuden a los hermanos necesitados\u201d.&nbsp;\u201cPractiquen la\" \/>\n<meta name=\"robots\" content=\"noindex, follow, max-snippet:-1, max-image-preview:large, max-video-preview:-1\" \/>\n<meta property=\"og:locale\" content=\"es_ES\" \/>\n<meta property=\"og:type\" content=\"article\" \/>\n<meta property=\"og:title\" content=\"Pan en la mesa &#183; IFES Prayerline\" \/>\n<meta property=\"og:description\" content=\"\u201cAy\u00fadense unos a otros a llevar sus cargas, y as\u00ed cumplir\u00e1n la ley de Cristo\u201d. G\u00e1latas 6:2&nbsp; \u201cAyuden a los hermanos necesitados\u201d.&nbsp;\u201cPractiquen la\" \/>\n<meta property=\"og:url\" content=\"https:\/\/ifesworld.org\/es\/prayerline\/pan-en-la-mesa\/\" \/>\n<meta property=\"og:site_name\" content=\"IFES\" \/>\n<meta property=\"article:modified_time\" content=\"2023-10-24T19:23:47+00:00\" \/>\n<meta property=\"og:image\" content=\"https:\/\/ifesworld.org\/wp-content\/uploads\/2021\/03\/austin-kehmeier-lyiKExA4zQA-unsplash-scaled-e1614613815522.jpg\" \/>\n\t<meta property=\"og:image:width\" content=\"2560\" \/>\n\t<meta property=\"og:image:height\" content=\"2048\" \/>\n\t<meta property=\"og:image:type\" content=\"image\/jpeg\" \/>\n<meta name=\"twitter:card\" content=\"summary_large_image\" \/>\n<meta name=\"twitter:label1\" content=\"Tiempo de lectura\" \/>\n\t<meta name=\"twitter:data1\" content=\"2 minutos\" \/>\n<script type=\"application\/ld+json\" class=\"yoast-schema-graph\">{\"@context\":\"https:\/\/schema.org\",\"@graph\":[{\"@type\":\"WebPage\",\"@id\":\"https:\/\/ifesworld.org\/es\/prayerline\/pan-en-la-mesa\/\",\"url\":\"https:\/\/ifesworld.org\/es\/prayerline\/pan-en-la-mesa\/\",\"name\":\"Pan en la mesa &#183; IFES Prayerline\",\"isPartOf\":{\"@id\":\"https:\/\/fru.ifesworld.org\/en\/#website\"},\"datePublished\":\"2021-03-02T05:50:00+00:00\",\"dateModified\":\"2023-10-24T19:23:47+00:00\",\"description\":\"\u201cAy\u00fadense unos a otros a llevar sus cargas, y as\u00ed cumplir\u00e1n la ley de Cristo\u201d. G\u00e1latas 6:2&nbsp; \u201cAyuden a los hermanos necesitados\u201d.&nbsp;\u201cPractiquen la\",\"breadcrumb\":{\"@id\":\"https:\/\/ifesworld.org\/es\/prayerline\/pan-en-la-mesa\/#breadcrumb\"},\"inLanguage\":\"es\",\"potentialAction\":[{\"@type\":\"ReadAction\",\"target\":[\"https:\/\/ifesworld.org\/es\/prayerline\/pan-en-la-mesa\/\"]}]},{\"@type\":\"BreadcrumbList\",\"@id\":\"https:\/\/ifesworld.org\/es\/prayerline\/pan-en-la-mesa\/#breadcrumb\",\"itemListElement\":[{\"@type\":\"ListItem\",\"position\":1,\"name\":\"Home\",\"item\":\"https:\/\/ifesworld.org\/es\/\"},{\"@type\":\"ListItem\",\"position\":2,\"name\":\"Prayerline\",\"item\":\"https:\/\/ifesworld.org\/en\/prayerline\/\"},{\"@type\":\"ListItem\",\"position\":3,\"name\":\"Pan en la mesa\"}]},{\"@type\":\"WebSite\",\"@id\":\"https:\/\/fru.ifesworld.org\/en\/#website\",\"url\":\"https:\/\/fru.ifesworld.org\/en\/\",\"name\":\"IFES\",\"description\":\"A movement of students sharing and living out the good news of Jesus Christ. Locally. Nationally. Globally.\",\"publisher\":{\"@id\":\"https:\/\/fru.ifesworld.org\/en\/#organization\"},\"potentialAction\":[{\"@type\":\"SearchAction\",\"target\":{\"@type\":\"EntryPoint\",\"urlTemplate\":\"https:\/\/fru.ifesworld.org\/en\/?s={search_term_string}\"},\"query-input\":\"required name=search_term_string\"}],\"inLanguage\":\"es\"},{\"@type\":\"Organization\",\"@id\":\"https:\/\/fru.ifesworld.org\/en\/#organization\",\"name\":\"IFES \u00b7 International Fellowship of Evangelical Students\",\"url\":\"https:\/\/fru.ifesworld.org\/en\/\",\"logo\":{\"@type\":\"ImageObject\",\"inLanguage\":\"es\",\"@id\":\"https:\/\/fru.ifesworld.org\/en\/#\/schema\/logo\/image\/\",\"url\":\"https:\/\/fru.ifesworld.org\/wp-content\/uploads\/2019\/06\/ifeslogo.png\",\"contentUrl\":\"https:\/\/fru.ifesworld.org\/wp-content\/uploads\/2019\/06\/ifeslogo.png\",\"width\":262,\"height\":262,\"caption\":\"IFES \u00b7 International Fellowship of Evangelical Students\"},\"image\":{\"@id\":\"https:\/\/fru.ifesworld.org\/en\/#\/schema\/logo\/image\/\"}}]}<\/script>\n<!-- \/ Yoast SEO plugin. -->","yoast_head_json":{"title":"Pan en la mesa &#183; IFES Prayerline","description":"\u201cAy\u00fadense unos a otros a llevar sus cargas, y as\u00ed cumplir\u00e1n la ley de Cristo\u201d. G\u00e1latas 6:2&nbsp; \u201cAyuden a los hermanos necesitados\u201d.&nbsp;\u201cPractiquen la","robots":{"index":"noindex","follow":"follow","max-snippet":"max-snippet:-1","max-image-preview":"max-image-preview:large","max-video-preview":"max-video-preview:-1"},"og_locale":"es_ES","og_type":"article","og_title":"Pan en la mesa &#183; IFES Prayerline","og_description":"\u201cAy\u00fadense unos a otros a llevar sus cargas, y as\u00ed cumplir\u00e1n la ley de Cristo\u201d. G\u00e1latas 6:2&nbsp; \u201cAyuden a los hermanos necesitados\u201d.&nbsp;\u201cPractiquen la","og_url":"https:\/\/ifesworld.org\/es\/prayerline\/pan-en-la-mesa\/","og_site_name":"IFES","article_modified_time":"2023-10-24T19:23:47+00:00","og_image":[{"width":2560,"height":2048,"url":"https:\/\/ifesworld.org\/wp-content\/uploads\/2021\/03\/austin-kehmeier-lyiKExA4zQA-unsplash-scaled-e1614613815522.jpg","type":"image\/jpeg"}],"twitter_card":"summary_large_image","twitter_misc":{"Tiempo de lectura":"2 minutos"},"schema":{"@context":"https:\/\/schema.org","@graph":[{"@type":"WebPage","@id":"https:\/\/ifesworld.org\/es\/prayerline\/pan-en-la-mesa\/","url":"https:\/\/ifesworld.org\/es\/prayerline\/pan-en-la-mesa\/","name":"Pan en la mesa &#183; IFES Prayerline","isPartOf":{"@id":"https:\/\/fru.ifesworld.org\/en\/#website"},"datePublished":"2021-03-02T05:50:00+00:00","dateModified":"2023-10-24T19:23:47+00:00","description":"\u201cAy\u00fadense unos a otros a llevar sus cargas, y as\u00ed cumplir\u00e1n la ley de Cristo\u201d. G\u00e1latas 6:2&nbsp; \u201cAyuden a los hermanos necesitados\u201d.&nbsp;\u201cPractiquen la","breadcrumb":{"@id":"https:\/\/ifesworld.org\/es\/prayerline\/pan-en-la-mesa\/#breadcrumb"},"inLanguage":"es","potentialAction":[{"@type":"ReadAction","target":["https:\/\/ifesworld.org\/es\/prayerline\/pan-en-la-mesa\/"]}]},{"@type":"BreadcrumbList","@id":"https:\/\/ifesworld.org\/es\/prayerline\/pan-en-la-mesa\/#breadcrumb","itemListElement":[{"@type":"ListItem","position":1,"name":"Home","item":"https:\/\/ifesworld.org\/es\/"},{"@type":"ListItem","position":2,"name":"Prayerline","item":"https:\/\/ifesworld.org\/en\/prayerline\/"},{"@type":"ListItem","position":3,"name":"Pan en la mesa"}]},{"@type":"WebSite","@id":"https:\/\/fru.ifesworld.org\/en\/#website","url":"https:\/\/fru.ifesworld.org\/en\/","name":"IFES","description":"A movement of students sharing and living out the good news of Jesus Christ. Locally. Nationally. Globally.","publisher":{"@id":"https:\/\/fru.ifesworld.org\/en\/#organization"},"potentialAction":[{"@type":"SearchAction","target":{"@type":"EntryPoint","urlTemplate":"https:\/\/fru.ifesworld.org\/en\/?s={search_term_string}"},"query-input":"required name=search_term_string"}],"inLanguage":"es"},{"@type":"Organization","@id":"https:\/\/fru.ifesworld.org\/en\/#organization","name":"IFES \u00b7 International Fellowship of Evangelical Students","url":"https:\/\/fru.ifesworld.org\/en\/","logo":{"@type":"ImageObject","inLanguage":"es","@id":"https:\/\/fru.ifesworld.org\/en\/#\/schema\/logo\/image\/","url":"https:\/\/fru.ifesworld.org\/wp-content\/uploads\/2019\/06\/ifeslogo.png","contentUrl":"https:\/\/fru.ifesworld.org\/wp-content\/uploads\/2019\/06\/ifeslogo.png","width":262,"height":262,"caption":"IFES \u00b7 International Fellowship of Evangelical Students"},"image":{"@id":"https:\/\/fru.ifesworld.org\/en\/#\/schema\/logo\/image\/"}}]}},"_links":{"self":[{"href":"https:\/\/fru.ifesworld.org\/es\/wp-json\/wp\/v2\/prayerline\/14881"}],"collection":[{"href":"https:\/\/fru.ifesworld.org\/es\/wp-json\/wp\/v2\/prayerline"}],"about":[{"href":"https:\/\/fru.ifesworld.org\/es\/wp-json\/wp\/v2\/types\/prayerline"}],"wp:attachment":[{"href":"https:\/\/fru.ifesworld.org\/es\/wp-json\/wp\/v2\/media?parent=14881"}],"wp:term":[{"taxonomy":"area","embeddable":true,"href":"https:\/\/fru.ifesworld.org\/es\/wp-json\/wp\/v2\/area?post=14881"},{"taxonomy":"theme","embeddable":true,"href":"https:\/\/fru.ifesworld.org\/es\/wp-json\/wp\/v2\/theme?post=14881"}],"curies":[{"name":"wp","href":"https:\/\/api.w.org\/{rel}","templated":true}]}}

<div class="wp-block block-core-verse">
<pre class="wp-block-verse">“Ayúdense unos a otros a llevar sus cargas, y así cumplirán la ley de Cristo”. Gálatas 6:2&nbsp;</pre>
</div>

<div class="wp-block block-core-verse">
<pre class="wp-block-verse">“Ayuden a los hermanos necesitados”.&nbsp;“Practiquen la hospitalidad”. Romanos 12:13&nbsp;</pre>
</div>

<div class="wp-block block-core-verse">
<pre class="wp-block-verse">“Anímense y edifíquense unos a otros, tal como lo vienen haciendo”. 1 Tesalonicenses 5:11&nbsp;</pre>
</div>

<div class="wp-block block-core-paragraph">
<p>Movimientos que apoyan a otros movimientos. Es lo que Cristo nos llama a hacer e IFES está en una posición única para coordinarlo. A causa de la COVID-19, muchos movimientos han sufrido económicamente. Algunos han tenido que renunciar a su espacio de oficina porque no podían pagar el alquiler y otros, incluso, han tenido que despedir a obreros. Es por este motivo que el antiguo Secretario General Jamil y los Secretarios Asociados crearon el Fondo Solidario a principios de otoño de 2020.  </p>
</div>

<div class="wp-block block-core-paragraph">
<p>Este fondo fomentó donativos procedentes de movimientos con más recursos económicos, para que pudiesen ser repartidos entre los movimientos más afectados económicamente por la COVID-19. De esta forma, tanto los movimientos nacionales como el personal de IFES han podido demostrar solidaridad a los movimientos y asegurarse de que pueden continuar con su ministerio durante y después de la pandemia.&nbsp;Estos donativos, combinados con los destinados al fondo global para responder a la COVID-19, han sido vitales para sostener el ministerio en varios países. Para SULTAM Lesotho, recibir una subvención del Fondo Solidario supuso poder recuperar a obreros que habían sido despedidos y, así, asegurar el pan en su mesa.&nbsp;También supuso que los gastos diarios de comunicación y electricidad de la oficina quedaran cubiertos, por lo que la administración pudo seguir funcionando adecuadamente.&nbsp;&nbsp;</p>
</div>

<div class="wp-block block-core-paragraph">
<p>Una vez que estas necesidades básicas quedaron cubiertas por el Fondo Solidario, SULTAM pudo volver a centrarse en el ministerio.&nbsp;&nbsp;</p>
</div>

<div class="wp-block block-core-quote is-style-default">
<blockquote class="wp-block-quote is-style-default is-layout-flow wp-block-quote-is-layout-flow"><div class="wp-block block-core-paragraph">
<p><em>“Con más manos disponibles, podremos alcanzar más campus a la vez. Por consiguiente, podrán lograrse los objetivos ministeriales”</em></p>
</div><cite><em>afirma Metsing Waza Moholane, obrero de SULTAM.&nbsp;&nbsp;</em></cite></blockquote>
</div>

<div class="wp-block block-core-paragraph">
<p>Gracias a la subvención, el movimiento también pudo llevar a cabo un seminario sobre el matrimonio y coordinar a los graduados para que organizaran un programa comunitario para niños.&nbsp;Además, siguieron dando mentorazgo a estudiantes en la Palabra de Dios.&nbsp;</p>
</div>

<div class="wp-block block-core-paragraph">
<p>Esta semana, da gracias a Dios por la comunidad de movimientos que trabajan juntos para apoyar el ministerio estudiantil de todo el mundo.&nbsp;&nbsp;</p>
</div>

<div class="wp-block block-core-list">
<ul><div class="wp-block block-core-list-item">
<li>Alaba a Dios por su provisión mediante el Fondo Solidario.&nbsp;&nbsp;</li>
</div>

<div class="wp-block block-core-list-item">
<li>Ora con nosotros por todos aquellos movimientos que han sufrido económicamente en el último año y ora para que Dios siga proveyendo.&nbsp;</li>
</div>

<div class="wp-block block-core-list-item">
<li>Ora por SULTAM Lesotho, para que Dios abra puertas a favor de su situación financiera y les provea de más colaboraciones económicas.&nbsp;Ora también por sabiduría a medida que continúan con su ministerio durante la pandemia.&nbsp;&nbsp;</li>
</div></ul>
</div>

<!-- This site is optimized with the Yoast SEO plugin v22.6 - https://yoast.com/wordpress/plugins/seo/ -->
<title>Pan en la mesa &#183; IFES Prayerline</title>
<meta name="description" content="“Ayúdense unos a otros a llevar sus cargas, y así cumplirán la ley de Cristo”. Gálatas 6:2&nbsp; “Ayuden a los hermanos necesitados”.&nbsp;“Practiquen la" />
<meta name="robots" content="noindex, follow, max-snippet:-1, max-image-preview:large, max-video-preview:-1" />
<meta property="og:locale" content="es_ES" />
<meta property="og:type" content="article" />
<meta property="og:title" content="Pan en la mesa &#183; IFES Prayerline" />
<meta property="og:description" content="“Ayúdense unos a otros a llevar sus cargas, y así cumplirán la ley de Cristo”. Gálatas 6:2&nbsp; “Ayuden a los hermanos necesitados”.&nbsp;“Practiquen la" />
<meta property="og:url" content="https://ifesworld.org/es/prayerline/pan-en-la-mesa/" />
<meta property="og:site_name" content="IFES" />
<meta property="article:modified_time" content="2023-10-24T19:23:47+00:00" />
<meta property="og:image" content="https://ifesworld.org/wp-content/uploads/2021/03/austin-kehmeier-lyiKExA4zQA-unsplash-scaled-e1614613815522.jpg" />
	<meta property="og:image:width" content="2560" />
	<meta property="og:image:height" content="2048" />
	<meta property="og:image:type" content="image/jpeg" />
<meta name="twitter:card" content="summary_large_image" />
<meta name="twitter:label1" content="Tiempo de lectura" />
	<meta name="twitter:data1" content="2 minutos" />
<script type="application/ld+json" class="yoast-schema-graph">{"@context":"https://schema.org","@graph":[{"@type":"WebPage","@id":"https://ifesworld.org/es/prayerline/pan-en-la-mesa/","url":"https://ifesworld.org/es/prayerline/pan-en-la-mesa/","name":"Pan en la mesa &#183; IFES Prayerline","isPartOf":{"@id":"https://fru.ifesworld.org/en/#website"},"datePublished":"2021-03-02T05:50:00+00:00","dateModified":"2023-10-24T19:23:47+00:00","description":"“Ayúdense unos a otros a llevar sus cargas, y así cumplirán la ley de Cristo”. Gálatas 6:2&nbsp; “Ayuden a los hermanos necesitados”.&nbsp;“Practiquen la","breadcrumb":{"@id":"https://ifesworld.org/es/prayerline/pan-en-la-mesa/#breadcrumb"},"inLanguage":"es","potentialAction":[{"@type":"ReadAction","target":["https://ifesworld.org/es/prayerline/pan-en-la-mesa/"]}]},{"@type":"BreadcrumbList","@id":"https://ifesworld.org/es/prayerline/pan-en-la-mesa/#breadcrumb","itemListElement":[{"@type":"ListItem","position":1,"name":"Home","item":"https://ifesworld.org/es/"},{"@type":"ListItem","position":2,"name":"Prayerline","item":"https://ifesworld.org/en/prayerline/"},{"@type":"ListItem","position":3,"name":"Pan en la mesa"}]},{"@type":"WebSite","@id":"https://fru.ifesworld.org/en/#website","url":"https://fru.ifesworld.org/en/","name":"IFES","description":"A movement of students sharing and living out the good news of Jesus Christ. Locally. Nationally. Globally.","publisher":{"@id":"https://fru.ifesworld.org/en/#organization"},"potentialAction":[{"@type":"SearchAction","target":{"@type":"EntryPoint","urlTemplate":"https://fru.ifesworld.org/en/?s={search_term_string}"},"query-input":"required name=search_term_string"}],"inLanguage":"es"},{"@type":"Organization","@id":"https://fru.ifesworld.org/en/#organization","name":"IFES · International Fellowship of Evangelical Students","url":"https://fru.ifesworld.org/en/","logo":{"@type":"ImageObject","inLanguage":"es","@id":"https://fru.ifesworld.org/en/#/schema/logo/image/","url":"https://fru.ifesworld.org/wp-content/uploads/2019/06/ifeslogo.png","contentUrl":"https://fru.ifesworld.org/wp-content/uploads/2019/06/ifeslogo.png","width":262,"height":262,"caption":"IFES · International Fellowship of Evangelical Students"},"image":{"@id":"https://fru.ifesworld.org/en/#/schema/logo/image/"}}]}</script>
<!-- / Yoast SEO plugin. -->

“Ayúdense unos a otros a llevar sus cargas, y así cumplirán la ley de Cristo”. Gálatas 6:2&nbsp; “Ayuden a los hermanos necesitados”.&nbsp;“Practiquen la
