{"id":14367,"date":"2020-12-01T06:53:00","date_gmt":"2020-12-01T06:53:00","guid":{"rendered":"https:\/\/fru.ifesworld.org\/?post_type=prayerline&#038;p=14367"},"modified":"2020-11-30T17:11:42","modified_gmt":"2020-11-30T17:11:42","slug":"por-el-balcon","status":"publish","type":"prayerline","link":"https:\/\/fru.ifesworld.org\/es\/prayerline\/por-el-balcon\/","title":{"rendered":"Por el balc\u00f3n"},"content":{"rendered":"<div class=\"wp-block block-core-paragraph\">\n<p>La vida espiritual de Linny fue complicada. Su familia era budista nominal, y algo practicante, pero su padre estaba fascinado con las ense\u00f1anzas morales del cristianismo. Aunque su familia nunca oraba ni hab\u00eda ido a la iglesia, \u00e9l siempre enfatizaba los valores cristianos. Linny no pod\u00eda identificarse completamente con el lado cristiano o budista de su educaci\u00f3n, pero estaba satisfecha siendo una mezcla de ambos. Incluso hab\u00eda acu\u00f1ado un t\u00e9rmino para definirse: \u00abcrisbudista\u00bb.&nbsp;<\/p>\n<\/div>\n\n<div class=\"wp-block block-core-paragraph\">\n<p>Pero en la universidad, su identidad espiritual se resquebraj\u00f3. Se mud\u00f3 al lado de una chica llamada Karina, que era una cristiana plenamente comprometida. Su balc\u00f3n compartido dio lugar a horas de profundas charlas sobre espiritualidad. Karina desafi\u00f3 las creencias de Linny con preguntas dif\u00edciles. Aunque sus conversaciones pon\u00edan en jaque su visi\u00f3n del mundo, Linny dice que est\u00e1 agradecida de que su amiga insistiera. Linny recuerda el d\u00eda en que Karina hizo una pregunta que \u00abla encendi\u00f3 hasta los huesos\u00bb.&nbsp;&nbsp;<\/p>\n<\/div>\n\n<div class=\"wp-block block-core-paragraph\">\n<p>Le pregunt\u00f3: \u00ab\u00bfPor qu\u00e9 est\u00e1s&nbsp;bien?\u00bb Linny no sab\u00eda qu\u00e9 responder. Cuando Karina volvi\u00f3 a su habitaci\u00f3n, Linny se qued\u00f3 reflexionando.&nbsp;<em>\u00bfCu\u00e1l es el significado de la vida? \u00bfQu\u00e9 hago aqu\u00ed? \u00bfPor qu\u00e9 estoy bien? \u00bfPor qu\u00e9 deber\u00eda? \u00bfQu\u00e9 sentido tiene?<\/em><em>&nbsp;<\/em>Linny lo explica con sus propias palabras:&nbsp;<\/p>\n<\/div>\n\n<div class=\"wp-block block-core-quote is-style-default\">\n<blockquote class=\"wp-block-quote is-style-default is-layout-flow wp-block-quote-is-layout-flow\"><p><em>\u201cD\u00edas despu\u00e9s de eso, comenc\u00e9 a preguntarles a mis amigos del campus sobre el significado de vida seg\u00fan ellos. Algunas respuestas eran interesantes, pero tambi\u00e9n temporales e insatisfactorias. Otras, chocantes. Pero uno de ellos respondi\u00f3 que el significado para la vida era glorificar a Dios. Me dijo que Jes\u00fas hab\u00eda muerto en la cruz y nos hab\u00eda dado la vida eterna. Y que \u00e9l estaba bien gracias al amor y la bondad de Jes\u00fas. \u00a1Me qued\u00e9 asombrada! No ten\u00eda sentido alguno. Cuando regres\u00e9 a casa, le hice la\u00a0misma pregunta a Karina. Y respondi\u00f3 de forma similar. Tras ese d\u00eda, mi curiosidad por Jes\u00fas y el cristianismo aument\u00f3. Comenc\u00e9 a buscar\u00bb.<\/em>\u00a0<\/p><\/blockquote>\n<\/div>\n\n<div class=\"wp-block block-core-paragraph\">\n<p>Linny comenz\u00f3 a leer la Biblia, se uni\u00f3 a su grupo local de Perkantas y asisti\u00f3 a los cultos dominicales. Con el tiempo, su b\u00fasqueda se convirti\u00f3 en un profundo amor por Jes\u00fas.&nbsp;<\/p>\n<\/div>\n\n<div class=\"wp-block block-core-quote is-style-default\">\n<blockquote class=\"wp-block-quote is-style-default is-layout-flow wp-block-quote-is-layout-flow\"><p><em>\u201cEra como si estuviera profundizando m\u00e1s y m\u00e1s en \u00c9l misteriosamente. De alguna manera, encontr\u00e9 el significado de mi vida en Jes\u00fas.\u00a0Cuanto m\u00e1s aprendo, m\u00e1s creo que \u00c9l es quien me encontr\u00f3, y no al rev\u00e9s \u00ab.<\/em>\u00a0<\/p><\/blockquote>\n<\/div>\n\n<div class=\"wp-block block-core-paragraph\">\n<p>Esta semana, celebremos la obra de Dios en la vida de Linny. Oremos tambi\u00e9n por los estudiantes de todo el mundo que tienen creencias sincr\u00e9ticas que combinan el cristianismo con otras religiones.&nbsp;&nbsp;<\/p>\n<\/div>\n\n<div class=\"wp-block block-core-list\">\n<ul><li>Oremos para que encuentren amigas como Karina, que con amor les hagan preguntas dif\u00edciles sobre sus creencias.&nbsp;<\/li><li>Oremos para que los estudiantes cristianos procuren con valent\u00eda entablar conversaciones profundas sobre la fe.&nbsp;&nbsp;<\/li><li>Oremos para que los estudiantes cristianos tambi\u00e9n crezcan en su conocimiento de las Escrituras para poder explicar con confianza sus razones para creer.&nbsp;<\/li><\/ul>\n<\/div>","protected":false},"featured_media":0,"template":"","area":[703,745],"theme":[],"class_list":["post-14367","prayerline","type-prayerline","status-publish","hentry","area-asia-del-este","area-indonesia-asia-del-este"],"acf":[],"yoast_head":"<!-- This site is optimized with the Yoast SEO plugin v22.6 - https:\/\/yoast.com\/wordpress\/plugins\/seo\/ -->\n<title>Por el balc\u00f3n &#183; IFES Prayerline<\/title>\n<meta name=\"description\" content=\"La vida espiritual de Linny fue complicada. Su familia era budista nominal, y algo practicante, pero su padre estaba fascinado con las ense\u00f1anzas morales\" \/>\n<meta name=\"robots\" content=\"noindex, follow, max-snippet:-1, max-image-preview:large, max-video-preview:-1\" \/>\n<meta property=\"og:locale\" content=\"es_ES\" \/>\n<meta property=\"og:type\" content=\"article\" \/>\n<meta property=\"og:title\" content=\"Por el balc\u00f3n &#183; IFES Prayerline\" \/>\n<meta property=\"og:description\" content=\"La vida espiritual de Linny fue complicada. Su familia era budista nominal, y algo practicante, pero su padre estaba fascinado con las ense\u00f1anzas morales\" \/>\n<meta property=\"og:url\" content=\"https:\/\/ifesworld.org\/es\/prayerline\/por-el-balcon\/\" \/>\n<meta property=\"og:site_name\" content=\"IFES\" \/>\n<meta property=\"article:modified_time\" content=\"2020-11-30T17:11:42+00:00\" \/>\n<meta property=\"og:image\" content=\"https:\/\/ifesworld.org\/wp-content\/uploads\/2020\/11\/jacob-munch-EvxEX0gfnMU-unsplash-scaled.jpg\" \/>\n\t<meta property=\"og:image:width\" content=\"2560\" \/>\n\t<meta property=\"og:image:height\" content=\"1920\" \/>\n\t<meta property=\"og:image:type\" content=\"image\/jpeg\" \/>\n<meta name=\"twitter:card\" content=\"summary_large_image\" \/>\n<meta name=\"twitter:label1\" content=\"Tiempo de lectura\" \/>\n\t<meta name=\"twitter:data1\" content=\"3 minutos\" \/>\n<script type=\"application\/ld+json\" class=\"yoast-schema-graph\">{\"@context\":\"https:\/\/schema.org\",\"@graph\":[{\"@type\":\"WebPage\",\"@id\":\"https:\/\/ifesworld.org\/es\/prayerline\/por-el-balcon\/\",\"url\":\"https:\/\/ifesworld.org\/es\/prayerline\/por-el-balcon\/\",\"name\":\"Por el balc\u00f3n &#183; IFES Prayerline\",\"isPartOf\":{\"@id\":\"https:\/\/fru.ifesworld.org\/en\/#website\"},\"datePublished\":\"2020-12-01T06:53:00+00:00\",\"dateModified\":\"2020-11-30T17:11:42+00:00\",\"description\":\"La vida espiritual de Linny fue complicada. Su familia era budista nominal, y algo practicante, pero su padre estaba fascinado con las ense\u00f1anzas morales\",\"breadcrumb\":{\"@id\":\"https:\/\/ifesworld.org\/es\/prayerline\/por-el-balcon\/#breadcrumb\"},\"inLanguage\":\"es\",\"potentialAction\":[{\"@type\":\"ReadAction\",\"target\":[\"https:\/\/ifesworld.org\/es\/prayerline\/por-el-balcon\/\"]}]},{\"@type\":\"BreadcrumbList\",\"@id\":\"https:\/\/ifesworld.org\/es\/prayerline\/por-el-balcon\/#breadcrumb\",\"itemListElement\":[{\"@type\":\"ListItem\",\"position\":1,\"name\":\"Home\",\"item\":\"https:\/\/ifesworld.org\/es\/\"},{\"@type\":\"ListItem\",\"position\":2,\"name\":\"Prayerline\",\"item\":\"https:\/\/ifesworld.org\/en\/prayerline\/\"},{\"@type\":\"ListItem\",\"position\":3,\"name\":\"Por el balc\u00f3n\"}]},{\"@type\":\"WebSite\",\"@id\":\"https:\/\/fru.ifesworld.org\/en\/#website\",\"url\":\"https:\/\/fru.ifesworld.org\/en\/\",\"name\":\"IFES\",\"description\":\"A movement of students sharing and living out the good news of Jesus Christ. Locally. Nationally. Globally.\",\"publisher\":{\"@id\":\"https:\/\/fru.ifesworld.org\/en\/#organization\"},\"potentialAction\":[{\"@type\":\"SearchAction\",\"target\":{\"@type\":\"EntryPoint\",\"urlTemplate\":\"https:\/\/fru.ifesworld.org\/en\/?s={search_term_string}\"},\"query-input\":\"required name=search_term_string\"}],\"inLanguage\":\"es\"},{\"@type\":\"Organization\",\"@id\":\"https:\/\/fru.ifesworld.org\/en\/#organization\",\"name\":\"IFES \u00b7 International Fellowship of Evangelical Students\",\"url\":\"https:\/\/fru.ifesworld.org\/en\/\",\"logo\":{\"@type\":\"ImageObject\",\"inLanguage\":\"es\",\"@id\":\"https:\/\/fru.ifesworld.org\/en\/#\/schema\/logo\/image\/\",\"url\":\"https:\/\/fru.ifesworld.org\/wp-content\/uploads\/2019\/06\/ifeslogo.png\",\"contentUrl\":\"https:\/\/fru.ifesworld.org\/wp-content\/uploads\/2019\/06\/ifeslogo.png\",\"width\":262,\"height\":262,\"caption\":\"IFES \u00b7 International Fellowship of Evangelical Students\"},\"image\":{\"@id\":\"https:\/\/fru.ifesworld.org\/en\/#\/schema\/logo\/image\/\"}}]}<\/script>\n<!-- \/ Yoast SEO plugin. -->","yoast_head_json":{"title":"Por el balc\u00f3n &#183; IFES Prayerline","description":"La vida espiritual de Linny fue complicada. Su familia era budista nominal, y algo practicante, pero su padre estaba fascinado con las ense\u00f1anzas morales","robots":{"index":"noindex","follow":"follow","max-snippet":"max-snippet:-1","max-image-preview":"max-image-preview:large","max-video-preview":"max-video-preview:-1"},"og_locale":"es_ES","og_type":"article","og_title":"Por el balc\u00f3n &#183; IFES Prayerline","og_description":"La vida espiritual de Linny fue complicada. Su familia era budista nominal, y algo practicante, pero su padre estaba fascinado con las ense\u00f1anzas morales","og_url":"https:\/\/ifesworld.org\/es\/prayerline\/por-el-balcon\/","og_site_name":"IFES","article_modified_time":"2020-11-30T17:11:42+00:00","og_image":[{"width":2560,"height":1920,"url":"https:\/\/ifesworld.org\/wp-content\/uploads\/2020\/11\/jacob-munch-EvxEX0gfnMU-unsplash-scaled.jpg","type":"image\/jpeg"}],"twitter_card":"summary_large_image","twitter_misc":{"Tiempo de lectura":"3 minutos"},"schema":{"@context":"https:\/\/schema.org","@graph":[{"@type":"WebPage","@id":"https:\/\/ifesworld.org\/es\/prayerline\/por-el-balcon\/","url":"https:\/\/ifesworld.org\/es\/prayerline\/por-el-balcon\/","name":"Por el balc\u00f3n &#183; IFES Prayerline","isPartOf":{"@id":"https:\/\/fru.ifesworld.org\/en\/#website"},"datePublished":"2020-12-01T06:53:00+00:00","dateModified":"2020-11-30T17:11:42+00:00","description":"La vida espiritual de Linny fue complicada. Su familia era budista nominal, y algo practicante, pero su padre estaba fascinado con las ense\u00f1anzas morales","breadcrumb":{"@id":"https:\/\/ifesworld.org\/es\/prayerline\/por-el-balcon\/#breadcrumb"},"inLanguage":"es","potentialAction":[{"@type":"ReadAction","target":["https:\/\/ifesworld.org\/es\/prayerline\/por-el-balcon\/"]}]},{"@type":"BreadcrumbList","@id":"https:\/\/ifesworld.org\/es\/prayerline\/por-el-balcon\/#breadcrumb","itemListElement":[{"@type":"ListItem","position":1,"name":"Home","item":"https:\/\/ifesworld.org\/es\/"},{"@type":"ListItem","position":2,"name":"Prayerline","item":"https:\/\/ifesworld.org\/en\/prayerline\/"},{"@type":"ListItem","position":3,"name":"Por el balc\u00f3n"}]},{"@type":"WebSite","@id":"https:\/\/fru.ifesworld.org\/en\/#website","url":"https:\/\/fru.ifesworld.org\/en\/","name":"IFES","description":"A movement of students sharing and living out the good news of Jesus Christ. Locally. Nationally. Globally.","publisher":{"@id":"https:\/\/fru.ifesworld.org\/en\/#organization"},"potentialAction":[{"@type":"SearchAction","target":{"@type":"EntryPoint","urlTemplate":"https:\/\/fru.ifesworld.org\/en\/?s={search_term_string}"},"query-input":"required name=search_term_string"}],"inLanguage":"es"},{"@type":"Organization","@id":"https:\/\/fru.ifesworld.org\/en\/#organization","name":"IFES \u00b7 International Fellowship of Evangelical Students","url":"https:\/\/fru.ifesworld.org\/en\/","logo":{"@type":"ImageObject","inLanguage":"es","@id":"https:\/\/fru.ifesworld.org\/en\/#\/schema\/logo\/image\/","url":"https:\/\/fru.ifesworld.org\/wp-content\/uploads\/2019\/06\/ifeslogo.png","contentUrl":"https:\/\/fru.ifesworld.org\/wp-content\/uploads\/2019\/06\/ifeslogo.png","width":262,"height":262,"caption":"IFES \u00b7 International Fellowship of Evangelical Students"},"image":{"@id":"https:\/\/fru.ifesworld.org\/en\/#\/schema\/logo\/image\/"}}]}},"_links":{"self":[{"href":"https:\/\/fru.ifesworld.org\/es\/wp-json\/wp\/v2\/prayerline\/14367"}],"collection":[{"href":"https:\/\/fru.ifesworld.org\/es\/wp-json\/wp\/v2\/prayerline"}],"about":[{"href":"https:\/\/fru.ifesworld.org\/es\/wp-json\/wp\/v2\/types\/prayerline"}],"wp:attachment":[{"href":"https:\/\/fru.ifesworld.org\/es\/wp-json\/wp\/v2\/media?parent=14367"}],"wp:term":[{"taxonomy":"area","embeddable":true,"href":"https:\/\/fru.ifesworld.org\/es\/wp-json\/wp\/v2\/area?post=14367"},{"taxonomy":"theme","embeddable":true,"href":"https:\/\/fru.ifesworld.org\/es\/wp-json\/wp\/v2\/theme?post=14367"}],"curies":[{"name":"wp","href":"https:\/\/api.w.org\/{rel}","templated":true}]}}

Por el balcón

<div class="wp-block block-core-paragraph">
<p>La vida espiritual de Linny fue complicada. Su familia era budista nominal, y algo practicante, pero su padre estaba fascinado con las enseñanzas morales del cristianismo. Aunque su familia nunca oraba ni había ido a la iglesia, él siempre enfatizaba los valores cristianos. Linny no podía identificarse completamente con el lado cristiano o budista de su educación, pero estaba satisfecha siendo una mezcla de ambos. Incluso había acuñado un término para definirse: «crisbudista».&nbsp;</p>
</div>

<div class="wp-block block-core-paragraph">
<p>Pero en la universidad, su identidad espiritual se resquebrajó. Se mudó al lado de una chica llamada Karina, que era una cristiana plenamente comprometida. Su balcón compartido dio lugar a horas de profundas charlas sobre espiritualidad. Karina desafió las creencias de Linny con preguntas difíciles. Aunque sus conversaciones ponían en jaque su visión del mundo, Linny dice que está agradecida de que su amiga insistiera. Linny recuerda el día en que Karina hizo una pregunta que «la encendió hasta los huesos».&nbsp;&nbsp;</p>
</div>

<div class="wp-block block-core-paragraph">
<p>Le preguntó: «¿Por qué estás&nbsp;bien?» Linny no sabía qué responder. Cuando Karina volvió a su habitación, Linny se quedó reflexionando.&nbsp;<em>¿Cuál es el significado de la vida? ¿Qué hago aquí? ¿Por qué estoy bien? ¿Por qué debería? ¿Qué sentido tiene?</em><em>&nbsp;</em>Linny lo explica con sus propias palabras:&nbsp;</p>
</div>

<div class="wp-block block-core-quote is-style-default">
<blockquote class="wp-block-quote is-style-default is-layout-flow wp-block-quote-is-layout-flow"><p><em>“Días después de eso, comencé a preguntarles a mis amigos del campus sobre el significado de vida según ellos. Algunas respuestas eran interesantes, pero también temporales e insatisfactorias. Otras, chocantes. Pero uno de ellos respondió que el significado para la vida era glorificar a Dios. Me dijo que Jesús había muerto en la cruz y nos había dado la vida eterna. Y que él estaba bien gracias al amor y la bondad de Jesús. ¡Me quedé asombrada! No tenía sentido alguno. Cuando regresé a casa, le hice la misma pregunta a Karina. Y respondió de forma similar. Tras ese día, mi curiosidad por Jesús y el cristianismo aumentó. Comencé a buscar».</em> </p></blockquote>
</div>

<div class="wp-block block-core-paragraph">
<p>Linny comenzó a leer la Biblia, se unió a su grupo local de Perkantas y asistió a los cultos dominicales. Con el tiempo, su búsqueda se convirtió en un profundo amor por Jesús.&nbsp;</p>
</div>

<div class="wp-block block-core-quote is-style-default">
<blockquote class="wp-block-quote is-style-default is-layout-flow wp-block-quote-is-layout-flow"><p><em>“Era como si estuviera profundizando más y más en Él misteriosamente. De alguna manera, encontré el significado de mi vida en Jesús. Cuanto más aprendo, más creo que Él es quien me encontró, y no al revés «.</em> </p></blockquote>
</div>

<div class="wp-block block-core-paragraph">
<p>Esta semana, celebremos la obra de Dios en la vida de Linny. Oremos también por los estudiantes de todo el mundo que tienen creencias sincréticas que combinan el cristianismo con otras religiones.&nbsp;&nbsp;</p>
</div>

<div class="wp-block block-core-list">
<ul><li>Oremos para que encuentren amigas como Karina, que con amor les hagan preguntas difíciles sobre sus creencias.&nbsp;</li><li>Oremos para que los estudiantes cristianos procuren con valentía entablar conversaciones profundas sobre la fe.&nbsp;&nbsp;</li><li>Oremos para que los estudiantes cristianos también crezcan en su conocimiento de las Escrituras para poder explicar con confianza sus razones para creer.&nbsp;</li></ul>
</div>

<!-- This site is optimized with the Yoast SEO plugin v22.6 - https://yoast.com/wordpress/plugins/seo/ -->
<title>Por el balcón &#183; IFES Prayerline</title>
<meta name="description" content="La vida espiritual de Linny fue complicada. Su familia era budista nominal, y algo practicante, pero su padre estaba fascinado con las enseñanzas morales" />
<meta name="robots" content="noindex, follow, max-snippet:-1, max-image-preview:large, max-video-preview:-1" />
<meta property="og:locale" content="es_ES" />
<meta property="og:type" content="article" />
<meta property="og:title" content="Por el balcón &#183; IFES Prayerline" />
<meta property="og:description" content="La vida espiritual de Linny fue complicada. Su familia era budista nominal, y algo practicante, pero su padre estaba fascinado con las enseñanzas morales" />
<meta property="og:url" content="https://ifesworld.org/es/prayerline/por-el-balcon/" />
<meta property="og:site_name" content="IFES" />
<meta property="article:modified_time" content="2020-11-30T17:11:42+00:00" />
<meta property="og:image" content="https://ifesworld.org/wp-content/uploads/2020/11/jacob-munch-EvxEX0gfnMU-unsplash-scaled.jpg" />
	<meta property="og:image:width" content="2560" />
	<meta property="og:image:height" content="1920" />
	<meta property="og:image:type" content="image/jpeg" />
<meta name="twitter:card" content="summary_large_image" />
<meta name="twitter:label1" content="Tiempo de lectura" />
	<meta name="twitter:data1" content="3 minutos" />
<script type="application/ld+json" class="yoast-schema-graph">{"@context":"https://schema.org","@graph":[{"@type":"WebPage","@id":"https://ifesworld.org/es/prayerline/por-el-balcon/","url":"https://ifesworld.org/es/prayerline/por-el-balcon/","name":"Por el balcón &#183; IFES Prayerline","isPartOf":{"@id":"https://fru.ifesworld.org/en/#website"},"datePublished":"2020-12-01T06:53:00+00:00","dateModified":"2020-11-30T17:11:42+00:00","description":"La vida espiritual de Linny fue complicada. Su familia era budista nominal, y algo practicante, pero su padre estaba fascinado con las enseñanzas morales","breadcrumb":{"@id":"https://ifesworld.org/es/prayerline/por-el-balcon/#breadcrumb"},"inLanguage":"es","potentialAction":[{"@type":"ReadAction","target":["https://ifesworld.org/es/prayerline/por-el-balcon/"]}]},{"@type":"BreadcrumbList","@id":"https://ifesworld.org/es/prayerline/por-el-balcon/#breadcrumb","itemListElement":[{"@type":"ListItem","position":1,"name":"Home","item":"https://ifesworld.org/es/"},{"@type":"ListItem","position":2,"name":"Prayerline","item":"https://ifesworld.org/en/prayerline/"},{"@type":"ListItem","position":3,"name":"Por el balcón"}]},{"@type":"WebSite","@id":"https://fru.ifesworld.org/en/#website","url":"https://fru.ifesworld.org/en/","name":"IFES","description":"A movement of students sharing and living out the good news of Jesus Christ. Locally. Nationally. Globally.","publisher":{"@id":"https://fru.ifesworld.org/en/#organization"},"potentialAction":[{"@type":"SearchAction","target":{"@type":"EntryPoint","urlTemplate":"https://fru.ifesworld.org/en/?s={search_term_string}"},"query-input":"required name=search_term_string"}],"inLanguage":"es"},{"@type":"Organization","@id":"https://fru.ifesworld.org/en/#organization","name":"IFES · International Fellowship of Evangelical Students","url":"https://fru.ifesworld.org/en/","logo":{"@type":"ImageObject","inLanguage":"es","@id":"https://fru.ifesworld.org/en/#/schema/logo/image/","url":"https://fru.ifesworld.org/wp-content/uploads/2019/06/ifeslogo.png","contentUrl":"https://fru.ifesworld.org/wp-content/uploads/2019/06/ifeslogo.png","width":262,"height":262,"caption":"IFES · International Fellowship of Evangelical Students"},"image":{"@id":"https://fru.ifesworld.org/en/#/schema/logo/image/"}}]}</script>
<!-- / Yoast SEO plugin. -->

Por el balcón &#183; IFES Prayerline

La vida espiritual de Linny fue complicada. Su familia era budista nominal, y algo practicante, pero su padre estaba fascinado con las enseñanzas morales
