{"id":13508,"date":"2020-10-06T05:30:00","date_gmt":"2020-10-06T04:30:00","guid":{"rendered":"https:\/\/fru.ifesworld.org\/?post_type=prayerline&#038;p=13508"},"modified":"2020-10-05T16:20:12","modified_gmt":"2020-10-05T15:20:12","slug":"educacion-transformadora","status":"publish","type":"prayerline","link":"https:\/\/fru.ifesworld.org\/es\/prayerline\/educacion-transformadora\/","title":{"rendered":"Educaci\u00f3n transformadora"},"content":{"rendered":"<div class=\"wp-block block-core-paragraph\">\n<p>Charles Habib Malik, un acad\u00e9mico liban\u00e9s diplomado y fil\u00f3sofo, dijo: \u00abCambia la universidad y cambiar\u00e1s el mundo\u00bb. Para Moustapha Ouedraogo, esta frase ha sido una caracter\u00edstica crucial de su vida.&nbsp;&nbsp;&nbsp;<\/p>\n<\/div>\n\n<div class=\"wp-block block-core-paragraph\">\n<p>Moustapha creci\u00f3 en una gran familia pol\u00edgama de un pueblo de Burkina Faso. Su padre se resist\u00eda a enviar a sus hijos al colegio. Pero el director del colegio de primaria local lo convenci\u00f3 para accediera. Moustapha lo considera un milagro. La educaci\u00f3n cambi\u00f3 su vida.&nbsp;&nbsp;<\/p>\n<\/div>\n\n<div class=\"wp-block block-core-paragraph\">\n<p>Termin\u00f3 la escuela primaria y secundaria, y luego obtuvo una licenciatura en teolog\u00eda, una maestr\u00eda en sociolog\u00eda y una maestr\u00eda en gesti\u00f3n de proyectos.\u00a0Quer\u00eda compartir\u00a0sus conocimientos\u00a0con los estudiantes, as\u00ed que se hizo miembro del equipo de UGBB a tiempo completo. En sus funciones, contribuye al desarrollo estrat\u00e9gico, coordina un proyecto Abriendo nuevos caminos,\u00a0y ayuda al Secretario Regional de \u00c1frica franc\u00f3fona, el Dr.\u00a0Klaingar\u00a0Ngarial, en la facilitaci\u00f3n de cursos en el Centro Africano de Cristianismo Contempor\u00e1neo.\u00a0<\/p>\n<\/div>\n\n<div class=\"wp-block block-core-paragraph\">\n<p>Pero los d\u00edas de Moustapha en el mundo acad\u00e9mico no han terminado. Actualmente es uno&nbsp;de los becarios de IFES que ha obtenido financiaci\u00f3n parcial para sus estudios. La becas proceden de donativos generosos de dos fundaciones diferentes que crean subvenciones para aquellos que quieren dedicarse al ministerio cristiano, el liderazgo y la teolog\u00eda, especialmente en el mundo en v\u00edas de desarrollo. Los candidatos son recomendados por sus secretarios regionales y deben demostrar que su curso los ayudar\u00e1 en el ministerio futuro. La beca de Moustapha financia su doctorado en liderazgo transformador.&nbsp;<\/p>\n<\/div>\n\n<div class=\"wp-block block-core-quote is-style-default\">\n<blockquote class=\"wp-block-quote is-style-default is-layout-flow wp-block-quote-is-layout-flow\"><p>\u00abMi intenci\u00f3n con estos estudios en liderazgo transformador es transformarme a m\u00ed mismo y desarrollar las capacidades necesarias para aportar mi modesta contribuci\u00f3n al desarrollo ministerial entre los estudiantes, ya que lo considero muy estrat\u00e9gico para el desarrollo de la iglesia\u00bb.&nbsp;<\/p><\/blockquote>\n<\/div>\n\n<div class=\"wp-block block-core-paragraph\">\n<p>Esta semana, ora por Moustapha y sus estudios de liderazgo. Ora tambi\u00e9n por los otros veinte becarios de IFES de todo el mundo que prosiguen sus estudios en temas como liderazgo global, teolog\u00eda y estudios neotestamentarios.&nbsp;<\/p>\n<\/div>\n\n<div class=\"wp-block block-core-list\">\n<ul><li>Ora para que los efectos de la pandemia no interrumpan su estudios.&nbsp;&nbsp;<\/li><li>Ora para que usen su conocimiento eficazmente en el ministerio presente y futuro.&nbsp;<\/li><\/ul>\n<\/div>\n\n<div class=\"wp-block block-core-list\">\n<ul><li>Ore para que su influencia pueda levantar m\u00e1s l\u00edderes para ampliar el alcance del evangelio en su contexto.&nbsp;<\/li><\/ul>\n<\/div>","protected":false},"featured_media":0,"template":"","area":[707,843],"theme":[],"class_list":["post-13508","prayerline","type-prayerline","status-publish","hentry","area-africa-francofona","area-burkina-faso-africa-francofona"],"acf":[],"yoast_head":"<!-- This site is optimized with the Yoast SEO plugin v22.6 - https:\/\/yoast.com\/wordpress\/plugins\/seo\/ -->\n<title>Educaci\u00f3n transformadora &#183; IFES Prayerline<\/title>\n<meta name=\"description\" content=\"Charles Habib Malik, un acad\u00e9mico liban\u00e9s diplomado y fil\u00f3sofo, dijo: &quot;Cambia la universidad y cambiar\u00e1s el mundo&quot;. Para Moustapha Ouedraogo, esta frase\" \/>\n<meta name=\"robots\" content=\"noindex, follow, max-snippet:-1, max-image-preview:large, max-video-preview:-1\" \/>\n<meta property=\"og:locale\" content=\"es_ES\" \/>\n<meta property=\"og:type\" content=\"article\" \/>\n<meta property=\"og:title\" content=\"Educaci\u00f3n transformadora &#183; IFES Prayerline\" \/>\n<meta property=\"og:description\" content=\"Charles Habib Malik, un acad\u00e9mico liban\u00e9s diplomado y fil\u00f3sofo, dijo: &quot;Cambia la universidad y cambiar\u00e1s el mundo&quot;. Para Moustapha Ouedraogo, esta frase\" \/>\n<meta property=\"og:url\" content=\"https:\/\/ifesworld.org\/es\/prayerline\/educacion-transformadora\/\" \/>\n<meta property=\"og:site_name\" content=\"IFES\" \/>\n<meta property=\"article:modified_time\" content=\"2020-10-05T15:20:12+00:00\" \/>\n<meta property=\"og:image\" content=\"https:\/\/ifesworld.org\/wp-content\/uploads\/2020\/10\/moustapha.jpg\" \/>\n\t<meta property=\"og:image:width\" content=\"1386\" \/>\n\t<meta property=\"og:image:height\" content=\"780\" \/>\n\t<meta property=\"og:image:type\" content=\"image\/jpeg\" \/>\n<meta name=\"twitter:card\" content=\"summary_large_image\" \/>\n<meta name=\"twitter:label1\" content=\"Tiempo de lectura\" \/>\n\t<meta name=\"twitter:data1\" content=\"2 minutos\" \/>\n<script type=\"application\/ld+json\" class=\"yoast-schema-graph\">{\"@context\":\"https:\/\/schema.org\",\"@graph\":[{\"@type\":\"WebPage\",\"@id\":\"https:\/\/ifesworld.org\/es\/prayerline\/educacion-transformadora\/\",\"url\":\"https:\/\/ifesworld.org\/es\/prayerline\/educacion-transformadora\/\",\"name\":\"Educaci\u00f3n transformadora &#183; IFES Prayerline\",\"isPartOf\":{\"@id\":\"https:\/\/fru.ifesworld.org\/en\/#website\"},\"datePublished\":\"2020-10-06T04:30:00+00:00\",\"dateModified\":\"2020-10-05T15:20:12+00:00\",\"description\":\"Charles Habib Malik, un acad\u00e9mico liban\u00e9s diplomado y fil\u00f3sofo, dijo: \\\"Cambia la universidad y cambiar\u00e1s el mundo\\\". Para Moustapha Ouedraogo, esta frase\",\"breadcrumb\":{\"@id\":\"https:\/\/ifesworld.org\/es\/prayerline\/educacion-transformadora\/#breadcrumb\"},\"inLanguage\":\"es\",\"potentialAction\":[{\"@type\":\"ReadAction\",\"target\":[\"https:\/\/ifesworld.org\/es\/prayerline\/educacion-transformadora\/\"]}]},{\"@type\":\"BreadcrumbList\",\"@id\":\"https:\/\/ifesworld.org\/es\/prayerline\/educacion-transformadora\/#breadcrumb\",\"itemListElement\":[{\"@type\":\"ListItem\",\"position\":1,\"name\":\"Home\",\"item\":\"https:\/\/ifesworld.org\/es\/\"},{\"@type\":\"ListItem\",\"position\":2,\"name\":\"Prayerline\",\"item\":\"https:\/\/ifesworld.org\/en\/prayerline\/\"},{\"@type\":\"ListItem\",\"position\":3,\"name\":\"Educaci\u00f3n transformadora\"}]},{\"@type\":\"WebSite\",\"@id\":\"https:\/\/fru.ifesworld.org\/en\/#website\",\"url\":\"https:\/\/fru.ifesworld.org\/en\/\",\"name\":\"IFES\",\"description\":\"A movement of students sharing and living out the good news of Jesus Christ. Locally. Nationally. Globally.\",\"publisher\":{\"@id\":\"https:\/\/fru.ifesworld.org\/en\/#organization\"},\"potentialAction\":[{\"@type\":\"SearchAction\",\"target\":{\"@type\":\"EntryPoint\",\"urlTemplate\":\"https:\/\/fru.ifesworld.org\/en\/?s={search_term_string}\"},\"query-input\":\"required name=search_term_string\"}],\"inLanguage\":\"es\"},{\"@type\":\"Organization\",\"@id\":\"https:\/\/fru.ifesworld.org\/en\/#organization\",\"name\":\"IFES \u00b7 International Fellowship of Evangelical Students\",\"url\":\"https:\/\/fru.ifesworld.org\/en\/\",\"logo\":{\"@type\":\"ImageObject\",\"inLanguage\":\"es\",\"@id\":\"https:\/\/fru.ifesworld.org\/en\/#\/schema\/logo\/image\/\",\"url\":\"https:\/\/fru.ifesworld.org\/wp-content\/uploads\/2019\/06\/ifeslogo.png\",\"contentUrl\":\"https:\/\/fru.ifesworld.org\/wp-content\/uploads\/2019\/06\/ifeslogo.png\",\"width\":262,\"height\":262,\"caption\":\"IFES \u00b7 International Fellowship of Evangelical Students\"},\"image\":{\"@id\":\"https:\/\/fru.ifesworld.org\/en\/#\/schema\/logo\/image\/\"}}]}<\/script>\n<!-- \/ Yoast SEO plugin. -->","yoast_head_json":{"title":"Educaci\u00f3n transformadora &#183; IFES Prayerline","description":"Charles Habib Malik, un acad\u00e9mico liban\u00e9s diplomado y fil\u00f3sofo, dijo: \"Cambia la universidad y cambiar\u00e1s el mundo\". Para Moustapha Ouedraogo, esta frase","robots":{"index":"noindex","follow":"follow","max-snippet":"max-snippet:-1","max-image-preview":"max-image-preview:large","max-video-preview":"max-video-preview:-1"},"og_locale":"es_ES","og_type":"article","og_title":"Educaci\u00f3n transformadora &#183; IFES Prayerline","og_description":"Charles Habib Malik, un acad\u00e9mico liban\u00e9s diplomado y fil\u00f3sofo, dijo: \"Cambia la universidad y cambiar\u00e1s el mundo\". Para Moustapha Ouedraogo, esta frase","og_url":"https:\/\/ifesworld.org\/es\/prayerline\/educacion-transformadora\/","og_site_name":"IFES","article_modified_time":"2020-10-05T15:20:12+00:00","og_image":[{"width":1386,"height":780,"url":"https:\/\/ifesworld.org\/wp-content\/uploads\/2020\/10\/moustapha.jpg","type":"image\/jpeg"}],"twitter_card":"summary_large_image","twitter_misc":{"Tiempo de lectura":"2 minutos"},"schema":{"@context":"https:\/\/schema.org","@graph":[{"@type":"WebPage","@id":"https:\/\/ifesworld.org\/es\/prayerline\/educacion-transformadora\/","url":"https:\/\/ifesworld.org\/es\/prayerline\/educacion-transformadora\/","name":"Educaci\u00f3n transformadora &#183; IFES Prayerline","isPartOf":{"@id":"https:\/\/fru.ifesworld.org\/en\/#website"},"datePublished":"2020-10-06T04:30:00+00:00","dateModified":"2020-10-05T15:20:12+00:00","description":"Charles Habib Malik, un acad\u00e9mico liban\u00e9s diplomado y fil\u00f3sofo, dijo: \"Cambia la universidad y cambiar\u00e1s el mundo\". Para Moustapha Ouedraogo, esta frase","breadcrumb":{"@id":"https:\/\/ifesworld.org\/es\/prayerline\/educacion-transformadora\/#breadcrumb"},"inLanguage":"es","potentialAction":[{"@type":"ReadAction","target":["https:\/\/ifesworld.org\/es\/prayerline\/educacion-transformadora\/"]}]},{"@type":"BreadcrumbList","@id":"https:\/\/ifesworld.org\/es\/prayerline\/educacion-transformadora\/#breadcrumb","itemListElement":[{"@type":"ListItem","position":1,"name":"Home","item":"https:\/\/ifesworld.org\/es\/"},{"@type":"ListItem","position":2,"name":"Prayerline","item":"https:\/\/ifesworld.org\/en\/prayerline\/"},{"@type":"ListItem","position":3,"name":"Educaci\u00f3n transformadora"}]},{"@type":"WebSite","@id":"https:\/\/fru.ifesworld.org\/en\/#website","url":"https:\/\/fru.ifesworld.org\/en\/","name":"IFES","description":"A movement of students sharing and living out the good news of Jesus Christ. Locally. Nationally. Globally.","publisher":{"@id":"https:\/\/fru.ifesworld.org\/en\/#organization"},"potentialAction":[{"@type":"SearchAction","target":{"@type":"EntryPoint","urlTemplate":"https:\/\/fru.ifesworld.org\/en\/?s={search_term_string}"},"query-input":"required name=search_term_string"}],"inLanguage":"es"},{"@type":"Organization","@id":"https:\/\/fru.ifesworld.org\/en\/#organization","name":"IFES \u00b7 International Fellowship of Evangelical Students","url":"https:\/\/fru.ifesworld.org\/en\/","logo":{"@type":"ImageObject","inLanguage":"es","@id":"https:\/\/fru.ifesworld.org\/en\/#\/schema\/logo\/image\/","url":"https:\/\/fru.ifesworld.org\/wp-content\/uploads\/2019\/06\/ifeslogo.png","contentUrl":"https:\/\/fru.ifesworld.org\/wp-content\/uploads\/2019\/06\/ifeslogo.png","width":262,"height":262,"caption":"IFES \u00b7 International Fellowship of Evangelical Students"},"image":{"@id":"https:\/\/fru.ifesworld.org\/en\/#\/schema\/logo\/image\/"}}]}},"_links":{"self":[{"href":"https:\/\/fru.ifesworld.org\/es\/wp-json\/wp\/v2\/prayerline\/13508"}],"collection":[{"href":"https:\/\/fru.ifesworld.org\/es\/wp-json\/wp\/v2\/prayerline"}],"about":[{"href":"https:\/\/fru.ifesworld.org\/es\/wp-json\/wp\/v2\/types\/prayerline"}],"wp:attachment":[{"href":"https:\/\/fru.ifesworld.org\/es\/wp-json\/wp\/v2\/media?parent=13508"}],"wp:term":[{"taxonomy":"area","embeddable":true,"href":"https:\/\/fru.ifesworld.org\/es\/wp-json\/wp\/v2\/area?post=13508"},{"taxonomy":"theme","embeddable":true,"href":"https:\/\/fru.ifesworld.org\/es\/wp-json\/wp\/v2\/theme?post=13508"}],"curies":[{"name":"wp","href":"https:\/\/api.w.org\/{rel}","templated":true}]}}

Educación transformadora

<div class="wp-block block-core-paragraph">
<p>Charles Habib Malik, un académico libanés diplomado y filósofo, dijo: «Cambia la universidad y cambiarás el mundo». Para Moustapha Ouedraogo, esta frase ha sido una característica crucial de su vida.&nbsp;&nbsp;&nbsp;</p>
</div>

<div class="wp-block block-core-paragraph">
<p>Moustapha creció en una gran familia polígama de un pueblo de Burkina Faso. Su padre se resistía a enviar a sus hijos al colegio. Pero el director del colegio de primaria local lo convenció para accediera. Moustapha lo considera un milagro. La educación cambió su vida.&nbsp;&nbsp;</p>
</div>

<div class="wp-block block-core-paragraph">
<p>Terminó la escuela primaria y secundaria, y luego obtuvo una licenciatura en teología, una maestría en sociología y una maestría en gestión de proyectos. Quería compartir sus conocimientos con los estudiantes, así que se hizo miembro del equipo de UGBB a tiempo completo. En sus funciones, contribuye al desarrollo estratégico, coordina un proyecto Abriendo nuevos caminos, y ayuda al Secretario Regional de África francófona, el Dr. Klaingar Ngarial, en la facilitación de cursos en el Centro Africano de Cristianismo Contemporáneo. </p>
</div>

<div class="wp-block block-core-paragraph">
<p>Pero los días de Moustapha en el mundo académico no han terminado. Actualmente es uno&nbsp;de los becarios de IFES que ha obtenido financiación parcial para sus estudios. La becas proceden de donativos generosos de dos fundaciones diferentes que crean subvenciones para aquellos que quieren dedicarse al ministerio cristiano, el liderazgo y la teología, especialmente en el mundo en vías de desarrollo. Los candidatos son recomendados por sus secretarios regionales y deben demostrar que su curso los ayudará en el ministerio futuro. La beca de Moustapha financia su doctorado en liderazgo transformador.&nbsp;</p>
</div>

<div class="wp-block block-core-quote is-style-default">
<blockquote class="wp-block-quote is-style-default is-layout-flow wp-block-quote-is-layout-flow"><p>«Mi intención con estos estudios en liderazgo transformador es transformarme a mí mismo y desarrollar las capacidades necesarias para aportar mi modesta contribución al desarrollo ministerial entre los estudiantes, ya que lo considero muy estratégico para el desarrollo de la iglesia».&nbsp;</p></blockquote>
</div>

<div class="wp-block block-core-paragraph">
<p>Esta semana, ora por Moustapha y sus estudios de liderazgo. Ora también por los otros veinte becarios de IFES de todo el mundo que prosiguen sus estudios en temas como liderazgo global, teología y estudios neotestamentarios.&nbsp;</p>
</div>

<div class="wp-block block-core-list">
<ul><li>Ora para que los efectos de la pandemia no interrumpan su estudios.&nbsp;&nbsp;</li><li>Ora para que usen su conocimiento eficazmente en el ministerio presente y futuro.&nbsp;</li></ul>
</div>

<div class="wp-block block-core-list">
<ul><li>Ore para que su influencia pueda levantar más líderes para ampliar el alcance del evangelio en su contexto.&nbsp;</li></ul>
</div>

<!-- This site is optimized with the Yoast SEO plugin v22.6 - https://yoast.com/wordpress/plugins/seo/ -->
<title>Educación transformadora &#183; IFES Prayerline</title>
<meta name="description" content="Charles Habib Malik, un académico libanés diplomado y filósofo, dijo: &quot;Cambia la universidad y cambiarás el mundo&quot;. Para Moustapha Ouedraogo, esta frase" />
<meta name="robots" content="noindex, follow, max-snippet:-1, max-image-preview:large, max-video-preview:-1" />
<meta property="og:locale" content="es_ES" />
<meta property="og:type" content="article" />
<meta property="og:title" content="Educación transformadora &#183; IFES Prayerline" />
<meta property="og:description" content="Charles Habib Malik, un académico libanés diplomado y filósofo, dijo: &quot;Cambia la universidad y cambiarás el mundo&quot;. Para Moustapha Ouedraogo, esta frase" />
<meta property="og:url" content="https://ifesworld.org/es/prayerline/educacion-transformadora/" />
<meta property="og:site_name" content="IFES" />
<meta property="article:modified_time" content="2020-10-05T15:20:12+00:00" />
<meta property="og:image" content="https://ifesworld.org/wp-content/uploads/2020/10/moustapha.jpg" />
	<meta property="og:image:width" content="1386" />
	<meta property="og:image:height" content="780" />
	<meta property="og:image:type" content="image/jpeg" />
<meta name="twitter:card" content="summary_large_image" />
<meta name="twitter:label1" content="Tiempo de lectura" />
	<meta name="twitter:data1" content="2 minutos" />
<script type="application/ld+json" class="yoast-schema-graph">{"@context":"https://schema.org","@graph":[{"@type":"WebPage","@id":"https://ifesworld.org/es/prayerline/educacion-transformadora/","url":"https://ifesworld.org/es/prayerline/educacion-transformadora/","name":"Educación transformadora &#183; IFES Prayerline","isPartOf":{"@id":"https://fru.ifesworld.org/en/#website"},"datePublished":"2020-10-06T04:30:00+00:00","dateModified":"2020-10-05T15:20:12+00:00","description":"Charles Habib Malik, un académico libanés diplomado y filósofo, dijo: \"Cambia la universidad y cambiarás el mundo\". Para Moustapha Ouedraogo, esta frase","breadcrumb":{"@id":"https://ifesworld.org/es/prayerline/educacion-transformadora/#breadcrumb"},"inLanguage":"es","potentialAction":[{"@type":"ReadAction","target":["https://ifesworld.org/es/prayerline/educacion-transformadora/"]}]},{"@type":"BreadcrumbList","@id":"https://ifesworld.org/es/prayerline/educacion-transformadora/#breadcrumb","itemListElement":[{"@type":"ListItem","position":1,"name":"Home","item":"https://ifesworld.org/es/"},{"@type":"ListItem","position":2,"name":"Prayerline","item":"https://ifesworld.org/en/prayerline/"},{"@type":"ListItem","position":3,"name":"Educación transformadora"}]},{"@type":"WebSite","@id":"https://fru.ifesworld.org/en/#website","url":"https://fru.ifesworld.org/en/","name":"IFES","description":"A movement of students sharing and living out the good news of Jesus Christ. Locally. Nationally. Globally.","publisher":{"@id":"https://fru.ifesworld.org/en/#organization"},"potentialAction":[{"@type":"SearchAction","target":{"@type":"EntryPoint","urlTemplate":"https://fru.ifesworld.org/en/?s={search_term_string}"},"query-input":"required name=search_term_string"}],"inLanguage":"es"},{"@type":"Organization","@id":"https://fru.ifesworld.org/en/#organization","name":"IFES · International Fellowship of Evangelical Students","url":"https://fru.ifesworld.org/en/","logo":{"@type":"ImageObject","inLanguage":"es","@id":"https://fru.ifesworld.org/en/#/schema/logo/image/","url":"https://fru.ifesworld.org/wp-content/uploads/2019/06/ifeslogo.png","contentUrl":"https://fru.ifesworld.org/wp-content/uploads/2019/06/ifeslogo.png","width":262,"height":262,"caption":"IFES · International Fellowship of Evangelical Students"},"image":{"@id":"https://fru.ifesworld.org/en/#/schema/logo/image/"}}]}</script>
<!-- / Yoast SEO plugin. -->

Educación transformadora &#183; IFES Prayerline

Charles Habib Malik, un académico libanés diplomado y filósofo, dijo: "Cambia la universidad y cambiarás el mundo". Para Moustapha Ouedraogo, esta frase
