{"id":12438,"date":"2020-06-16T05:30:00","date_gmt":"2020-06-16T04:30:00","guid":{"rendered":"https:\/\/fru.ifesworld.org\/?post_type=prayerline&#038;p=12438"},"modified":"2020-06-15T14:45:43","modified_gmt":"2020-06-15T13:45:43","slug":"en-busqueda-de-una-morada-eterna","status":"publish","type":"prayerline","link":"https:\/\/fru.ifesworld.org\/es\/prayerline\/en-busqueda-de-una-morada-eterna\/","title":{"rendered":"En b\u00fasqueda de una morada eterna"},"content":{"rendered":"<div class=\"wp-block block-core-paragraph\">\n<p>No tener casa es agotador. Fatima lo sab\u00eda muy bien. Hab\u00eda huido de su hogar muchas veces cuando la rabia de su padre desencadenaba en violencia y solo dormir bajo el mismo techo supon\u00eda un riesgo. Pero todo cambi\u00f3 cuando march\u00f3 para ir a la universidad. Al involucrarse en el movimiento de IFES en Siria (SIM), la vida de Fatima fue transformada por un hombre llamado Jes\u00fas.<\/p>\n<\/div>\n\n<div class=\"wp-block block-core-paragraph\">\n<p>Cuando intent\u00f3 explicarle a su familia su nueva fe, la violencia de su padre empeor\u00f3 y se vio obligada a huir otra vez. Pero esta vez supo que era para siempre. Afortunadamente, Fatima encontr\u00f3 un hogar entre sus amigos de SIM que la ayudaron a encontrar alojamiento e incluso le pagaron el alquiler durante tres meses. Ahora participa en los eventos de SIM de forma activa para compartir su fe y servir a otros con gozo.<\/p>\n<\/div>\n\n<div class=\"wp-block block-core-paragraph\">\n<p>Para muchos estudiantes de Siria, el hogar no es un lugar seguro. Ya sea debido a la persecuci\u00f3n religiosa o las guerras, los estudiantes del pa\u00eds se ven obligados a huir por seguridad. Al acoger a estudiantes como Fatima, SIM Siria juega un papel redentor en esta crisis al mostrarles el camino a su morada eterna. Pero el movimiento afronta muchos obst\u00e1culos. Debido a la guerra y la crisis de refugiados, SIM carece de l\u00edderes ministeriales cualificados y apoyos econ\u00f3micos locales. Como la mayor\u00eda ministerios del mundo, tambi\u00e9n lidian ahora con la frustraci\u00f3n de adaptar la obra a la pandemia.<\/p>\n<\/div>\n\n<div class=\"wp-block block-core-paragraph\">\n<p>Oremos por SIM Siria esta semana y por los estudiantes que, como Fatima, buscan su hogar eterno.<\/p>\n<\/div>\n\n<div class=\"wp-block block-core-list\">\n<ul><li>Adoremos a Dios por su obra en la vida de Fatima. Oremos por los corazones de los familiares de Fatima, para que se abran a la verdad de Jes\u00fas. Oremos por ella y para que su vida alcance a otros estudiantes.<\/li><li>Pid\u00e1mosle a Dios que levante l\u00edderes cualificados y financiaci\u00f3n local para SIM Siria. Oremos por ellos y su adaptaci\u00f3n para seguir llevando a cabo el ministerio en medio de la pandemia.<\/li><li>Oremos por los estudiantes sirios como Fatima, que tienen que huir de casa. Oremos para que conozcan a cristianos que los lleven a conocer a Jes\u00fas.<\/li><\/ul>\n<\/div>","protected":false},"featured_media":0,"template":"","area":[709,903],"theme":[],"class_list":["post-12438","prayerline","type-prayerline","status-publish","hentry","area-medio-oriente-y-africa-del-norte","area-siria"],"acf":[],"yoast_head":"<!-- This site is optimized with the Yoast SEO plugin v22.6 - https:\/\/yoast.com\/wordpress\/plugins\/seo\/ -->\n<title>En b\u00fasqueda de una morada eterna &#183; IFES Prayerline<\/title>\n<meta name=\"description\" content=\"No tener casa es agotador. Fatima lo sab\u00eda muy bien. Hab\u00eda huido de su hogar muchas veces cuando la rabia de su padre desencadenaba en violencia y solo\" \/>\n<meta name=\"robots\" content=\"noindex, follow, max-snippet:-1, max-image-preview:large, max-video-preview:-1\" \/>\n<meta property=\"og:locale\" content=\"es_ES\" \/>\n<meta property=\"og:type\" content=\"article\" \/>\n<meta property=\"og:title\" content=\"En b\u00fasqueda de una morada eterna &#183; IFES Prayerline\" \/>\n<meta property=\"og:description\" content=\"No tener casa es agotador. Fatima lo sab\u00eda muy bien. Hab\u00eda huido de su hogar muchas veces cuando la rabia de su padre desencadenaba en violencia y solo\" \/>\n<meta property=\"og:url\" content=\"https:\/\/ifesworld.org\/es\/prayerline\/en-busqueda-de-una-morada-eterna\/\" \/>\n<meta property=\"og:site_name\" content=\"IFES\" \/>\n<meta property=\"article:modified_time\" content=\"2020-06-15T13:45:43+00:00\" \/>\n<meta property=\"og:image\" content=\"https:\/\/ifesworld.org\/wp-content\/uploads\/2020\/06\/mhrezaa-pp6HQAeT7rQ-unsplash-scaled.jpg\" \/>\n\t<meta property=\"og:image:width\" content=\"2560\" \/>\n\t<meta property=\"og:image:height\" content=\"1707\" \/>\n\t<meta property=\"og:image:type\" content=\"image\/jpeg\" \/>\n<meta name=\"twitter:card\" content=\"summary_large_image\" \/>\n<meta name=\"twitter:label1\" content=\"Tiempo de lectura\" \/>\n\t<meta name=\"twitter:data1\" content=\"2 minutos\" \/>\n<script type=\"application\/ld+json\" class=\"yoast-schema-graph\">{\"@context\":\"https:\/\/schema.org\",\"@graph\":[{\"@type\":\"WebPage\",\"@id\":\"https:\/\/ifesworld.org\/es\/prayerline\/en-busqueda-de-una-morada-eterna\/\",\"url\":\"https:\/\/ifesworld.org\/es\/prayerline\/en-busqueda-de-una-morada-eterna\/\",\"name\":\"En b\u00fasqueda de una morada eterna &#183; IFES Prayerline\",\"isPartOf\":{\"@id\":\"https:\/\/fru.ifesworld.org\/en\/#website\"},\"datePublished\":\"2020-06-16T04:30:00+00:00\",\"dateModified\":\"2020-06-15T13:45:43+00:00\",\"description\":\"No tener casa es agotador. Fatima lo sab\u00eda muy bien. Hab\u00eda huido de su hogar muchas veces cuando la rabia de su padre desencadenaba en violencia y solo\",\"breadcrumb\":{\"@id\":\"https:\/\/ifesworld.org\/es\/prayerline\/en-busqueda-de-una-morada-eterna\/#breadcrumb\"},\"inLanguage\":\"es\",\"potentialAction\":[{\"@type\":\"ReadAction\",\"target\":[\"https:\/\/ifesworld.org\/es\/prayerline\/en-busqueda-de-una-morada-eterna\/\"]}]},{\"@type\":\"BreadcrumbList\",\"@id\":\"https:\/\/ifesworld.org\/es\/prayerline\/en-busqueda-de-una-morada-eterna\/#breadcrumb\",\"itemListElement\":[{\"@type\":\"ListItem\",\"position\":1,\"name\":\"Home\",\"item\":\"https:\/\/ifesworld.org\/es\/\"},{\"@type\":\"ListItem\",\"position\":2,\"name\":\"Prayerline\",\"item\":\"https:\/\/ifesworld.org\/en\/prayerline\/\"},{\"@type\":\"ListItem\",\"position\":3,\"name\":\"En b\u00fasqueda de una morada eterna\"}]},{\"@type\":\"WebSite\",\"@id\":\"https:\/\/fru.ifesworld.org\/en\/#website\",\"url\":\"https:\/\/fru.ifesworld.org\/en\/\",\"name\":\"IFES\",\"description\":\"A movement of students sharing and living out the good news of Jesus Christ. Locally. Nationally. Globally.\",\"publisher\":{\"@id\":\"https:\/\/fru.ifesworld.org\/en\/#organization\"},\"potentialAction\":[{\"@type\":\"SearchAction\",\"target\":{\"@type\":\"EntryPoint\",\"urlTemplate\":\"https:\/\/fru.ifesworld.org\/en\/?s={search_term_string}\"},\"query-input\":\"required name=search_term_string\"}],\"inLanguage\":\"es\"},{\"@type\":\"Organization\",\"@id\":\"https:\/\/fru.ifesworld.org\/en\/#organization\",\"name\":\"IFES \u00b7 International Fellowship of Evangelical Students\",\"url\":\"https:\/\/fru.ifesworld.org\/en\/\",\"logo\":{\"@type\":\"ImageObject\",\"inLanguage\":\"es\",\"@id\":\"https:\/\/fru.ifesworld.org\/en\/#\/schema\/logo\/image\/\",\"url\":\"https:\/\/fru.ifesworld.org\/wp-content\/uploads\/2019\/06\/ifeslogo.png\",\"contentUrl\":\"https:\/\/fru.ifesworld.org\/wp-content\/uploads\/2019\/06\/ifeslogo.png\",\"width\":262,\"height\":262,\"caption\":\"IFES \u00b7 International Fellowship of Evangelical Students\"},\"image\":{\"@id\":\"https:\/\/fru.ifesworld.org\/en\/#\/schema\/logo\/image\/\"}}]}<\/script>\n<!-- \/ Yoast SEO plugin. -->","yoast_head_json":{"title":"En b\u00fasqueda de una morada eterna &#183; IFES Prayerline","description":"No tener casa es agotador. Fatima lo sab\u00eda muy bien. Hab\u00eda huido de su hogar muchas veces cuando la rabia de su padre desencadenaba en violencia y solo","robots":{"index":"noindex","follow":"follow","max-snippet":"max-snippet:-1","max-image-preview":"max-image-preview:large","max-video-preview":"max-video-preview:-1"},"og_locale":"es_ES","og_type":"article","og_title":"En b\u00fasqueda de una morada eterna &#183; IFES Prayerline","og_description":"No tener casa es agotador. Fatima lo sab\u00eda muy bien. Hab\u00eda huido de su hogar muchas veces cuando la rabia de su padre desencadenaba en violencia y solo","og_url":"https:\/\/ifesworld.org\/es\/prayerline\/en-busqueda-de-una-morada-eterna\/","og_site_name":"IFES","article_modified_time":"2020-06-15T13:45:43+00:00","og_image":[{"width":2560,"height":1707,"url":"https:\/\/ifesworld.org\/wp-content\/uploads\/2020\/06\/mhrezaa-pp6HQAeT7rQ-unsplash-scaled.jpg","type":"image\/jpeg"}],"twitter_card":"summary_large_image","twitter_misc":{"Tiempo de lectura":"2 minutos"},"schema":{"@context":"https:\/\/schema.org","@graph":[{"@type":"WebPage","@id":"https:\/\/ifesworld.org\/es\/prayerline\/en-busqueda-de-una-morada-eterna\/","url":"https:\/\/ifesworld.org\/es\/prayerline\/en-busqueda-de-una-morada-eterna\/","name":"En b\u00fasqueda de una morada eterna &#183; IFES Prayerline","isPartOf":{"@id":"https:\/\/fru.ifesworld.org\/en\/#website"},"datePublished":"2020-06-16T04:30:00+00:00","dateModified":"2020-06-15T13:45:43+00:00","description":"No tener casa es agotador. Fatima lo sab\u00eda muy bien. Hab\u00eda huido de su hogar muchas veces cuando la rabia de su padre desencadenaba en violencia y solo","breadcrumb":{"@id":"https:\/\/ifesworld.org\/es\/prayerline\/en-busqueda-de-una-morada-eterna\/#breadcrumb"},"inLanguage":"es","potentialAction":[{"@type":"ReadAction","target":["https:\/\/ifesworld.org\/es\/prayerline\/en-busqueda-de-una-morada-eterna\/"]}]},{"@type":"BreadcrumbList","@id":"https:\/\/ifesworld.org\/es\/prayerline\/en-busqueda-de-una-morada-eterna\/#breadcrumb","itemListElement":[{"@type":"ListItem","position":1,"name":"Home","item":"https:\/\/ifesworld.org\/es\/"},{"@type":"ListItem","position":2,"name":"Prayerline","item":"https:\/\/ifesworld.org\/en\/prayerline\/"},{"@type":"ListItem","position":3,"name":"En b\u00fasqueda de una morada eterna"}]},{"@type":"WebSite","@id":"https:\/\/fru.ifesworld.org\/en\/#website","url":"https:\/\/fru.ifesworld.org\/en\/","name":"IFES","description":"A movement of students sharing and living out the good news of Jesus Christ. Locally. Nationally. Globally.","publisher":{"@id":"https:\/\/fru.ifesworld.org\/en\/#organization"},"potentialAction":[{"@type":"SearchAction","target":{"@type":"EntryPoint","urlTemplate":"https:\/\/fru.ifesworld.org\/en\/?s={search_term_string}"},"query-input":"required name=search_term_string"}],"inLanguage":"es"},{"@type":"Organization","@id":"https:\/\/fru.ifesworld.org\/en\/#organization","name":"IFES \u00b7 International Fellowship of Evangelical Students","url":"https:\/\/fru.ifesworld.org\/en\/","logo":{"@type":"ImageObject","inLanguage":"es","@id":"https:\/\/fru.ifesworld.org\/en\/#\/schema\/logo\/image\/","url":"https:\/\/fru.ifesworld.org\/wp-content\/uploads\/2019\/06\/ifeslogo.png","contentUrl":"https:\/\/fru.ifesworld.org\/wp-content\/uploads\/2019\/06\/ifeslogo.png","width":262,"height":262,"caption":"IFES \u00b7 International Fellowship of Evangelical Students"},"image":{"@id":"https:\/\/fru.ifesworld.org\/en\/#\/schema\/logo\/image\/"}}]}},"_links":{"self":[{"href":"https:\/\/fru.ifesworld.org\/es\/wp-json\/wp\/v2\/prayerline\/12438"}],"collection":[{"href":"https:\/\/fru.ifesworld.org\/es\/wp-json\/wp\/v2\/prayerline"}],"about":[{"href":"https:\/\/fru.ifesworld.org\/es\/wp-json\/wp\/v2\/types\/prayerline"}],"wp:attachment":[{"href":"https:\/\/fru.ifesworld.org\/es\/wp-json\/wp\/v2\/media?parent=12438"}],"wp:term":[{"taxonomy":"area","embeddable":true,"href":"https:\/\/fru.ifesworld.org\/es\/wp-json\/wp\/v2\/area?post=12438"},{"taxonomy":"theme","embeddable":true,"href":"https:\/\/fru.ifesworld.org\/es\/wp-json\/wp\/v2\/theme?post=12438"}],"curies":[{"name":"wp","href":"https:\/\/api.w.org\/{rel}","templated":true}]}}

En búsqueda de una morada eterna

<div class="wp-block block-core-paragraph">
<p>No tener casa es agotador. Fatima lo sabía muy bien. Había huido de su hogar muchas veces cuando la rabia de su padre desencadenaba en violencia y solo dormir bajo el mismo techo suponía un riesgo. Pero todo cambió cuando marchó para ir a la universidad. Al involucrarse en el movimiento de IFES en Siria (SIM), la vida de Fatima fue transformada por un hombre llamado Jesús.</p>
</div>

<div class="wp-block block-core-paragraph">
<p>Cuando intentó explicarle a su familia su nueva fe, la violencia de su padre empeoró y se vio obligada a huir otra vez. Pero esta vez supo que era para siempre. Afortunadamente, Fatima encontró un hogar entre sus amigos de SIM que la ayudaron a encontrar alojamiento e incluso le pagaron el alquiler durante tres meses. Ahora participa en los eventos de SIM de forma activa para compartir su fe y servir a otros con gozo.</p>
</div>

<div class="wp-block block-core-paragraph">
<p>Para muchos estudiantes de Siria, el hogar no es un lugar seguro. Ya sea debido a la persecución religiosa o las guerras, los estudiantes del país se ven obligados a huir por seguridad. Al acoger a estudiantes como Fatima, SIM Siria juega un papel redentor en esta crisis al mostrarles el camino a su morada eterna. Pero el movimiento afronta muchos obstáculos. Debido a la guerra y la crisis de refugiados, SIM carece de líderes ministeriales cualificados y apoyos económicos locales. Como la mayoría ministerios del mundo, también lidian ahora con la frustración de adaptar la obra a la pandemia.</p>
</div>

<div class="wp-block block-core-paragraph">
<p>Oremos por SIM Siria esta semana y por los estudiantes que, como Fatima, buscan su hogar eterno.</p>
</div>

<div class="wp-block block-core-list">
<ul><li>Adoremos a Dios por su obra en la vida de Fatima. Oremos por los corazones de los familiares de Fatima, para que se abran a la verdad de Jesús. Oremos por ella y para que su vida alcance a otros estudiantes.</li><li>Pidámosle a Dios que levante líderes cualificados y financiación local para SIM Siria. Oremos por ellos y su adaptación para seguir llevando a cabo el ministerio en medio de la pandemia.</li><li>Oremos por los estudiantes sirios como Fatima, que tienen que huir de casa. Oremos para que conozcan a cristianos que los lleven a conocer a Jesús.</li></ul>
</div>

<!-- This site is optimized with the Yoast SEO plugin v22.6 - https://yoast.com/wordpress/plugins/seo/ -->
<title>En búsqueda de una morada eterna &#183; IFES Prayerline</title>
<meta name="description" content="No tener casa es agotador. Fatima lo sabía muy bien. Había huido de su hogar muchas veces cuando la rabia de su padre desencadenaba en violencia y solo" />
<meta name="robots" content="noindex, follow, max-snippet:-1, max-image-preview:large, max-video-preview:-1" />
<meta property="og:locale" content="es_ES" />
<meta property="og:type" content="article" />
<meta property="og:title" content="En búsqueda de una morada eterna &#183; IFES Prayerline" />
<meta property="og:description" content="No tener casa es agotador. Fatima lo sabía muy bien. Había huido de su hogar muchas veces cuando la rabia de su padre desencadenaba en violencia y solo" />
<meta property="og:url" content="https://ifesworld.org/es/prayerline/en-busqueda-de-una-morada-eterna/" />
<meta property="og:site_name" content="IFES" />
<meta property="article:modified_time" content="2020-06-15T13:45:43+00:00" />
<meta property="og:image" content="https://ifesworld.org/wp-content/uploads/2020/06/mhrezaa-pp6HQAeT7rQ-unsplash-scaled.jpg" />
	<meta property="og:image:width" content="2560" />
	<meta property="og:image:height" content="1707" />
	<meta property="og:image:type" content="image/jpeg" />
<meta name="twitter:card" content="summary_large_image" />
<meta name="twitter:label1" content="Tiempo de lectura" />
	<meta name="twitter:data1" content="2 minutos" />
<script type="application/ld+json" class="yoast-schema-graph">{"@context":"https://schema.org","@graph":[{"@type":"WebPage","@id":"https://ifesworld.org/es/prayerline/en-busqueda-de-una-morada-eterna/","url":"https://ifesworld.org/es/prayerline/en-busqueda-de-una-morada-eterna/","name":"En búsqueda de una morada eterna &#183; IFES Prayerline","isPartOf":{"@id":"https://fru.ifesworld.org/en/#website"},"datePublished":"2020-06-16T04:30:00+00:00","dateModified":"2020-06-15T13:45:43+00:00","description":"No tener casa es agotador. Fatima lo sabía muy bien. Había huido de su hogar muchas veces cuando la rabia de su padre desencadenaba en violencia y solo","breadcrumb":{"@id":"https://ifesworld.org/es/prayerline/en-busqueda-de-una-morada-eterna/#breadcrumb"},"inLanguage":"es","potentialAction":[{"@type":"ReadAction","target":["https://ifesworld.org/es/prayerline/en-busqueda-de-una-morada-eterna/"]}]},{"@type":"BreadcrumbList","@id":"https://ifesworld.org/es/prayerline/en-busqueda-de-una-morada-eterna/#breadcrumb","itemListElement":[{"@type":"ListItem","position":1,"name":"Home","item":"https://ifesworld.org/es/"},{"@type":"ListItem","position":2,"name":"Prayerline","item":"https://ifesworld.org/en/prayerline/"},{"@type":"ListItem","position":3,"name":"En búsqueda de una morada eterna"}]},{"@type":"WebSite","@id":"https://fru.ifesworld.org/en/#website","url":"https://fru.ifesworld.org/en/","name":"IFES","description":"A movement of students sharing and living out the good news of Jesus Christ. Locally. Nationally. Globally.","publisher":{"@id":"https://fru.ifesworld.org/en/#organization"},"potentialAction":[{"@type":"SearchAction","target":{"@type":"EntryPoint","urlTemplate":"https://fru.ifesworld.org/en/?s={search_term_string}"},"query-input":"required name=search_term_string"}],"inLanguage":"es"},{"@type":"Organization","@id":"https://fru.ifesworld.org/en/#organization","name":"IFES · International Fellowship of Evangelical Students","url":"https://fru.ifesworld.org/en/","logo":{"@type":"ImageObject","inLanguage":"es","@id":"https://fru.ifesworld.org/en/#/schema/logo/image/","url":"https://fru.ifesworld.org/wp-content/uploads/2019/06/ifeslogo.png","contentUrl":"https://fru.ifesworld.org/wp-content/uploads/2019/06/ifeslogo.png","width":262,"height":262,"caption":"IFES · International Fellowship of Evangelical Students"},"image":{"@id":"https://fru.ifesworld.org/en/#/schema/logo/image/"}}]}</script>
<!-- / Yoast SEO plugin. -->

En búsqueda de una morada eterna &#183; IFES Prayerline

No tener casa es agotador. Fatima lo sabía muy bien. Había huido de su hogar muchas veces cuando la rabia de su padre desencadenaba en violencia y solo
