{"id":11705,"date":"2020-03-11T14:32:15","date_gmt":"2020-03-11T14:32:15","guid":{"rendered":"https:\/\/fru.ifesworld.org\/?post_type=prayerline&#038;p=11705"},"modified":"2020-03-11T14:32:15","modified_gmt":"2020-03-11T14:32:15","slug":"los-amigos-de-tome-se-unen-a-los-estudios-biblicos","status":"publish","type":"prayerline","link":"https:\/\/fru.ifesworld.org\/es\/prayerline\/los-amigos-de-tome-se-unen-a-los-estudios-biblicos\/","title":{"rendered":"Los amigos de Tome se unen a los estudios b\u00edblicos"},"content":{"rendered":"<div class=\"wp-block block-core-paragraph\">\n<p class=\"has-md-font-size\"><em>\u201cEstudios b\u00edblicos.<\/em> \u00bfPor qu\u00e9 nunca nos has invitado a un estudio b\u00edblico?\u00bb, pregunt\u00f3 el amigo de Tome. Estaba husmeando el horario semanal de Tome por encima de su hombro.<\/p>\n<\/div>\n\n<div class=\"wp-block block-core-paragraph\">\n<p>Tome se reun\u00eda semanalmente con un obrero local en Timor oriental para leer la Palabra de Dios. Estaba muy entusiasmado y siempre escrib\u00eda la hora de la reuni\u00f3n en su horario para asegurarse de que no se le olvidaba. Pero Tome no esperaba que su amigo tambi\u00e9n estuviera interesado. \u00a1Y enseguida se dio cuenta de que muchos otros amigos estaban interesados! Los estudios b\u00edblicos personales de Tome crecieron y se convirtieron en un grupo peque\u00f1o de siete estudiantes que se reun\u00edan cada semana para abrir la Biblia.<\/p>\n<\/div>\n\n<div class=\"wp-block block-core-paragraph\">\n<p>El ministerio estudiantil de IFES comenz\u00f3 en Timor oriental hace nueve a\u00f1os. A pesar de los desaf\u00edos del contexto, la obra creci\u00f3 a medida que Dios abr\u00eda puertas. Ahora hay tres grupos que se re\u00fanen de forma semanal para estudiar la Biblia en tres campus, as\u00ed como dos obreros locales.<\/p>\n<\/div>\n\n<div class=\"wp-block block-core-paragraph\">\n<p>\u00danete a nosotros esta semana y ora por el ministerio estudiantil de Timor oriental.<\/p>\n<\/div>\n\n<div class=\"wp-block block-core-list\">\n<ul><li>Demos gracias a Dios por el nuevo grupo que se re\u00fane en el campus de Tome. Oremos para que se puedan iniciar m\u00e1s grupos en m\u00e1s campus este a\u00f1o.<\/li><li>Oremos por el campamento b\u00edblico que se celebrar\u00e1 este a\u00f1o. El tema es el libro de Hechos y la capacitaci\u00f3n a los estudiantes sobre c\u00f3mo estudiar la Biblia.<\/li><\/ul>\n<\/div>","protected":false},"featured_media":11704,"template":"","area":[703,754],"theme":[],"class_list":["post-11705","prayerline","type-prayerline","status-publish","has-post-thumbnail","hentry","area-asia-del-este","area-timor-leste-asia-del-este"],"acf":[],"yoast_head":"<!-- This site is optimized with the Yoast SEO plugin v22.6 - https:\/\/yoast.com\/wordpress\/plugins\/seo\/ -->\n<title>Los amigos de Tome se unen a los estudios b\u00edblicos &#183; IFES Prayerline<\/title>\n<meta name=\"description\" content=\"\u201cEstudios b\u00edblicos. \u00bfPor qu\u00e9 nunca nos has invitado a un estudio b\u00edblico?&quot;, pregunt\u00f3 el amigo de Tome. Estaba husmeando el horario semanal de Tome por\" \/>\n<meta name=\"robots\" content=\"noindex, follow, max-snippet:-1, max-image-preview:large, max-video-preview:-1\" \/>\n<meta property=\"og:locale\" content=\"es_ES\" \/>\n<meta property=\"og:type\" content=\"article\" \/>\n<meta property=\"og:title\" content=\"Los amigos de Tome se unen a los estudios b\u00edblicos &#183; IFES Prayerline\" \/>\n<meta property=\"og:description\" content=\"\u201cEstudios b\u00edblicos. \u00bfPor qu\u00e9 nunca nos has invitado a un estudio b\u00edblico?&quot;, pregunt\u00f3 el amigo de Tome. Estaba husmeando el horario semanal de Tome por\" \/>\n<meta property=\"og:url\" content=\"https:\/\/ifesworld.org\/es\/prayerline\/los-amigos-de-tome-se-unen-a-los-estudios-biblicos\/\" \/>\n<meta property=\"og:site_name\" content=\"IFES\" \/>\n<meta property=\"og:image\" content=\"https:\/\/ifesworld.org\/wp-content\/uploads\/2020\/03\/200317-PL-Timor_Leste2.jpg\" \/>\n\t<meta property=\"og:image:width\" content=\"1080\" \/>\n\t<meta property=\"og:image:height\" content=\"809\" \/>\n\t<meta property=\"og:image:type\" content=\"image\/jpeg\" \/>\n<meta name=\"twitter:card\" content=\"summary_large_image\" \/>\n<meta name=\"twitter:label1\" content=\"Tiempo de lectura\" \/>\n\t<meta name=\"twitter:data1\" content=\"1 minuto\" \/>\n<script type=\"application\/ld+json\" class=\"yoast-schema-graph\">{\"@context\":\"https:\/\/schema.org\",\"@graph\":[{\"@type\":\"WebPage\",\"@id\":\"https:\/\/ifesworld.org\/es\/prayerline\/los-amigos-de-tome-se-unen-a-los-estudios-biblicos\/\",\"url\":\"https:\/\/ifesworld.org\/es\/prayerline\/los-amigos-de-tome-se-unen-a-los-estudios-biblicos\/\",\"name\":\"Los amigos de Tome se unen a los estudios b\u00edblicos &#183; IFES Prayerline\",\"isPartOf\":{\"@id\":\"https:\/\/fru.ifesworld.org\/en\/#website\"},\"primaryImageOfPage\":{\"@id\":\"https:\/\/ifesworld.org\/es\/prayerline\/los-amigos-de-tome-se-unen-a-los-estudios-biblicos\/#primaryimage\"},\"image\":{\"@id\":\"https:\/\/ifesworld.org\/es\/prayerline\/los-amigos-de-tome-se-unen-a-los-estudios-biblicos\/#primaryimage\"},\"thumbnailUrl\":\"https:\/\/fru.ifesworld.org\/wp-content\/uploads\/2020\/03\/200317-PL-Timor_Leste2.jpg\",\"datePublished\":\"2020-03-11T14:32:15+00:00\",\"dateModified\":\"2020-03-11T14:32:15+00:00\",\"description\":\"\u201cEstudios b\u00edblicos. \u00bfPor qu\u00e9 nunca nos has invitado a un estudio b\u00edblico?\\\", pregunt\u00f3 el amigo de Tome. Estaba husmeando el horario semanal de Tome por\",\"breadcrumb\":{\"@id\":\"https:\/\/ifesworld.org\/es\/prayerline\/los-amigos-de-tome-se-unen-a-los-estudios-biblicos\/#breadcrumb\"},\"inLanguage\":\"es\",\"potentialAction\":[{\"@type\":\"ReadAction\",\"target\":[\"https:\/\/ifesworld.org\/es\/prayerline\/los-amigos-de-tome-se-unen-a-los-estudios-biblicos\/\"]}]},{\"@type\":\"ImageObject\",\"inLanguage\":\"es\",\"@id\":\"https:\/\/ifesworld.org\/es\/prayerline\/los-amigos-de-tome-se-unen-a-los-estudios-biblicos\/#primaryimage\",\"url\":\"https:\/\/fru.ifesworld.org\/wp-content\/uploads\/2020\/03\/200317-PL-Timor_Leste2.jpg\",\"contentUrl\":\"https:\/\/fru.ifesworld.org\/wp-content\/uploads\/2020\/03\/200317-PL-Timor_Leste2.jpg\",\"width\":1080,\"height\":809},{\"@type\":\"BreadcrumbList\",\"@id\":\"https:\/\/ifesworld.org\/es\/prayerline\/los-amigos-de-tome-se-unen-a-los-estudios-biblicos\/#breadcrumb\",\"itemListElement\":[{\"@type\":\"ListItem\",\"position\":1,\"name\":\"Home\",\"item\":\"https:\/\/ifesworld.org\/es\/\"},{\"@type\":\"ListItem\",\"position\":2,\"name\":\"Prayerline\",\"item\":\"https:\/\/ifesworld.org\/en\/prayerline\/\"},{\"@type\":\"ListItem\",\"position\":3,\"name\":\"Los amigos de Tome se unen a los estudios b\u00edblicos\"}]},{\"@type\":\"WebSite\",\"@id\":\"https:\/\/fru.ifesworld.org\/en\/#website\",\"url\":\"https:\/\/fru.ifesworld.org\/en\/\",\"name\":\"IFES\",\"description\":\"A movement of students sharing and living out the good news of Jesus Christ. Locally. Nationally. Globally.\",\"publisher\":{\"@id\":\"https:\/\/fru.ifesworld.org\/en\/#organization\"},\"potentialAction\":[{\"@type\":\"SearchAction\",\"target\":{\"@type\":\"EntryPoint\",\"urlTemplate\":\"https:\/\/fru.ifesworld.org\/en\/?s={search_term_string}\"},\"query-input\":\"required name=search_term_string\"}],\"inLanguage\":\"es\"},{\"@type\":\"Organization\",\"@id\":\"https:\/\/fru.ifesworld.org\/en\/#organization\",\"name\":\"IFES \u00b7 International Fellowship of Evangelical Students\",\"url\":\"https:\/\/fru.ifesworld.org\/en\/\",\"logo\":{\"@type\":\"ImageObject\",\"inLanguage\":\"es\",\"@id\":\"https:\/\/fru.ifesworld.org\/en\/#\/schema\/logo\/image\/\",\"url\":\"https:\/\/fru.ifesworld.org\/wp-content\/uploads\/2019\/06\/ifeslogo.png\",\"contentUrl\":\"https:\/\/fru.ifesworld.org\/wp-content\/uploads\/2019\/06\/ifeslogo.png\",\"width\":262,\"height\":262,\"caption\":\"IFES \u00b7 International Fellowship of Evangelical Students\"},\"image\":{\"@id\":\"https:\/\/fru.ifesworld.org\/en\/#\/schema\/logo\/image\/\"}}]}<\/script>\n<!-- \/ Yoast SEO plugin. -->","yoast_head_json":{"title":"Los amigos de Tome se unen a los estudios b\u00edblicos &#183; IFES Prayerline","description":"\u201cEstudios b\u00edblicos. \u00bfPor qu\u00e9 nunca nos has invitado a un estudio b\u00edblico?\", pregunt\u00f3 el amigo de Tome. Estaba husmeando el horario semanal de Tome por","robots":{"index":"noindex","follow":"follow","max-snippet":"max-snippet:-1","max-image-preview":"max-image-preview:large","max-video-preview":"max-video-preview:-1"},"og_locale":"es_ES","og_type":"article","og_title":"Los amigos de Tome se unen a los estudios b\u00edblicos &#183; IFES Prayerline","og_description":"\u201cEstudios b\u00edblicos. \u00bfPor qu\u00e9 nunca nos has invitado a un estudio b\u00edblico?\", pregunt\u00f3 el amigo de Tome. Estaba husmeando el horario semanal de Tome por","og_url":"https:\/\/ifesworld.org\/es\/prayerline\/los-amigos-de-tome-se-unen-a-los-estudios-biblicos\/","og_site_name":"IFES","og_image":[{"width":1080,"height":809,"url":"https:\/\/ifesworld.org\/wp-content\/uploads\/2020\/03\/200317-PL-Timor_Leste2.jpg","type":"image\/jpeg"}],"twitter_card":"summary_large_image","twitter_misc":{"Tiempo de lectura":"1 minuto"},"schema":{"@context":"https:\/\/schema.org","@graph":[{"@type":"WebPage","@id":"https:\/\/ifesworld.org\/es\/prayerline\/los-amigos-de-tome-se-unen-a-los-estudios-biblicos\/","url":"https:\/\/ifesworld.org\/es\/prayerline\/los-amigos-de-tome-se-unen-a-los-estudios-biblicos\/","name":"Los amigos de Tome se unen a los estudios b\u00edblicos &#183; IFES Prayerline","isPartOf":{"@id":"https:\/\/fru.ifesworld.org\/en\/#website"},"primaryImageOfPage":{"@id":"https:\/\/ifesworld.org\/es\/prayerline\/los-amigos-de-tome-se-unen-a-los-estudios-biblicos\/#primaryimage"},"image":{"@id":"https:\/\/ifesworld.org\/es\/prayerline\/los-amigos-de-tome-se-unen-a-los-estudios-biblicos\/#primaryimage"},"thumbnailUrl":"https:\/\/fru.ifesworld.org\/wp-content\/uploads\/2020\/03\/200317-PL-Timor_Leste2.jpg","datePublished":"2020-03-11T14:32:15+00:00","dateModified":"2020-03-11T14:32:15+00:00","description":"\u201cEstudios b\u00edblicos. \u00bfPor qu\u00e9 nunca nos has invitado a un estudio b\u00edblico?\", pregunt\u00f3 el amigo de Tome. Estaba husmeando el horario semanal de Tome por","breadcrumb":{"@id":"https:\/\/ifesworld.org\/es\/prayerline\/los-amigos-de-tome-se-unen-a-los-estudios-biblicos\/#breadcrumb"},"inLanguage":"es","potentialAction":[{"@type":"ReadAction","target":["https:\/\/ifesworld.org\/es\/prayerline\/los-amigos-de-tome-se-unen-a-los-estudios-biblicos\/"]}]},{"@type":"ImageObject","inLanguage":"es","@id":"https:\/\/ifesworld.org\/es\/prayerline\/los-amigos-de-tome-se-unen-a-los-estudios-biblicos\/#primaryimage","url":"https:\/\/fru.ifesworld.org\/wp-content\/uploads\/2020\/03\/200317-PL-Timor_Leste2.jpg","contentUrl":"https:\/\/fru.ifesworld.org\/wp-content\/uploads\/2020\/03\/200317-PL-Timor_Leste2.jpg","width":1080,"height":809},{"@type":"BreadcrumbList","@id":"https:\/\/ifesworld.org\/es\/prayerline\/los-amigos-de-tome-se-unen-a-los-estudios-biblicos\/#breadcrumb","itemListElement":[{"@type":"ListItem","position":1,"name":"Home","item":"https:\/\/ifesworld.org\/es\/"},{"@type":"ListItem","position":2,"name":"Prayerline","item":"https:\/\/ifesworld.org\/en\/prayerline\/"},{"@type":"ListItem","position":3,"name":"Los amigos de Tome se unen a los estudios b\u00edblicos"}]},{"@type":"WebSite","@id":"https:\/\/fru.ifesworld.org\/en\/#website","url":"https:\/\/fru.ifesworld.org\/en\/","name":"IFES","description":"A movement of students sharing and living out the good news of Jesus Christ. Locally. Nationally. Globally.","publisher":{"@id":"https:\/\/fru.ifesworld.org\/en\/#organization"},"potentialAction":[{"@type":"SearchAction","target":{"@type":"EntryPoint","urlTemplate":"https:\/\/fru.ifesworld.org\/en\/?s={search_term_string}"},"query-input":"required name=search_term_string"}],"inLanguage":"es"},{"@type":"Organization","@id":"https:\/\/fru.ifesworld.org\/en\/#organization","name":"IFES \u00b7 International Fellowship of Evangelical Students","url":"https:\/\/fru.ifesworld.org\/en\/","logo":{"@type":"ImageObject","inLanguage":"es","@id":"https:\/\/fru.ifesworld.org\/en\/#\/schema\/logo\/image\/","url":"https:\/\/fru.ifesworld.org\/wp-content\/uploads\/2019\/06\/ifeslogo.png","contentUrl":"https:\/\/fru.ifesworld.org\/wp-content\/uploads\/2019\/06\/ifeslogo.png","width":262,"height":262,"caption":"IFES \u00b7 International Fellowship of Evangelical Students"},"image":{"@id":"https:\/\/fru.ifesworld.org\/en\/#\/schema\/logo\/image\/"}}]}},"_links":{"self":[{"href":"https:\/\/fru.ifesworld.org\/es\/wp-json\/wp\/v2\/prayerline\/11705"}],"collection":[{"href":"https:\/\/fru.ifesworld.org\/es\/wp-json\/wp\/v2\/prayerline"}],"about":[{"href":"https:\/\/fru.ifesworld.org\/es\/wp-json\/wp\/v2\/types\/prayerline"}],"wp:featuredmedia":[{"embeddable":true,"href":"https:\/\/fru.ifesworld.org\/es\/wp-json\/wp\/v2\/media\/11704"}],"wp:attachment":[{"href":"https:\/\/fru.ifesworld.org\/es\/wp-json\/wp\/v2\/media?parent=11705"}],"wp:term":[{"taxonomy":"area","embeddable":true,"href":"https:\/\/fru.ifesworld.org\/es\/wp-json\/wp\/v2\/area?post=11705"},{"taxonomy":"theme","embeddable":true,"href":"https:\/\/fru.ifesworld.org\/es\/wp-json\/wp\/v2\/theme?post=11705"}],"curies":[{"name":"wp","href":"https:\/\/api.w.org\/{rel}","templated":true}]}}

Los amigos de Tome se unen a los estudios bíblicos

<div class="wp-block block-core-paragraph">
<p class="has-md-font-size"><em>“Estudios bíblicos.</em> ¿Por qué nunca nos has invitado a un estudio bíblico?», preguntó el amigo de Tome. Estaba husmeando el horario semanal de Tome por encima de su hombro.</p>
</div>

<div class="wp-block block-core-paragraph">
<p>Tome se reunía semanalmente con un obrero local en Timor oriental para leer la Palabra de Dios. Estaba muy entusiasmado y siempre escribía la hora de la reunión en su horario para asegurarse de que no se le olvidaba. Pero Tome no esperaba que su amigo también estuviera interesado. ¡Y enseguida se dio cuenta de que muchos otros amigos estaban interesados! Los estudios bíblicos personales de Tome crecieron y se convirtieron en un grupo pequeño de siete estudiantes que se reunían cada semana para abrir la Biblia.</p>
</div>

<div class="wp-block block-core-paragraph">
<p>El ministerio estudiantil de IFES comenzó en Timor oriental hace nueve años. A pesar de los desafíos del contexto, la obra creció a medida que Dios abría puertas. Ahora hay tres grupos que se reúnen de forma semanal para estudiar la Biblia en tres campus, así como dos obreros locales.</p>
</div>

<div class="wp-block block-core-paragraph">
<p>Únete a nosotros esta semana y ora por el ministerio estudiantil de Timor oriental.</p>
</div>

<div class="wp-block block-core-list">
<ul><li>Demos gracias a Dios por el nuevo grupo que se reúne en el campus de Tome. Oremos para que se puedan iniciar más grupos en más campus este año.</li><li>Oremos por el campamento bíblico que se celebrará este año. El tema es el libro de Hechos y la capacitación a los estudiantes sobre cómo estudiar la Biblia.</li></ul>
</div>

<!-- This site is optimized with the Yoast SEO plugin v22.6 - https://yoast.com/wordpress/plugins/seo/ -->
<title>Los amigos de Tome se unen a los estudios bíblicos &#183; IFES Prayerline</title>
<meta name="description" content="“Estudios bíblicos. ¿Por qué nunca nos has invitado a un estudio bíblico?&quot;, preguntó el amigo de Tome. Estaba husmeando el horario semanal de Tome por" />
<meta name="robots" content="noindex, follow, max-snippet:-1, max-image-preview:large, max-video-preview:-1" />
<meta property="og:locale" content="es_ES" />
<meta property="og:type" content="article" />
<meta property="og:title" content="Los amigos de Tome se unen a los estudios bíblicos &#183; IFES Prayerline" />
<meta property="og:description" content="“Estudios bíblicos. ¿Por qué nunca nos has invitado a un estudio bíblico?&quot;, preguntó el amigo de Tome. Estaba husmeando el horario semanal de Tome por" />
<meta property="og:url" content="https://ifesworld.org/es/prayerline/los-amigos-de-tome-se-unen-a-los-estudios-biblicos/" />
<meta property="og:site_name" content="IFES" />
<meta property="og:image" content="https://ifesworld.org/wp-content/uploads/2020/03/200317-PL-Timor_Leste2.jpg" />
	<meta property="og:image:width" content="1080" />
	<meta property="og:image:height" content="809" />
	<meta property="og:image:type" content="image/jpeg" />
<meta name="twitter:card" content="summary_large_image" />
<meta name="twitter:label1" content="Tiempo de lectura" />
	<meta name="twitter:data1" content="1 minuto" />
<script type="application/ld+json" class="yoast-schema-graph">{"@context":"https://schema.org","@graph":[{"@type":"WebPage","@id":"https://ifesworld.org/es/prayerline/los-amigos-de-tome-se-unen-a-los-estudios-biblicos/","url":"https://ifesworld.org/es/prayerline/los-amigos-de-tome-se-unen-a-los-estudios-biblicos/","name":"Los amigos de Tome se unen a los estudios bíblicos &#183; IFES Prayerline","isPartOf":{"@id":"https://fru.ifesworld.org/en/#website"},"primaryImageOfPage":{"@id":"https://ifesworld.org/es/prayerline/los-amigos-de-tome-se-unen-a-los-estudios-biblicos/#primaryimage"},"image":{"@id":"https://ifesworld.org/es/prayerline/los-amigos-de-tome-se-unen-a-los-estudios-biblicos/#primaryimage"},"thumbnailUrl":"https://fru.ifesworld.org/wp-content/uploads/2020/03/200317-PL-Timor_Leste2.jpg","datePublished":"2020-03-11T14:32:15+00:00","dateModified":"2020-03-11T14:32:15+00:00","description":"“Estudios bíblicos. ¿Por qué nunca nos has invitado a un estudio bíblico?\", preguntó el amigo de Tome. Estaba husmeando el horario semanal de Tome por","breadcrumb":{"@id":"https://ifesworld.org/es/prayerline/los-amigos-de-tome-se-unen-a-los-estudios-biblicos/#breadcrumb"},"inLanguage":"es","potentialAction":[{"@type":"ReadAction","target":["https://ifesworld.org/es/prayerline/los-amigos-de-tome-se-unen-a-los-estudios-biblicos/"]}]},{"@type":"ImageObject","inLanguage":"es","@id":"https://ifesworld.org/es/prayerline/los-amigos-de-tome-se-unen-a-los-estudios-biblicos/#primaryimage","url":"https://fru.ifesworld.org/wp-content/uploads/2020/03/200317-PL-Timor_Leste2.jpg","contentUrl":"https://fru.ifesworld.org/wp-content/uploads/2020/03/200317-PL-Timor_Leste2.jpg","width":1080,"height":809},{"@type":"BreadcrumbList","@id":"https://ifesworld.org/es/prayerline/los-amigos-de-tome-se-unen-a-los-estudios-biblicos/#breadcrumb","itemListElement":[{"@type":"ListItem","position":1,"name":"Home","item":"https://ifesworld.org/es/"},{"@type":"ListItem","position":2,"name":"Prayerline","item":"https://ifesworld.org/en/prayerline/"},{"@type":"ListItem","position":3,"name":"Los amigos de Tome se unen a los estudios bíblicos"}]},{"@type":"WebSite","@id":"https://fru.ifesworld.org/en/#website","url":"https://fru.ifesworld.org/en/","name":"IFES","description":"A movement of students sharing and living out the good news of Jesus Christ. Locally. Nationally. Globally.","publisher":{"@id":"https://fru.ifesworld.org/en/#organization"},"potentialAction":[{"@type":"SearchAction","target":{"@type":"EntryPoint","urlTemplate":"https://fru.ifesworld.org/en/?s={search_term_string}"},"query-input":"required name=search_term_string"}],"inLanguage":"es"},{"@type":"Organization","@id":"https://fru.ifesworld.org/en/#organization","name":"IFES · International Fellowship of Evangelical Students","url":"https://fru.ifesworld.org/en/","logo":{"@type":"ImageObject","inLanguage":"es","@id":"https://fru.ifesworld.org/en/#/schema/logo/image/","url":"https://fru.ifesworld.org/wp-content/uploads/2019/06/ifeslogo.png","contentUrl":"https://fru.ifesworld.org/wp-content/uploads/2019/06/ifeslogo.png","width":262,"height":262,"caption":"IFES · International Fellowship of Evangelical Students"},"image":{"@id":"https://fru.ifesworld.org/en/#/schema/logo/image/"}}]}</script>
<!-- / Yoast SEO plugin. -->

Los amigos de Tome se unen a los estudios bíblicos &#183; IFES Prayerline

“Estudios bíblicos. ¿Por qué nunca nos has invitado a un estudio bíblico?", preguntó el amigo de Tome. Estaba husmeando el horario semanal de Tome por
