{"id":11096,"date":"2020-02-04T11:34:50","date_gmt":"2020-02-04T11:34:50","guid":{"rendered":"https:\/\/fru.ifesworld.org\/?post_type=prayerline&#038;p=11096"},"modified":"2020-02-06T12:53:23","modified_gmt":"2020-02-06T12:53:23","slug":"3000-jovenes-orando-por-el-avivamiento","status":"publish","type":"prayerline","link":"https:\/\/fru.ifesworld.org\/es\/prayerline\/3000-jovenes-orando-por-el-avivamiento\/","title":{"rendered":"3000 j\u00f3venes orando por el avivamiento"},"content":{"rendered":"<div class=\"wp-block block-core-paragraph\">\n<p>30 de diciembre del 2019: estudiantes, graduados, obreros y representantes de otros ministerios cristianos estudiantiles juntos y unidos. 3000 voces de 68 pa\u00edses que se alzaron al un\u00edsono para pedir a Dios que se mueva en Europa. Para muchos, fue un momento m\u00e1s destacado de <em>Revive<\/em>,, el reciente congreso de evangelizaci\u00f3n estudiantil de IFES Europa.<\/p>\n<\/div>\n\n<div class=\"wp-block block-core-paragraph\">\n<p>Giulia, una graduada de Suiza, fue una de los 3000 asistentes. Comparti\u00f3 sus reflexiones:<\/p>\n<\/div>\n\n<div class=\"wp-block block-core-quote\">\n<blockquote class=\"wp-block-quote is-layout-flow wp-block-quote-is-layout-flow\"><p>\u00abEn mi lugar de trabajo, estoy rodeada de personas que no conocen al Se\u00f1or, pero debo confesar que no me estaba esforzando mucho por compartir mi fe ni reflejar la vida de una disc\u00edpula. <em>Revive<\/em> me ha dejado claro que, como graduada, la obediencia a Dios es lo prioritario cada d\u00eda de la semana, no solo en el tiempo libre. Me voy entusiasmada y equipada para producir fruto y dar testimonio en mi trabajo\u00bb.<\/p><\/blockquote>\n<\/div>\n\n<div class=\"wp-block block-core-paragraph\">\n<p>\u00danete a nosotros esta semana para orar por Giulia y el resto de asistentes de <em>Revive<\/em>.<\/p>\n<\/div>\n\n<div class=\"wp-block block-core-list\">\n<ul><li>Demos gracias a Dios por las incre\u00edbles formas en que ha respondido a las oraciones por <em>Revive<\/em>. Un sinf\u00edn de personas se fueron emocionadas por formar parte de algo mayor, m\u00e1s capacitadas para la misi\u00f3n en el campus y fuera de \u00e9l y con un amor renovado por Jes\u00fas y el evangelio.<\/li><li>Giulia nos pide oraci\u00f3n por lo graduados de Europa: \u00abOra para que estemos equipados para la evangelizaci\u00f3n a trav\u00e9s de una creciente relaci\u00f3n con nuestro Creador y Salvador\u00bb.<\/li><li>El nuevo semestre empieza; ora para que los asistentes de <em>Revive<\/em> pongan en pr\u00e1ctica lo aprendido. Ora para que, a trav\u00e9s de ellos, llegue el avivamiento a los campus y las comunidades de Europa.<\/li><\/ul>\n<\/div>\n\n<div class=\"wp-block block-core-paragraph\">\n<p><a href=\"https:\/\/www.youtube.com\/playlist?list=PLqWzNW7pU5ENXEnKXH95Scea2-i2xmLcm\" target=\"_blank\" rel=\"noreferrer noopener\" aria-label=\"Escucha las charlas de Revive (opens in a new tab)\">Escucha las charlas de Revive<\/a><\/p>\n<\/div>\n\n<div class=\"wp-block block-core-paragraph\">\n<p><a href=\"https:\/\/fru.ifesworld.org\/es\/region\/europa\/\">Descubre m\u00e1s<\/a> acerca de c\u00f3mo IFES est\u00e1 apoyando la obra con estudiantes y graduados en Europa.<\/p>\n<\/div>\n\n<div class=\"wp-block block-core-paragraph\">\n<p>\u00a1Gracias por orar con nosotros!<\/p>\n<\/div>","protected":false},"featured_media":11030,"template":"","area":[706],"theme":[],"class_list":["post-11096","prayerline","type-prayerline","status-publish","has-post-thumbnail","hentry","area-europa"],"acf":[],"yoast_head":"<!-- This site is optimized with the Yoast SEO plugin v22.6 - https:\/\/yoast.com\/wordpress\/plugins\/seo\/ -->\n<title>3000 j\u00f3venes orando por el avivamiento &#183; IFES Prayerline<\/title>\n<meta name=\"description\" content=\"30 de diciembre del 2019: estudiantes, graduados, obreros y representantes de otros ministerios cristianos estudiantiles juntos y unidos. 3000 voces de 68\" \/>\n<meta name=\"robots\" content=\"noindex, follow, max-snippet:-1, max-image-preview:large, max-video-preview:-1\" \/>\n<meta property=\"og:locale\" content=\"es_ES\" \/>\n<meta property=\"og:type\" content=\"article\" \/>\n<meta property=\"og:title\" content=\"3000 j\u00f3venes orando por el avivamiento &#183; IFES Prayerline\" \/>\n<meta property=\"og:description\" content=\"30 de diciembre del 2019: estudiantes, graduados, obreros y representantes de otros ministerios cristianos estudiantiles juntos y unidos. 3000 voces de 68\" \/>\n<meta property=\"og:url\" content=\"https:\/\/ifesworld.org\/es\/prayerline\/3000-jovenes-orando-por-el-avivamiento\/\" \/>\n<meta property=\"og:site_name\" content=\"IFES\" \/>\n<meta property=\"article:modified_time\" content=\"2020-02-06T12:53:23+00:00\" \/>\n<meta property=\"og:image\" content=\"https:\/\/ifesworld.org\/wp-content\/uploads\/2020\/01\/200204-PL-Revive-Europe.jpg\" \/>\n\t<meta property=\"og:image:width\" content=\"1200\" \/>\n\t<meta property=\"og:image:height\" content=\"675\" \/>\n\t<meta property=\"og:image:type\" content=\"image\/jpeg\" \/>\n<meta name=\"twitter:card\" content=\"summary_large_image\" \/>\n<meta name=\"twitter:label1\" content=\"Tiempo de lectura\" \/>\n\t<meta name=\"twitter:data1\" content=\"2 minutos\" \/>\n<script type=\"application\/ld+json\" class=\"yoast-schema-graph\">{\"@context\":\"https:\/\/schema.org\",\"@graph\":[{\"@type\":\"WebPage\",\"@id\":\"https:\/\/ifesworld.org\/es\/prayerline\/3000-jovenes-orando-por-el-avivamiento\/\",\"url\":\"https:\/\/ifesworld.org\/es\/prayerline\/3000-jovenes-orando-por-el-avivamiento\/\",\"name\":\"3000 j\u00f3venes orando por el avivamiento &#183; IFES Prayerline\",\"isPartOf\":{\"@id\":\"https:\/\/fru.ifesworld.org\/en\/#website\"},\"primaryImageOfPage\":{\"@id\":\"https:\/\/ifesworld.org\/es\/prayerline\/3000-jovenes-orando-por-el-avivamiento\/#primaryimage\"},\"image\":{\"@id\":\"https:\/\/ifesworld.org\/es\/prayerline\/3000-jovenes-orando-por-el-avivamiento\/#primaryimage\"},\"thumbnailUrl\":\"https:\/\/fru.ifesworld.org\/wp-content\/uploads\/2020\/01\/200204-PL-Revive-Europe.jpg\",\"datePublished\":\"2020-02-04T11:34:50+00:00\",\"dateModified\":\"2020-02-06T12:53:23+00:00\",\"description\":\"30 de diciembre del 2019: estudiantes, graduados, obreros y representantes de otros ministerios cristianos estudiantiles juntos y unidos. 3000 voces de 68\",\"breadcrumb\":{\"@id\":\"https:\/\/ifesworld.org\/es\/prayerline\/3000-jovenes-orando-por-el-avivamiento\/#breadcrumb\"},\"inLanguage\":\"es\",\"potentialAction\":[{\"@type\":\"ReadAction\",\"target\":[\"https:\/\/ifesworld.org\/es\/prayerline\/3000-jovenes-orando-por-el-avivamiento\/\"]}]},{\"@type\":\"ImageObject\",\"inLanguage\":\"es\",\"@id\":\"https:\/\/ifesworld.org\/es\/prayerline\/3000-jovenes-orando-por-el-avivamiento\/#primaryimage\",\"url\":\"https:\/\/fru.ifesworld.org\/wp-content\/uploads\/2020\/01\/200204-PL-Revive-Europe.jpg\",\"contentUrl\":\"https:\/\/fru.ifesworld.org\/wp-content\/uploads\/2020\/01\/200204-PL-Revive-Europe.jpg\",\"width\":1200,\"height\":675,\"caption\":\"200204 PL - Revive Europe\"},{\"@type\":\"BreadcrumbList\",\"@id\":\"https:\/\/ifesworld.org\/es\/prayerline\/3000-jovenes-orando-por-el-avivamiento\/#breadcrumb\",\"itemListElement\":[{\"@type\":\"ListItem\",\"position\":1,\"name\":\"Home\",\"item\":\"https:\/\/ifesworld.org\/es\/\"},{\"@type\":\"ListItem\",\"position\":2,\"name\":\"Prayerline\",\"item\":\"https:\/\/ifesworld.org\/en\/prayerline\/\"},{\"@type\":\"ListItem\",\"position\":3,\"name\":\"3000 j\u00f3venes orando por el avivamiento\"}]},{\"@type\":\"WebSite\",\"@id\":\"https:\/\/fru.ifesworld.org\/en\/#website\",\"url\":\"https:\/\/fru.ifesworld.org\/en\/\",\"name\":\"IFES\",\"description\":\"A movement of students sharing and living out the good news of Jesus Christ. Locally. Nationally. Globally.\",\"publisher\":{\"@id\":\"https:\/\/fru.ifesworld.org\/en\/#organization\"},\"potentialAction\":[{\"@type\":\"SearchAction\",\"target\":{\"@type\":\"EntryPoint\",\"urlTemplate\":\"https:\/\/fru.ifesworld.org\/en\/?s={search_term_string}\"},\"query-input\":\"required name=search_term_string\"}],\"inLanguage\":\"es\"},{\"@type\":\"Organization\",\"@id\":\"https:\/\/fru.ifesworld.org\/en\/#organization\",\"name\":\"IFES \u00b7 International Fellowship of Evangelical Students\",\"url\":\"https:\/\/fru.ifesworld.org\/en\/\",\"logo\":{\"@type\":\"ImageObject\",\"inLanguage\":\"es\",\"@id\":\"https:\/\/fru.ifesworld.org\/en\/#\/schema\/logo\/image\/\",\"url\":\"https:\/\/fru.ifesworld.org\/wp-content\/uploads\/2019\/06\/ifeslogo.png\",\"contentUrl\":\"https:\/\/fru.ifesworld.org\/wp-content\/uploads\/2019\/06\/ifeslogo.png\",\"width\":262,\"height\":262,\"caption\":\"IFES \u00b7 International Fellowship of Evangelical Students\"},\"image\":{\"@id\":\"https:\/\/fru.ifesworld.org\/en\/#\/schema\/logo\/image\/\"}}]}<\/script>\n<!-- \/ Yoast SEO plugin. -->","yoast_head_json":{"title":"3000 j\u00f3venes orando por el avivamiento &#183; IFES Prayerline","description":"30 de diciembre del 2019: estudiantes, graduados, obreros y representantes de otros ministerios cristianos estudiantiles juntos y unidos. 3000 voces de 68","robots":{"index":"noindex","follow":"follow","max-snippet":"max-snippet:-1","max-image-preview":"max-image-preview:large","max-video-preview":"max-video-preview:-1"},"og_locale":"es_ES","og_type":"article","og_title":"3000 j\u00f3venes orando por el avivamiento &#183; IFES Prayerline","og_description":"30 de diciembre del 2019: estudiantes, graduados, obreros y representantes de otros ministerios cristianos estudiantiles juntos y unidos. 3000 voces de 68","og_url":"https:\/\/ifesworld.org\/es\/prayerline\/3000-jovenes-orando-por-el-avivamiento\/","og_site_name":"IFES","article_modified_time":"2020-02-06T12:53:23+00:00","og_image":[{"width":1200,"height":675,"url":"https:\/\/ifesworld.org\/wp-content\/uploads\/2020\/01\/200204-PL-Revive-Europe.jpg","type":"image\/jpeg"}],"twitter_card":"summary_large_image","twitter_misc":{"Tiempo de lectura":"2 minutos"},"schema":{"@context":"https:\/\/schema.org","@graph":[{"@type":"WebPage","@id":"https:\/\/ifesworld.org\/es\/prayerline\/3000-jovenes-orando-por-el-avivamiento\/","url":"https:\/\/ifesworld.org\/es\/prayerline\/3000-jovenes-orando-por-el-avivamiento\/","name":"3000 j\u00f3venes orando por el avivamiento &#183; IFES Prayerline","isPartOf":{"@id":"https:\/\/fru.ifesworld.org\/en\/#website"},"primaryImageOfPage":{"@id":"https:\/\/ifesworld.org\/es\/prayerline\/3000-jovenes-orando-por-el-avivamiento\/#primaryimage"},"image":{"@id":"https:\/\/ifesworld.org\/es\/prayerline\/3000-jovenes-orando-por-el-avivamiento\/#primaryimage"},"thumbnailUrl":"https:\/\/fru.ifesworld.org\/wp-content\/uploads\/2020\/01\/200204-PL-Revive-Europe.jpg","datePublished":"2020-02-04T11:34:50+00:00","dateModified":"2020-02-06T12:53:23+00:00","description":"30 de diciembre del 2019: estudiantes, graduados, obreros y representantes de otros ministerios cristianos estudiantiles juntos y unidos. 3000 voces de 68","breadcrumb":{"@id":"https:\/\/ifesworld.org\/es\/prayerline\/3000-jovenes-orando-por-el-avivamiento\/#breadcrumb"},"inLanguage":"es","potentialAction":[{"@type":"ReadAction","target":["https:\/\/ifesworld.org\/es\/prayerline\/3000-jovenes-orando-por-el-avivamiento\/"]}]},{"@type":"ImageObject","inLanguage":"es","@id":"https:\/\/ifesworld.org\/es\/prayerline\/3000-jovenes-orando-por-el-avivamiento\/#primaryimage","url":"https:\/\/fru.ifesworld.org\/wp-content\/uploads\/2020\/01\/200204-PL-Revive-Europe.jpg","contentUrl":"https:\/\/fru.ifesworld.org\/wp-content\/uploads\/2020\/01\/200204-PL-Revive-Europe.jpg","width":1200,"height":675,"caption":"200204 PL - Revive Europe"},{"@type":"BreadcrumbList","@id":"https:\/\/ifesworld.org\/es\/prayerline\/3000-jovenes-orando-por-el-avivamiento\/#breadcrumb","itemListElement":[{"@type":"ListItem","position":1,"name":"Home","item":"https:\/\/ifesworld.org\/es\/"},{"@type":"ListItem","position":2,"name":"Prayerline","item":"https:\/\/ifesworld.org\/en\/prayerline\/"},{"@type":"ListItem","position":3,"name":"3000 j\u00f3venes orando por el avivamiento"}]},{"@type":"WebSite","@id":"https:\/\/fru.ifesworld.org\/en\/#website","url":"https:\/\/fru.ifesworld.org\/en\/","name":"IFES","description":"A movement of students sharing and living out the good news of Jesus Christ. Locally. Nationally. Globally.","publisher":{"@id":"https:\/\/fru.ifesworld.org\/en\/#organization"},"potentialAction":[{"@type":"SearchAction","target":{"@type":"EntryPoint","urlTemplate":"https:\/\/fru.ifesworld.org\/en\/?s={search_term_string}"},"query-input":"required name=search_term_string"}],"inLanguage":"es"},{"@type":"Organization","@id":"https:\/\/fru.ifesworld.org\/en\/#organization","name":"IFES \u00b7 International Fellowship of Evangelical Students","url":"https:\/\/fru.ifesworld.org\/en\/","logo":{"@type":"ImageObject","inLanguage":"es","@id":"https:\/\/fru.ifesworld.org\/en\/#\/schema\/logo\/image\/","url":"https:\/\/fru.ifesworld.org\/wp-content\/uploads\/2019\/06\/ifeslogo.png","contentUrl":"https:\/\/fru.ifesworld.org\/wp-content\/uploads\/2019\/06\/ifeslogo.png","width":262,"height":262,"caption":"IFES \u00b7 International Fellowship of Evangelical Students"},"image":{"@id":"https:\/\/fru.ifesworld.org\/en\/#\/schema\/logo\/image\/"}}]}},"_links":{"self":[{"href":"https:\/\/fru.ifesworld.org\/es\/wp-json\/wp\/v2\/prayerline\/11096"}],"collection":[{"href":"https:\/\/fru.ifesworld.org\/es\/wp-json\/wp\/v2\/prayerline"}],"about":[{"href":"https:\/\/fru.ifesworld.org\/es\/wp-json\/wp\/v2\/types\/prayerline"}],"wp:featuredmedia":[{"embeddable":true,"href":"https:\/\/fru.ifesworld.org\/es\/wp-json\/wp\/v2\/media\/11030"}],"wp:attachment":[{"href":"https:\/\/fru.ifesworld.org\/es\/wp-json\/wp\/v2\/media?parent=11096"}],"wp:term":[{"taxonomy":"area","embeddable":true,"href":"https:\/\/fru.ifesworld.org\/es\/wp-json\/wp\/v2\/area?post=11096"},{"taxonomy":"theme","embeddable":true,"href":"https:\/\/fru.ifesworld.org\/es\/wp-json\/wp\/v2\/theme?post=11096"}],"curies":[{"name":"wp","href":"https:\/\/api.w.org\/{rel}","templated":true}]}}

3000 jóvenes orando por el avivamiento

<div class="wp-block block-core-paragraph">
<p>30 de diciembre del 2019: estudiantes, graduados, obreros y representantes de otros ministerios cristianos estudiantiles juntos y unidos. 3000 voces de 68 países que se alzaron al unísono para pedir a Dios que se mueva en Europa. Para muchos, fue un momento más destacado de <em>Revive</em>,, el reciente congreso de evangelización estudiantil de IFES Europa.</p>
</div>

<div class="wp-block block-core-paragraph">
<p>Giulia, una graduada de Suiza, fue una de los 3000 asistentes. Compartió sus reflexiones:</p>
</div>

<div class="wp-block block-core-quote">
<blockquote class="wp-block-quote is-layout-flow wp-block-quote-is-layout-flow"><p>«En mi lugar de trabajo, estoy rodeada de personas que no conocen al Señor, pero debo confesar que no me estaba esforzando mucho por compartir mi fe ni reflejar la vida de una discípula. <em>Revive</em> me ha dejado claro que, como graduada, la obediencia a Dios es lo prioritario cada día de la semana, no solo en el tiempo libre. Me voy entusiasmada y equipada para producir fruto y dar testimonio en mi trabajo».</p></blockquote>
</div>

<div class="wp-block block-core-paragraph">
<p>Únete a nosotros esta semana para orar por Giulia y el resto de asistentes de <em>Revive</em>.</p>
</div>

<div class="wp-block block-core-list">
<ul><li>Demos gracias a Dios por las increíbles formas en que ha respondido a las oraciones por <em>Revive</em>. Un sinfín de personas se fueron emocionadas por formar parte de algo mayor, más capacitadas para la misión en el campus y fuera de él y con un amor renovado por Jesús y el evangelio.</li><li>Giulia nos pide oración por lo graduados de Europa: «Ora para que estemos equipados para la evangelización a través de una creciente relación con nuestro Creador y Salvador».</li><li>El nuevo semestre empieza; ora para que los asistentes de <em>Revive</em> pongan en práctica lo aprendido. Ora para que, a través de ellos, llegue el avivamiento a los campus y las comunidades de Europa.</li></ul>
</div>

<div class="wp-block block-core-paragraph">
<p><a href="https://www.youtube.com/playlist?list=PLqWzNW7pU5ENXEnKXH95Scea2-i2xmLcm" target="_blank" rel="noreferrer noopener" aria-label="Escucha las charlas de Revive (opens in a new tab)">Escucha las charlas de Revive</a></p>
</div>

<div class="wp-block block-core-paragraph">
<p><a href="https://fru.ifesworld.org/es/region/europa/">Descubre más</a> acerca de cómo IFES está apoyando la obra con estudiantes y graduados en Europa.</p>
</div>

<div class="wp-block block-core-paragraph">
<p>¡Gracias por orar con nosotros!</p>
</div>

<!-- This site is optimized with the Yoast SEO plugin v22.6 - https://yoast.com/wordpress/plugins/seo/ -->
<title>3000 jóvenes orando por el avivamiento &#183; IFES Prayerline</title>
<meta name="description" content="30 de diciembre del 2019: estudiantes, graduados, obreros y representantes de otros ministerios cristianos estudiantiles juntos y unidos. 3000 voces de 68" />
<meta name="robots" content="noindex, follow, max-snippet:-1, max-image-preview:large, max-video-preview:-1" />
<meta property="og:locale" content="es_ES" />
<meta property="og:type" content="article" />
<meta property="og:title" content="3000 jóvenes orando por el avivamiento &#183; IFES Prayerline" />
<meta property="og:description" content="30 de diciembre del 2019: estudiantes, graduados, obreros y representantes de otros ministerios cristianos estudiantiles juntos y unidos. 3000 voces de 68" />
<meta property="og:url" content="https://ifesworld.org/es/prayerline/3000-jovenes-orando-por-el-avivamiento/" />
<meta property="og:site_name" content="IFES" />
<meta property="article:modified_time" content="2020-02-06T12:53:23+00:00" />
<meta property="og:image" content="https://ifesworld.org/wp-content/uploads/2020/01/200204-PL-Revive-Europe.jpg" />
	<meta property="og:image:width" content="1200" />
	<meta property="og:image:height" content="675" />
	<meta property="og:image:type" content="image/jpeg" />
<meta name="twitter:card" content="summary_large_image" />
<meta name="twitter:label1" content="Tiempo de lectura" />
	<meta name="twitter:data1" content="2 minutos" />
<script type="application/ld+json" class="yoast-schema-graph">{"@context":"https://schema.org","@graph":[{"@type":"WebPage","@id":"https://ifesworld.org/es/prayerline/3000-jovenes-orando-por-el-avivamiento/","url":"https://ifesworld.org/es/prayerline/3000-jovenes-orando-por-el-avivamiento/","name":"3000 jóvenes orando por el avivamiento &#183; IFES Prayerline","isPartOf":{"@id":"https://fru.ifesworld.org/en/#website"},"primaryImageOfPage":{"@id":"https://ifesworld.org/es/prayerline/3000-jovenes-orando-por-el-avivamiento/#primaryimage"},"image":{"@id":"https://ifesworld.org/es/prayerline/3000-jovenes-orando-por-el-avivamiento/#primaryimage"},"thumbnailUrl":"https://fru.ifesworld.org/wp-content/uploads/2020/01/200204-PL-Revive-Europe.jpg","datePublished":"2020-02-04T11:34:50+00:00","dateModified":"2020-02-06T12:53:23+00:00","description":"30 de diciembre del 2019: estudiantes, graduados, obreros y representantes de otros ministerios cristianos estudiantiles juntos y unidos. 3000 voces de 68","breadcrumb":{"@id":"https://ifesworld.org/es/prayerline/3000-jovenes-orando-por-el-avivamiento/#breadcrumb"},"inLanguage":"es","potentialAction":[{"@type":"ReadAction","target":["https://ifesworld.org/es/prayerline/3000-jovenes-orando-por-el-avivamiento/"]}]},{"@type":"ImageObject","inLanguage":"es","@id":"https://ifesworld.org/es/prayerline/3000-jovenes-orando-por-el-avivamiento/#primaryimage","url":"https://fru.ifesworld.org/wp-content/uploads/2020/01/200204-PL-Revive-Europe.jpg","contentUrl":"https://fru.ifesworld.org/wp-content/uploads/2020/01/200204-PL-Revive-Europe.jpg","width":1200,"height":675,"caption":"200204 PL - Revive Europe"},{"@type":"BreadcrumbList","@id":"https://ifesworld.org/es/prayerline/3000-jovenes-orando-por-el-avivamiento/#breadcrumb","itemListElement":[{"@type":"ListItem","position":1,"name":"Home","item":"https://ifesworld.org/es/"},{"@type":"ListItem","position":2,"name":"Prayerline","item":"https://ifesworld.org/en/prayerline/"},{"@type":"ListItem","position":3,"name":"3000 jóvenes orando por el avivamiento"}]},{"@type":"WebSite","@id":"https://fru.ifesworld.org/en/#website","url":"https://fru.ifesworld.org/en/","name":"IFES","description":"A movement of students sharing and living out the good news of Jesus Christ. Locally. Nationally. Globally.","publisher":{"@id":"https://fru.ifesworld.org/en/#organization"},"potentialAction":[{"@type":"SearchAction","target":{"@type":"EntryPoint","urlTemplate":"https://fru.ifesworld.org/en/?s={search_term_string}"},"query-input":"required name=search_term_string"}],"inLanguage":"es"},{"@type":"Organization","@id":"https://fru.ifesworld.org/en/#organization","name":"IFES · International Fellowship of Evangelical Students","url":"https://fru.ifesworld.org/en/","logo":{"@type":"ImageObject","inLanguage":"es","@id":"https://fru.ifesworld.org/en/#/schema/logo/image/","url":"https://fru.ifesworld.org/wp-content/uploads/2019/06/ifeslogo.png","contentUrl":"https://fru.ifesworld.org/wp-content/uploads/2019/06/ifeslogo.png","width":262,"height":262,"caption":"IFES · International Fellowship of Evangelical Students"},"image":{"@id":"https://fru.ifesworld.org/en/#/schema/logo/image/"}}]}</script>
<!-- / Yoast SEO plugin. -->

3000 jóvenes orando por el avivamiento &#183; IFES Prayerline
